-- https://www.phpmyadmin.net/
--

START TRANSACTION;



--
-- Database: `ccis`
--

-- --------------------------------------------------------

--
-- Table structure for table `academic_classes`
--

CREATE TABLE `academic_classes` (
  `id` int(11) NOT NULL,
  `academic_class_name` varchar(191) NOT NULL,
  `created_by` int(11) DEFAULT NULL,
  `updated_by` int(11) DEFAULT NULL,
  `created_at` timestamp NULL DEFAULT NULL,
  `updated_at` timestamp NULL DEFAULT NULL,
  `deleted_at` timestamp NULL DEFAULT NULL
) ENGINE=InnoDB DEFAULT CHARSET=utf8 COLLATE=utf8_general_ci;

--
-- Dumping data for table `academic_classes`
--

INSERT INTO `academic_classes` (`id`, `academic_class_name`, `created_by`, `updated_by`, `created_at`, `updated_at`, `deleted_at`) VALUES
(1, 'Class-7', NULL, NULL, NULL, NULL, NULL),
(2, 'Class-8', NULL, NULL, NULL, NULL, NULL),
(3, 'Class-9', NULL, NULL, NULL, NULL, NULL);

-- --------------------------------------------------------

--
-- Table structure for table `academic_groups`
--

CREATE TABLE `academic_groups` (
  `id` int(11) NOT NULL,
  `academic_group_name` varchar(191) NOT NULL,
  `created_by` int(11) DEFAULT NULL,
  `updated_by` int(11) DEFAULT NULL,
  `created_at` timestamp NULL DEFAULT NULL,
  `updated_at` timestamp NULL DEFAULT NULL,
  `deleted_at` timestamp NULL DEFAULT NULL
) ENGINE=InnoDB DEFAULT CHARSET=utf8 COLLATE=utf8_general_ci;

--
-- Dumping data for table `academic_groups`
--

INSERT INTO `academic_groups` (`id`, `academic_group_name`, `created_by`, `updated_by`, `created_at`, `updated_at`, `deleted_at`) VALUES
(1, 'none', NULL, NULL, NULL, NULL, NULL);

-- --------------------------------------------------------

--
-- Table structure for table `academic_sections`
--

CREATE TABLE `academic_sections` (
  `id` int(11) NOT NULL,
  `academic_section_name` varchar(191) NOT NULL,
  `created_by` int(11) DEFAULT NULL,
  `updated_by` int(11) DEFAULT NULL,
  `created_at` timestamp NULL DEFAULT NULL,
  `updated_at` timestamp NULL DEFAULT NULL,
  `deleted_at` timestamp NULL DEFAULT NULL
) ENGINE=InnoDB DEFAULT CHARSET=utf8 COLLATE=utf8_general_ci;

--
-- Dumping data for table `academic_sections`
--

INSERT INTO `academic_sections` (`id`, `academic_section_name`, `created_by`, `updated_by`, `created_at`, `updated_at`, `deleted_at`) VALUES
(1, 'A', NULL, NULL, NULL, NULL, NULL),
(2, 'B', NULL, NULL, NULL, NULL, NULL),
(3, 'C', NULL, NULL, NULL, NULL, NULL);

-- --------------------------------------------------------

--
-- Table structure for table `achieves`
--

CREATE TABLE `achieves` (
  `id` int(11) NOT NULL,
  `scope_id` int(11) NOT NULL,
  `achieve_date` date NOT NULL,
  `achieve_title` text NOT NULL,
  `achieve_short_name` varchar(64) DEFAULT NULL,
  `achieve_description` text DEFAULT NULL,
  `upload_file` varchar(125) DEFAULT NULL,
  `main_domain` varchar(64) DEFAULT NULL,
  `status_id` int(11) NOT NULL DEFAULT 1,
  `created_by` int(11) DEFAULT NULL,
  `updated_by` int(11) DEFAULT NULL,
  `created_at` timestamp NULL DEFAULT NULL,
  `updated_at` timestamp NULL DEFAULT NULL,
  `deleted_at` timestamp NULL DEFAULT NULL
) ENGINE=InnoDB DEFAULT CHARSET=utf8 COLLATE=utf8_general_ci;

--
-- Dumping data for table `achieves`
--

INSERT INTO `achieves` (`id`, `scope_id`, `achieve_date`, `achieve_title`, `achieve_short_name`, `achieve_description`, `upload_file`, `main_domain`, `status_id`, `created_by`, `updated_by`, `created_at`, `updated_at`, `deleted_at`) VALUES
(1, 1, '2024-01-25', 'dfasdfasd', NULL, '<p>dfasdfasd</p>', '/uploads/1/events/01_cadet_college_srs_ag_s_landing_page_14_12_2023.pdf', 'http://127.0.0.1:8000', 1, 1, 1, '2024-01-15 23:09:20', '2024-01-16 00:06:58', '2024-01-16 00:06:58'),
(2, 13, '2024-01-16', 'dfasd', 'dsfasd', '<p>dfasd</p>', '/uploads/13/events/01_cadet_college_srs_ag_s_landing_page_14_12_2023.pdf', 'http://127.0.0.1:8000', 1, 1, NULL, '2024-01-15 23:37:22', '2024-01-16 00:06:53', '2024-01-16 00:06:53'),
(3, 13, '2024-01-16', 'gdfgsdf', NULL, '<p>fgsdfgsdf</p>', '/uploads/13/events/01_cadet_college_srs_ag_s_landing_page_14_12_2023.pdf', 'http://127.0.0.1:8000', 1, 1, 1, '2024-01-15 23:42:48', '2024-01-16 00:06:47', '2024-01-16 00:06:47'),
(4, 13, '2024-01-16', 'dfasdfasd', NULL, NULL, NULL, 'http://127.0.0.1:8000', 1, 1, NULL, '2024-01-15 23:43:40', '2024-01-16 00:01:30', '2024-01-16 00:01:30'),
(5, 13, '2024-01-16', 'dfafasd', 'dsfsadf', '<p>asdfasdfasd</p>', NULL, 'http://127.0.0.1:8000', 1, 1, NULL, '2024-01-15 23:44:52', '2024-01-16 00:01:25', '2024-01-16 00:01:25'),
(6, 13, '2024-01-16', 'dfsdfasd', 'asdfasd', '<p>asdfasdf</p>', NULL, 'http://127.0.0.1:8000', 1, 1, NULL, '2024-01-15 23:45:42', '2024-01-16 00:01:17', '2024-01-16 00:01:17'),
(7, 13, '2024-01-16', 'dfasdf', 'asdfasd', '<p>dsfasdf</p>', NULL, 'http://127.0.0.1:8000', 1, 1, NULL, '2024-01-15 23:46:54', '2024-01-15 23:50:09', '2024-01-15 23:50:09'),
(8, 13, '2024-01-16', 'fdsfasdfdwersdfasd34', 'asdfasdf', NULL, NULL, 'http://127.0.0.1:8000', 1, 1, 1, '2024-01-15 23:49:26', '2024-01-15 23:49:57', '2024-01-15 23:49:57'),
(9, 13, '2024-01-16', 'fdsfasd', 'dsd', '<p>asdfasd</p>', '/uploads/13/events/01_cadet_college_srs_ag_s_landing_page_14_12_2023_1705385236.pdf', 'http://127.0.0.1:8000', 1, 1, NULL, '2024-01-16 00:07:16', '2024-01-16 01:12:29', '2024-01-16 01:12:29'),
(10, 13, '2024-01-16', 'fdfasd', 'dsfasdfasd', '<p>dfasdfasd</p>', '/uploads/13/events/01_cadet_college_srs_ag_s_landing_page_14_12_2023_1705385275.pdf', 'http://127.0.0.1:8000', 1, 1, NULL, '2024-01-16 00:07:55', '2024-01-16 00:07:55', NULL),
(11, 13, '2024-01-17', 'new photo', 'dfasdf', '<p>adfasdf</p>', '/uploads/13/photos/2bfde1c8_df15_4a98_b681_f3bccf931cf0_1705388957.jpeg', 'http://127.0.0.1:8000', 1, 1, 1, '2024-01-16 01:09:17', '2024-01-16 01:12:46', NULL),
(12, 13, '2024-01-16', 'adfasd', 'dafasd', NULL, '/uploads/13/photos/d2f87966_56d4_4d0d_8f83_43d912e0ef1f_1705390719.jpeg', 'http://127.0.0.1:8000', 1, 1, NULL, '2024-01-16 01:38:39', '2024-01-16 02:56:05', '2024-01-16 02:56:05'),
(13, 13, '2024-01-16', 'dfasdf', 'sdfasd', '<p>dfasdfasd</p>', '/uploads/13/achieves/achievement.jpeg', 'http://127.0.0.1:8000', 1, 1, 1, '2024-01-16 02:55:38', '2024-01-16 02:59:21', NULL);

-- --------------------------------------------------------

--
-- Table structure for table `batchs`
--

CREATE TABLE `batchs` (
  `id` int(11) NOT NULL,
  `batch_name` varchar(25) NOT NULL,
  `batch_description` text DEFAULT NULL,
  `batch_numerical_sl` int(11) DEFAULT NULL,
  `created_by` int(11) DEFAULT NULL,
  `updated_by` int(11) DEFAULT NULL,
  `created_at` timestamp NULL DEFAULT NULL,
  `updated_at` timestamp NULL DEFAULT NULL,
  `deleted_at` timestamp NULL DEFAULT NULL
) ENGINE=InnoDB DEFAULT CHARSET=utf8 COLLATE=utf8_general_ci;

--
-- Dumping data for table `batchs`
--

INSERT INTO `batchs` (`id`, `batch_name`, `batch_description`, `batch_numerical_sl`, `created_by`, `updated_by`, `created_at`, `updated_at`, `deleted_at`) VALUES
(1, '1st batch', NULL, NULL, 1, NULL, '2023-12-11 21:29:30', '2023-12-11 21:29:30', NULL),
(2, '2nd', NULL, NULL, 1, NULL, '2023-12-11 21:32:59', '2023-12-11 21:32:59', NULL);

-- --------------------------------------------------------

--
-- Table structure for table `blood_group_names`
--

CREATE TABLE `blood_group_names` (
  `id` int(11) NOT NULL,
  `blood_group_name` varchar(125) NOT NULL,
  `blood_group_short_name` varchar(64) NOT NULL,
  `created_by` int(11) DEFAULT NULL,
  `updated_by` int(11) DEFAULT NULL,
  `created_at` timestamp NULL DEFAULT NULL,
  `updated_at` timestamp NULL DEFAULT NULL,
  `deleted_at` timestamp NULL DEFAULT NULL
) ENGINE=InnoDB DEFAULT CHARSET=utf8 COLLATE=utf8_general_ci;

--
-- Dumping data for table `blood_group_names`
--

INSERT INTO `blood_group_names` (`id`, `blood_group_name`, `blood_group_short_name`, `created_by`, `updated_by`, `created_at`, `updated_at`, `deleted_at`) VALUES
(1, 'A positive', 'A+', 1, 1, '2023-12-14 01:59:51', '2023-12-16 23:05:55', NULL),
(2, 'A negative', 'A-', 1, 1, '2023-12-14 02:02:38', '2023-12-16 23:06:17', NULL),
(3, 'B positive', 'B+', 1, 1, '2023-12-14 02:02:59', '2023-12-16 23:12:11', NULL),
(4, 'B negative', 'B-', NULL, NULL, NULL, NULL, NULL),
(5, 'AB positive', 'AB+', 1, 1, '2023-12-14 01:59:51', '2023-12-16 23:05:55', NULL),
(6, 'AB negative', 'AB-', 1, 1, '2023-12-14 02:02:38', '2023-12-16 23:06:17', NULL),
(7, 'O positive', 'O+', 1, 1, '2023-12-14 02:02:59', '2023-12-16 23:12:11', NULL),
(8, 'O negative', 'O-', NULL, NULL, NULL, NULL, NULL);

-- --------------------------------------------------------

--
-- Table structure for table `cadet_infos`
--

CREATE TABLE `cadet_infos` (
  `id` int(11) NOT NULL,
  `first_name` varchar(191) NOT NULL,
  `middle_name` varchar(191) DEFAULT NULL,
  `last_name` varchar(191) DEFAULT NULL,
  `academic_class_id` tinyint(4) NOT NULL,
  `academic_section_id` tinyint(4) NOT NULL,
  `academic_group_id` tinyint(4) NOT NULL,
  `created_by` int(11) DEFAULT NULL,
  `updated_by` int(11) DEFAULT NULL,
  `created_at` timestamp NULL DEFAULT NULL,
  `updated_at` timestamp NULL DEFAULT NULL,
  `deleted_at` timestamp NULL DEFAULT NULL
) ENGINE=InnoDB DEFAULT CHARSET=utf8 COLLATE=utf8_general_ci;

--
-- Dumping data for table `cadet_infos`
--

INSERT INTO `cadet_infos` (`id`, `first_name`, `middle_name`, `last_name`, `academic_class_id`, `academic_section_id`, `academic_group_id`, `created_by`, `updated_by`, `created_at`, `updated_at`, `deleted_at`) VALUES
(1, 'Md', NULL, 'Kawsar', 1, 1, 1, NULL, NULL, NULL, NULL, NULL),
(2, 'Md', NULL, 'Rayhan', 1, 2, 1, NULL, NULL, NULL, NULL, NULL),
(3, 'Arif', NULL, 'Khan', 2, 1, 1, NULL, NULL, NULL, NULL, NULL),
(4, 'Alif', 'Hasan', 'Morud', 2, 2, 1, NULL, NULL, NULL, NULL, NULL),
(5, 'Al-Amin', NULL, NULL, 1, 1, 1, NULL, NULL, NULL, NULL, NULL),
(6, 'Maruf', NULL, 'Hasan', 1, 1, 1, NULL, NULL, NULL, NULL, NULL);

-- --------------------------------------------------------

--
-- Table structure for table `classes`
--

CREATE TABLE `classes` (
  `id` int(11) NOT NULL,
  `class_name` varchar(64) NOT NULL,
  `class_description` text DEFAULT NULL,
  `class_short_name` varchar(25) NOT NULL,
  `created_by` int(11) DEFAULT NULL,
  `updated_by` int(11) DEFAULT NULL,
  `created_at` timestamp NULL DEFAULT NULL,
  `updated_at` timestamp NULL DEFAULT NULL,
  `deleted_at` timestamp NULL DEFAULT NULL
) ENGINE=InnoDB DEFAULT CHARSET=utf8 COLLATE=utf8_general_ci;

--
-- Dumping data for table `classes`
--

INSERT INTO `classes` (`id`, `class_name`, `class_description`, `class_short_name`, `created_by`, `updated_by`, `created_at`, `updated_at`, `deleted_at`) VALUES
(1, '1st Class', NULL, '1st', 1, NULL, '2023-12-11 19:42:20', '2023-12-11 19:42:20', NULL),
(2, '2nd Class', NULL, '2nd', 1, NULL, '2023-12-11 19:42:36', '2023-12-11 19:42:36', NULL),
(3, '3rd Class', NULL, '3rd', 1, NULL, '2023-12-11 19:42:50', '2023-12-11 19:42:50', NULL),
(4, '4 rth Class', NULL, '4 rth', 1, NULL, '2023-12-23 23:27:10', '2023-12-23 23:27:10', NULL);

-- --------------------------------------------------------

--
-- Table structure for table `class_wise_collections`
--

CREATE TABLE `class_wise_collections` (
  `id` int(11) NOT NULL,
  `scope_id` int(11) NOT NULL,
  `academic_class_id` int(11) NOT NULL,
  `year` varchar(50) DEFAULT NULL,
  `created_by` int(11) DEFAULT NULL,
  `updated_by` int(11) DEFAULT NULL,
  `created_at` timestamp NULL DEFAULT NULL,
  `updated_at` timestamp NULL DEFAULT NULL,
  `deleted_at` timestamp NULL DEFAULT NULL
) ENGINE=InnoDB DEFAULT CHARSET=utf8 COLLATE=utf8_general_ci;

--
-- Dumping data for table `class_wise_collections`
--

INSERT INTO `class_wise_collections` (`id`, `scope_id`, `academic_class_id`, `year`, `created_by`, `updated_by`, `created_at`, `updated_at`, `deleted_at`) VALUES
(1, 1, 1, '2024', 1, NULL, '2024-01-24 04:28:04', '2024-01-25 05:31:23', '2024-01-25 05:31:23'),
(2, 1, 1, '2024', 1, NULL, '2024-01-25 05:32:53', '2024-01-25 05:32:53', NULL);

-- --------------------------------------------------------

--
-- Table structure for table `class_wise_collection_details`
--

CREATE TABLE `class_wise_collection_details` (
  `id` int(11) NOT NULL,
  `scope_id` int(11) NOT NULL,
  `class_wise_collection_id` int(11) NOT NULL,
  `academic_class_id` int(11) NOT NULL,
  `academic_group_id` int(11) DEFAULT NULL,
  `collection_category_id` tinyint(4) NOT NULL,
  `collection_head_id` int(11) NOT NULL,
  `year` varchar(50) DEFAULT NULL,
  `amount` double(8,3) NOT NULL DEFAULT 0.000,
  `created_by` int(11) DEFAULT NULL,
  `updated_by` int(11) DEFAULT NULL,
  `created_at` timestamp NULL DEFAULT NULL,
  `updated_at` timestamp NULL DEFAULT NULL,
  `deleted_at` timestamp NULL DEFAULT NULL
) ENGINE=InnoDB DEFAULT CHARSET=utf8 COLLATE=utf8_general_ci;

--
-- Dumping data for table `class_wise_collection_details`
--

INSERT INTO `class_wise_collection_details` (`id`, `scope_id`, `class_wise_collection_id`, `academic_class_id`, `academic_group_id`, `collection_category_id`, `collection_head_id`, `year`, `amount`, `created_by`, `updated_by`, `created_at`, `updated_at`, `deleted_at`) VALUES
(1, 1, 1, 1, NULL, 1, 6, '2024', 150.000, 1, NULL, '2024-01-24 04:28:04', '2024-01-25 02:22:31', '2024-01-25 02:22:31'),
(2, 1, 1, 1, NULL, 1, 7, '2024', 150.000, 1, NULL, '2024-01-24 04:28:04', '2024-01-25 02:22:31', '2024-01-25 02:22:31'),
(3, 1, 1, 1, NULL, 2, 1, '2024', 50.000, 1, NULL, '2024-01-24 04:28:04', '2024-01-25 05:00:19', '2024-01-25 05:00:19'),
(4, 1, 1, 1, NULL, 2, 2, '2024', 100.000, 1, NULL, '2024-01-24 04:28:04', '2024-01-25 05:00:19', '2024-01-25 05:00:19'),
(5, 1, 1, 1, NULL, 2, 3, '2024', 150.000, 1, NULL, '2024-01-24 05:12:38', '2024-01-25 05:00:19', '2024-01-25 05:00:19'),
(6, 1, 1, 1, NULL, 2, 4, '2024', 522.000, 1, NULL, '2024-01-24 05:12:38', '2024-01-25 05:00:19', '2024-01-25 05:00:19'),
(7, 1, 1, 1, NULL, 2, 5, '2024', 522.000, 1, NULL, '2024-01-24 05:12:38', '2024-01-25 05:00:19', '2024-01-25 05:00:19'),
(8, 1, 1, 1, NULL, 1, 6, '2024', 150.000, 1, 1, '2024-01-25 02:26:05', '2024-01-25 03:19:41', '2024-01-25 03:19:41'),
(9, 1, 1, 1, NULL, 1, 7, '2024', 150.000, 1, 1, '2024-01-25 02:26:05', '2024-01-25 03:19:41', '2024-01-25 03:19:41'),
(10, 1, 1, 1, NULL, 1, 6, '2024', 200.000, 1, 1, '2024-01-25 04:47:42', '2024-01-25 05:31:23', '2024-01-25 05:31:23'),
(11, 1, 1, 1, NULL, 1, 7, '2024', 150.000, 1, NULL, '2024-01-25 04:47:42', '2024-01-25 05:31:23', '2024-01-25 05:31:23'),
(12, 1, 1, 1, NULL, 2, 1, '2024', 500.000, 1, NULL, '2024-01-25 05:04:49', '2024-01-25 05:31:23', '2024-01-25 05:31:23'),
(13, 1, 1, 1, NULL, 2, 2, '2024', 500.000, 1, NULL, '2024-01-25 05:04:49', '2024-01-25 05:31:23', '2024-01-25 05:31:23'),
(14, 1, 1, 1, NULL, 2, 3, '2024', 500.000, 1, NULL, '2024-01-25 05:04:49', '2024-01-25 05:31:23', '2024-01-25 05:31:23'),
(15, 1, 1, 1, NULL, 2, 4, '2024', 500.000, 1, NULL, '2024-01-25 05:04:49', '2024-01-25 05:31:23', '2024-01-25 05:31:23'),
(16, 1, 1, 1, NULL, 2, 5, '2024', 500.000, 1, NULL, '2024-01-25 05:04:49', '2024-01-25 05:27:21', '2024-01-25 05:27:21'),
(17, 1, 2, 1, NULL, 1, 6, '2024', 150.000, 1, NULL, '2024-01-25 05:32:53', '2024-01-25 05:32:53', NULL),
(18, 1, 2, 1, NULL, 1, 7, '2024', 150.000, 1, NULL, '2024-01-25 05:32:53', '2024-01-25 05:32:53', NULL),
(19, 1, 2, 1, NULL, 2, 1, '2024', 250.000, 1, NULL, '2024-01-25 05:32:53', '2024-01-25 05:32:53', NULL),
(20, 1, 2, 1, NULL, 2, 2, '2024', 250.000, 1, NULL, '2024-01-25 05:32:53', '2024-01-25 05:32:53', NULL),
(21, 1, 2, 1, NULL, 2, 3, '2024', 250.000, 1, NULL, '2024-01-25 05:32:53', '2024-01-25 05:32:53', NULL),
(22, 1, 2, 1, NULL, 2, 4, '2024', 250.000, 1, NULL, '2024-01-25 05:32:53', '2024-01-25 05:32:53', NULL),
(23, 1, 2, 1, NULL, 2, 5, '2024', 250.000, 1, NULL, '2024-01-25 05:32:53', '2024-01-25 05:32:53', NULL);

-- --------------------------------------------------------

--
-- Table structure for table `collection_categories`
--

CREATE TABLE `collection_categories` (
  `id` int(11) NOT NULL,
  `collection_category_name` varchar(191) NOT NULL,
  `status` tinyint(4) NOT NULL,
  `created_by` int(11) DEFAULT NULL,
  `updated_by` int(11) DEFAULT NULL,
  `created_at` timestamp NULL DEFAULT NULL,
  `updated_at` timestamp NULL DEFAULT NULL,
  `deleted_at` timestamp NULL DEFAULT NULL
) ENGINE=InnoDB DEFAULT CHARSET=utf8 COLLATE=utf8_general_ci;

--
-- Dumping data for table `collection_categories`
--

INSERT INTO `collection_categories` (`id`, `collection_category_name`, `status`, `created_by`, `updated_by`, `created_at`, `updated_at`, `deleted_at`) VALUES
(1, 'School Exam', 1, 1, 1, '2024-01-21 04:31:35', '2024-01-21 05:38:19', NULL),
(2, 'Pocket Money', 1, 1, NULL, '2024-01-21 05:04:17', '2024-01-21 05:04:17', NULL);

-- --------------------------------------------------------

--
-- Table structure for table `collection_heads`
--

CREATE TABLE `collection_heads` (
  `id` int(11) NOT NULL,
  `collection_head_name` varchar(191) NOT NULL,
  `collection_category_id` tinyint(4) NOT NULL,
  `created_by` int(11) DEFAULT NULL,
  `updated_by` int(11) DEFAULT NULL,
  `created_at` timestamp NULL DEFAULT NULL,
  `updated_at` timestamp NULL DEFAULT NULL,
  `deleted_at` timestamp NULL DEFAULT NULL
) ENGINE=InnoDB DEFAULT CHARSET=utf8 COLLATE=utf8_general_ci;

--
-- Dumping data for table `collection_heads`
--

INSERT INTO `collection_heads` (`id`, `collection_head_name`, `collection_category_id`, `created_by`, `updated_by`, `created_at`, `updated_at`, `deleted_at`) VALUES
(1, 'August', 2, 1, 1, '2024-01-21 05:41:46', '2024-01-21 05:44:15', NULL),
(2, 'January', 2, 1, NULL, '2024-01-21 23:27:30', '2024-01-21 23:27:30', NULL),
(3, 'February', 2, 1, NULL, '2024-01-21 23:28:40', '2024-01-21 23:28:40', NULL),
(4, 'March', 2, 1, NULL, '2024-01-21 23:29:01', '2024-01-21 23:29:01', NULL),
(5, 'April', 2, 1, NULL, '2024-01-21 23:29:20', '2024-01-21 23:29:20', NULL),
(6, '1st Term Exam Fee', 1, 1, NULL, '2024-01-22 03:01:43', '2024-01-22 03:01:43', NULL),
(7, '2nd Term Exam Fee', 1, 1, NULL, '2024-01-22 03:02:08', '2024-01-22 03:02:08', NULL);

-- --------------------------------------------------------

--
-- Table structure for table `company`
--

CREATE TABLE `company` (
  `id` bigint(20) UNSIGNED NOT NULL,
  `company_name` varchar(64) NOT NULL,
  `project_name` varchar(64) NOT NULL,
  `project_short_name` varchar(64) NOT NULL,
  `company_contact_no` varchar(64) NOT NULL,
  `email_address` varchar(64) NOT NULL,
  `website` varchar(64) NOT NULL,
  `company_address` varchar(125) NOT NULL,
  `company_logo` varchar(125) NOT NULL,
  `next_delivery_date` int(11) DEFAULT NULL,
  `created_by` int(11) DEFAULT NULL,
  `updated_by` int(11) DEFAULT NULL,
  `created_at` timestamp NULL DEFAULT NULL,
  `updated_at` timestamp NULL DEFAULT NULL,
  `deleted_at` timestamp NULL DEFAULT NULL
) ENGINE=InnoDB DEFAULT CHARSET=utf8mb4 COLLATE=utf8mb4_unicode_ci;

--
-- Dumping data for table `company`
--

INSERT INTO `company` (`id`, `company_name`, `project_name`, `project_short_name`, `company_contact_no`, `email_address`, `website`, `company_address`, `company_logo`, `next_delivery_date`, `created_by`, `updated_by`, `created_at`, `updated_at`, `deleted_at`) VALUES
(1, 'Al-Jamiya Fabric & Tailor', 'Fabric & Tailor', 'A J F & T', '01957275396, 01920206714', 'mdtalhabd2018@gmail.com', 'www.aljamiabd.com', '206, South Kotubkhali, Dhaka-1236', '/assets/images/logo/logo.png', 5, 1, 1, '2022-12-07 11:34:57', '2023-10-27 05:17:13', NULL);

-- --------------------------------------------------------

--
-- Table structure for table `contacts`
--

CREATE TABLE `contacts` (
  `id` int(11) NOT NULL,
  `scope_id` int(11) NOT NULL,
  `contact_date` date NOT NULL,
  `contact_email` varchar(191) NOT NULL,
  `contact_phone` varchar(64) NOT NULL,
  `contact_person` varchar(191) DEFAULT NULL,
  `contact_address` text DEFAULT NULL,
  `upload_file` varchar(125) DEFAULT NULL,
  `main_domain` varchar(64) DEFAULT NULL,
  `created_by` int(11) DEFAULT NULL,
  `updated_by` int(11) DEFAULT NULL,
  `created_at` timestamp NULL DEFAULT NULL,
  `updated_at` timestamp NULL DEFAULT NULL,
  `deleted_at` timestamp NULL DEFAULT NULL
) ENGINE=InnoDB DEFAULT CHARSET=utf8 COLLATE=utf8_general_ci;

--
-- Dumping data for table `contacts`
--

INSERT INTO `contacts` (`id`, `scope_id`, `contact_date`, `contact_email`, `contact_phone`, `contact_person`, `contact_address`, `upload_file`, `main_domain`, `created_by`, `updated_by`, `created_at`, `updated_at`, `deleted_at`) VALUES
(1, 13, '2024-01-18', 'kawsar@gmail.com', '01798021438', 'md kawsar', 'Kandania, Fulbaria, Mymensingh', '/uploads/13/contacts/4c45812fda68429fa899b48080daa92f1705562752.jpeg', '127.0.0.1', 1, 1, '2024-01-18 01:05:23', '2024-01-18 01:25:52', NULL);

-- --------------------------------------------------------

--
-- Table structure for table `countries`
--

CREATE TABLE `countries` (
  `id` int(11) NOT NULL,
  `iso` char(2) NOT NULL,
  `name` varchar(80) NOT NULL,
  `nicename` varchar(80) NOT NULL,
  `iso3` char(3) DEFAULT NULL,
  `numcode` smallint(6) DEFAULT NULL,
  `phonecode` int(11) NOT NULL,
  `created_by` int(11) DEFAULT NULL,
  `updated_by` int(11) DEFAULT NULL,
  `created_at` timestamp NULL DEFAULT NULL,
  `updated_at` timestamp NULL DEFAULT NULL,
  `deleted_at` timestamp NULL DEFAULT NULL
) ENGINE=MyISAM DEFAULT CHARSET=latin1 COLLATE=latin1_swedish_ci;

--
-- Dumping data for table `countries`
--

INSERT INTO `countries` (`id`, `iso`, `name`, `nicename`, `iso3`, `numcode`, `phonecode`, `created_by`, `updated_by`, `created_at`, `updated_at`, `deleted_at`) VALUES
(1, 'AF', 'AFGHANISTAN', 'Afghanistan', 'AFG', 4, 93, NULL, NULL, NULL, NULL, NULL),
(2, 'AL', 'ALBANIA', 'Albania', 'ALB', 8, 355, NULL, NULL, NULL, NULL, NULL),
(3, 'DZ', 'ALGERIA', 'Algeria', 'DZA', 12, 213, NULL, NULL, NULL, NULL, NULL),
(4, 'AS', 'AMERICAN SAMOA', 'American Samoa', 'ASM', 16, 1684, NULL, NULL, NULL, NULL, NULL),
(5, 'AD', 'ANDORRA', 'Andorra', 'AND', 20, 376, NULL, NULL, NULL, NULL, NULL),
(6, 'AO', 'ANGOLA', 'Angola', 'AGO', 24, 244, NULL, NULL, NULL, NULL, NULL),
(7, 'AI', 'ANGUILLA', 'Anguilla', 'AIA', 660, 1264, NULL, NULL, NULL, NULL, NULL),
(8, 'AQ', 'ANTARCTICA', 'Antarctica', NULL, NULL, 0, NULL, NULL, NULL, NULL, NULL),
(9, 'AG', 'ANTIGUA AND BARBUDA', 'Antigua and Barbuda', 'ATG', 28, 1268, NULL, NULL, NULL, NULL, NULL),
(10, 'AR', 'ARGENTINA', 'Argentina', 'ARG', 32, 54, NULL, NULL, NULL, NULL, NULL),
(11, 'AM', 'ARMENIA', 'Armenia', 'ARM', 51, 374, NULL, NULL, NULL, NULL, NULL),
(12, 'AW', 'ARUBA', 'Aruba', 'ABW', 533, 297, NULL, NULL, NULL, NULL, NULL),
(13, 'AU', 'AUSTRALIA', 'Australia', 'AUS', 36, 61, NULL, NULL, NULL, NULL, NULL),
(14, 'AT', 'AUSTRIA', 'Austria', 'AUT', 40, 43, NULL, NULL, NULL, NULL, NULL),
(15, 'AZ', 'AZERBAIJAN', 'Azerbaijan', 'AZE', 31, 994, NULL, NULL, NULL, NULL, NULL),
(16, 'BS', 'BAHAMAS', 'Bahamas', 'BHS', 44, 1242, NULL, NULL, NULL, NULL, NULL),
(17, 'BH', 'BAHRAIN', 'Bahrain', 'BHR', 48, 973, NULL, NULL, NULL, NULL, NULL),
(18, 'BD', 'BANGLADESH', 'Bangladesh', 'BGD', 50, 880, NULL, NULL, NULL, NULL, NULL),
(19, 'BB', 'BARBADOS', 'Barbados', 'BRB', 52, 1246, NULL, NULL, NULL, NULL, NULL),
(20, 'BY', 'BELARUS', 'Belarus', 'BLR', 112, 375, NULL, NULL, NULL, NULL, NULL),
(21, 'BE', 'BELGIUM', 'Belgium', 'BEL', 56, 32, NULL, NULL, NULL, NULL, NULL),
(22, 'BZ', 'BELIZE', 'Belize', 'BLZ', 84, 501, NULL, NULL, NULL, NULL, NULL),
(23, 'BJ', 'BENIN', 'Benin', 'BEN', 204, 229, NULL, NULL, NULL, NULL, NULL),
(24, 'BM', 'BERMUDA', 'Bermuda', 'BMU', 60, 1441, NULL, NULL, NULL, NULL, NULL),
(25, 'BT', 'BHUTAN', 'Bhutan', 'BTN', 64, 975, NULL, NULL, NULL, NULL, NULL),
(26, 'BO', 'BOLIVIA', 'Bolivia', 'BOL', 68, 591, NULL, NULL, NULL, NULL, NULL),
(27, 'BA', 'BOSNIA AND HERZEGOVINA', 'Bosnia and Herzegovina', 'BIH', 70, 387, NULL, NULL, NULL, NULL, NULL),
(28, 'BW', 'BOTSWANA', 'Botswana', 'BWA', 72, 267, NULL, NULL, NULL, NULL, NULL),
(29, 'BV', 'BOUVET ISLAND', 'Bouvet Island', NULL, NULL, 0, NULL, NULL, NULL, NULL, NULL),
(30, 'BR', 'BRAZIL', 'Brazil', 'BRA', 76, 55, NULL, NULL, NULL, NULL, NULL),
(31, 'IO', 'BRITISH INDIAN OCEAN TERRITORY', 'British Indian Ocean Territory', NULL, NULL, 246, NULL, NULL, NULL, NULL, NULL),
(32, 'BN', 'BRUNEI DARUSSALAM', 'Brunei Darussalam', 'BRN', 96, 673, NULL, NULL, NULL, NULL, NULL),
(33, 'BG', 'BULGARIA', 'Bulgaria', 'BGR', 100, 359, NULL, NULL, NULL, NULL, NULL),
(34, 'BF', 'BURKINA FASO', 'Burkina Faso', 'BFA', 854, 226, NULL, NULL, NULL, NULL, NULL),
(35, 'BI', 'BURUNDI', 'Burundi', 'BDI', 108, 257, NULL, NULL, NULL, NULL, NULL),
(36, 'KH', 'CAMBODIA', 'Cambodia', 'KHM', 116, 855, NULL, NULL, NULL, NULL, NULL),
(37, 'CM', 'CAMEROON', 'Cameroon', 'CMR', 120, 237, NULL, NULL, NULL, NULL, NULL),
(38, 'CA', 'CANADA', 'Canada', 'CAN', 124, 1, NULL, NULL, NULL, NULL, NULL),
(39, 'CV', 'CAPE VERDE', 'Cape Verde', 'CPV', 132, 238, NULL, NULL, NULL, NULL, NULL),
(40, 'KY', 'CAYMAN ISLANDS', 'Cayman Islands', 'CYM', 136, 1345, NULL, NULL, NULL, NULL, NULL),
(41, 'CF', 'CENTRAL AFRICAN REPUBLIC', 'Central African Republic', 'CAF', 140, 236, NULL, NULL, NULL, NULL, NULL),
(42, 'TD', 'CHAD', 'Chad', 'TCD', 148, 235, NULL, NULL, NULL, NULL, NULL),
(43, 'CL', 'CHILE', 'Chile', 'CHL', 152, 56, NULL, NULL, NULL, NULL, NULL),
(44, 'CN', 'CHINA', 'China', 'CHN', 156, 86, NULL, NULL, NULL, NULL, NULL),
(45, 'CX', 'CHRISTMAS ISLAND', 'Christmas Island', NULL, NULL, 61, NULL, NULL, NULL, NULL, NULL),
(46, 'CC', 'COCOS (KEELING) ISLANDS', 'Cocos (Keeling) Islands', NULL, NULL, 672, NULL, NULL, NULL, NULL, NULL),
(47, 'CO', 'COLOMBIA', 'Colombia', 'COL', 170, 57, NULL, NULL, NULL, NULL, NULL),
(48, 'KM', 'COMOROS', 'Comoros', 'COM', 174, 269, NULL, NULL, NULL, NULL, NULL),
(49, 'CG', 'CONGO', 'Congo', 'COG', 178, 242, NULL, NULL, NULL, NULL, NULL),
(50, 'CD', 'CONGO, THE DEMOCRATIC REPUBLIC OF THE', 'Congo, the Democratic Republic of the', 'COD', 180, 242, NULL, NULL, NULL, NULL, NULL),
(51, 'CK', 'COOK ISLANDS', 'Cook Islands', 'COK', 184, 682, NULL, NULL, NULL, NULL, NULL),
(52, 'CR', 'COSTA RICA', 'Costa Rica', 'CRI', 188, 506, NULL, NULL, NULL, NULL, NULL),
(53, 'CI', 'COTE D\'IVOIRE', 'Cote D\'Ivoire', 'CIV', 384, 225, NULL, NULL, NULL, NULL, NULL),
(54, 'HR', 'CROATIA', 'Croatia', 'HRV', 191, 385, NULL, NULL, NULL, NULL, NULL),
(55, 'CU', 'CUBA', 'Cuba', 'CUB', 192, 53, NULL, NULL, NULL, NULL, NULL),
(56, 'CY', 'CYPRUS', 'Cyprus', 'CYP', 196, 357, NULL, NULL, NULL, NULL, NULL),
(57, 'CZ', 'CZECH REPUBLIC', 'Czech Republic', 'CZE', 203, 420, NULL, NULL, NULL, NULL, NULL),
(58, 'DK', 'DENMARK', 'Denmark', 'DNK', 208, 45, NULL, NULL, NULL, NULL, NULL),
(59, 'DJ', 'DJIBOUTI', 'Djibouti', 'DJI', 262, 253, NULL, NULL, NULL, NULL, NULL),
(60, 'DM', 'DOMINICA', 'Dominica', 'DMA', 212, 1767, NULL, NULL, NULL, NULL, NULL),
(61, 'DO', 'DOMINICAN REPUBLIC', 'Dominican Republic', 'DOM', 214, 1809, NULL, NULL, NULL, NULL, NULL),
(62, 'EC', 'ECUADOR', 'Ecuador', 'ECU', 218, 593, NULL, NULL, NULL, NULL, NULL),
(63, 'EG', 'EGYPT', 'Egypt', 'EGY', 818, 20, NULL, NULL, NULL, NULL, NULL),
(64, 'SV', 'EL SALVADOR', 'El Salvador', 'SLV', 222, 503, NULL, NULL, NULL, NULL, NULL),
(65, 'GQ', 'EQUATORIAL GUINEA', 'Equatorial Guinea', 'GNQ', 226, 240, NULL, NULL, NULL, NULL, NULL),
(66, 'ER', 'ERITREA', 'Eritrea', 'ERI', 232, 291, NULL, NULL, NULL, NULL, NULL),
(67, 'EE', 'ESTONIA', 'Estonia', 'EST', 233, 372, NULL, NULL, NULL, NULL, NULL),
(68, 'ET', 'ETHIOPIA', 'Ethiopia', 'ETH', 231, 251, NULL, NULL, NULL, NULL, NULL),
(69, 'FK', 'FALKLAND ISLANDS (MALVINAS)', 'Falkland Islands (Malvinas)', 'FLK', 238, 500, NULL, NULL, NULL, NULL, NULL),
(70, 'FO', 'FAROE ISLANDS', 'Faroe Islands', 'FRO', 234, 298, NULL, NULL, NULL, NULL, NULL),
(71, 'FJ', 'FIJI', 'Fiji', 'FJI', 242, 679, NULL, NULL, NULL, NULL, NULL),
(72, 'FI', 'FINLAND', 'Finland', 'FIN', 246, 358, NULL, NULL, NULL, NULL, NULL),
(73, 'FR', 'FRANCE', 'France', 'FRA', 250, 33, NULL, NULL, NULL, NULL, NULL),
(74, 'GF', 'FRENCH GUIANA', 'French Guiana', 'GUF', 254, 594, NULL, NULL, NULL, NULL, NULL),
(75, 'PF', 'FRENCH POLYNESIA', 'French Polynesia', 'PYF', 258, 689, NULL, NULL, NULL, NULL, NULL),
(76, 'TF', 'FRENCH SOUTHERN TERRITORIES', 'French Southern Territories', NULL, NULL, 0, NULL, NULL, NULL, NULL, NULL),
(77, 'GA', 'GABON', 'Gabon', 'GAB', 266, 241, NULL, NULL, NULL, NULL, NULL),
(78, 'GM', 'GAMBIA', 'Gambia', 'GMB', 270, 220, NULL, NULL, NULL, NULL, NULL),
(79, 'GE', 'GEORGIA', 'Georgia', 'GEO', 268, 995, NULL, NULL, NULL, NULL, NULL),
(80, 'DE', 'GERMANY', 'Germany', 'DEU', 276, 49, NULL, NULL, NULL, NULL, NULL),
(81, 'GH', 'GHANA', 'Ghana', 'GHA', 288, 233, NULL, NULL, NULL, NULL, NULL),
(82, 'GI', 'GIBRALTAR', 'Gibraltar', 'GIB', 292, 350, NULL, NULL, NULL, NULL, NULL),
(83, 'GR', 'GREECE', 'Greece', 'GRC', 300, 30, NULL, NULL, NULL, NULL, NULL),
(84, 'GL', 'GREENLAND', 'Greenland', 'GRL', 304, 299, NULL, NULL, NULL, NULL, NULL),
(85, 'GD', 'GRENADA', 'Grenada', 'GRD', 308, 1473, NULL, NULL, NULL, NULL, NULL),
(86, 'GP', 'GUADELOUPE', 'Guadeloupe', 'GLP', 312, 590, NULL, NULL, NULL, NULL, NULL),
(87, 'GU', 'GUAM', 'Guam', 'GUM', 316, 1671, NULL, NULL, NULL, NULL, NULL),
(88, 'GT', 'GUATEMALA', 'Guatemala', 'GTM', 320, 502, NULL, NULL, NULL, NULL, NULL),
(89, 'GN', 'GUINEA', 'Guinea', 'GIN', 324, 224, NULL, NULL, NULL, NULL, NULL),
(90, 'GW', 'GUINEA-BISSAU', 'Guinea-Bissau', 'GNB', 624, 245, NULL, NULL, NULL, NULL, NULL),
(91, 'GY', 'GUYANA', 'Guyana', 'GUY', 328, 592, NULL, NULL, NULL, NULL, NULL),
(92, 'HT', 'HAITI', 'Haiti', 'HTI', 332, 509, NULL, NULL, NULL, NULL, NULL),
(93, 'HM', 'HEARD ISLAND AND MCDONALD ISLANDS', 'Heard Island and Mcdonald Islands', NULL, NULL, 0, NULL, NULL, NULL, NULL, NULL),
(94, 'VA', 'HOLY SEE (VATICAN CITY STATE)', 'Holy See (Vatican City State)', 'VAT', 336, 39, NULL, NULL, NULL, NULL, NULL),
(95, 'HN', 'HONDURAS', 'Honduras', 'HND', 340, 504, NULL, NULL, NULL, NULL, NULL),
(96, 'HK', 'HONG KONG', 'Hong Kong', 'HKG', 344, 852, NULL, NULL, NULL, NULL, NULL),
(97, 'HU', 'HUNGARY', 'Hungary', 'HUN', 348, 36, NULL, NULL, NULL, NULL, NULL),
(98, 'IS', 'ICELAND', 'Iceland', 'ISL', 352, 354, NULL, NULL, NULL, NULL, NULL),
(99, 'IN', 'INDIA', 'India', 'IND', 356, 91, NULL, NULL, NULL, NULL, NULL),
(100, 'ID', 'INDONESIA', 'Indonesia', 'IDN', 360, 62, NULL, NULL, NULL, NULL, NULL),
(101, 'IR', 'IRAN, ISLAMIC REPUBLIC OF', 'Iran, Islamic Republic of', 'IRN', 364, 98, NULL, NULL, NULL, NULL, NULL),
(102, 'IQ', 'IRAQ', 'Iraq', 'IRQ', 368, 964, NULL, NULL, NULL, NULL, NULL),
(103, 'IE', 'IRELAND', 'Ireland', 'IRL', 372, 353, NULL, NULL, NULL, NULL, NULL),
(104, 'IL', 'ISRAEL', 'Israel', 'ISR', 376, 972, NULL, NULL, NULL, NULL, NULL),
(105, 'IT', 'ITALY', 'Italy', 'ITA', 380, 39, NULL, NULL, NULL, NULL, NULL),
(106, 'JM', 'JAMAICA', 'Jamaica', 'JAM', 388, 1876, NULL, NULL, NULL, NULL, NULL),
(107, 'JP', 'JAPAN', 'Japan', 'JPN', 392, 81, NULL, NULL, NULL, NULL, NULL),
(108, 'JO', 'JORDAN', 'Jordan', 'JOR', 400, 962, NULL, NULL, NULL, NULL, NULL),
(109, 'KZ', 'KAZAKHSTAN', 'Kazakhstan', 'KAZ', 398, 7, NULL, NULL, NULL, NULL, NULL),
(110, 'KE', 'KENYA', 'Kenya', 'KEN', 404, 254, NULL, NULL, NULL, NULL, NULL),
(111, 'KI', 'KIRIBATI', 'Kiribati', 'KIR', 296, 686, NULL, NULL, NULL, NULL, NULL),
(112, 'KP', 'KOREA, DEMOCRATIC PEOPLE\'S REPUBLIC OF', 'Korea, Democratic People\'s Republic of', 'PRK', 408, 850, NULL, NULL, NULL, NULL, NULL),
(113, 'KR', 'KOREA, REPUBLIC OF', 'Korea, Republic of', 'KOR', 410, 82, NULL, NULL, NULL, NULL, NULL),
(114, 'KW', 'KUWAIT', 'Kuwait', 'KWT', 414, 965, NULL, NULL, NULL, NULL, NULL),
(115, 'KG', 'KYRGYZSTAN', 'Kyrgyzstan', 'KGZ', 417, 996, NULL, NULL, NULL, NULL, NULL),
(116, 'LA', 'LAO PEOPLE\'S DEMOCRATIC REPUBLIC', 'Lao People\'s Democratic Republic', 'LAO', 418, 856, NULL, NULL, NULL, NULL, NULL),
(117, 'LV', 'LATVIA', 'Latvia', 'LVA', 428, 371, NULL, NULL, NULL, NULL, NULL),
(118, 'LB', 'LEBANON', 'Lebanon', 'LBN', 422, 961, NULL, NULL, NULL, NULL, NULL),
(119, 'LS', 'LESOTHO', 'Lesotho', 'LSO', 426, 266, NULL, NULL, NULL, NULL, NULL),
(120, 'LR', 'LIBERIA', 'Liberia', 'LBR', 430, 231, NULL, NULL, NULL, NULL, NULL),
(121, 'LY', 'LIBYAN ARAB JAMAHIRIYA', 'Libyan Arab Jamahiriya', 'LBY', 434, 218, NULL, NULL, NULL, NULL, NULL),
(122, 'LI', 'LIECHTENSTEIN', 'Liechtenstein', 'LIE', 438, 423, NULL, NULL, NULL, NULL, NULL),
(123, 'LT', 'LITHUANIA', 'Lithuania', 'LTU', 440, 370, NULL, NULL, NULL, NULL, NULL),
(124, 'LU', 'LUXEMBOURG', 'Luxembourg', 'LUX', 442, 352, NULL, NULL, NULL, NULL, NULL),
(125, 'MO', 'MACAO', 'Macao', 'MAC', 446, 853, NULL, NULL, NULL, NULL, NULL),
(126, 'MK', 'MACEDONIA, THE FORMER YUGOSLAV REPUBLIC OF', 'Macedonia, the Former Yugoslav Republic of', 'MKD', 807, 389, NULL, NULL, NULL, NULL, NULL),
(127, 'MG', 'MADAGASCAR', 'Madagascar', 'MDG', 450, 261, NULL, NULL, NULL, NULL, NULL),
(128, 'MW', 'MALAWI', 'Malawi', 'MWI', 454, 265, NULL, NULL, NULL, NULL, NULL),
(129, 'MY', 'MALAYSIA', 'Malaysia', 'MYS', 458, 60, NULL, NULL, NULL, NULL, NULL),
(130, 'MV', 'MALDIVES', 'Maldives', 'MDV', 462, 960, NULL, NULL, NULL, NULL, NULL),
(131, 'ML', 'MALI', 'Mali', 'MLI', 466, 223, NULL, NULL, NULL, NULL, NULL),
(132, 'MT', 'MALTA', 'Malta', 'MLT', 470, 356, NULL, NULL, NULL, NULL, NULL),
(133, 'MH', 'MARSHALL ISLANDS', 'Marshall Islands', 'MHL', 584, 692, NULL, NULL, NULL, NULL, NULL),
(134, 'MQ', 'MARTINIQUE', 'Martinique', 'MTQ', 474, 596, NULL, NULL, NULL, NULL, NULL),
(135, 'MR', 'MAURITANIA', 'Mauritania', 'MRT', 478, 222, NULL, NULL, NULL, NULL, NULL),
(136, 'MU', 'MAURITIUS', 'Mauritius', 'MUS', 480, 230, NULL, NULL, NULL, NULL, NULL),
(137, 'YT', 'MAYOTTE', 'Mayotte', NULL, NULL, 269, NULL, NULL, NULL, NULL, NULL),
(138, 'MX', 'MEXICO', 'Mexico', 'MEX', 484, 52, NULL, NULL, NULL, NULL, NULL),
(139, 'FM', 'MICRONESIA, FEDERATED STATES OF', 'Micronesia, Federated States of', 'FSM', 583, 691, NULL, NULL, NULL, NULL, NULL),
(140, 'MD', 'MOLDOVA, REPUBLIC OF', 'Moldova, Republic of', 'MDA', 498, 373, NULL, NULL, NULL, NULL, NULL),
(141, 'MC', 'MONACO', 'Monaco', 'MCO', 492, 377, NULL, NULL, NULL, NULL, NULL),
(142, 'MN', 'MONGOLIA', 'Mongolia', 'MNG', 496, 976, NULL, NULL, NULL, NULL, NULL),
(143, 'MS', 'MONTSERRAT', 'Montserrat', 'MSR', 500, 1664, NULL, NULL, NULL, NULL, NULL),
(144, 'MA', 'MOROCCO', 'Morocco', 'MAR', 504, 212, NULL, NULL, NULL, NULL, NULL),
(145, 'MZ', 'MOZAMBIQUE', 'Mozambique', 'MOZ', 508, 258, NULL, NULL, NULL, NULL, NULL),
(146, 'MM', 'MYANMAR', 'Myanmar', 'MMR', 104, 95, NULL, NULL, NULL, NULL, NULL),
(147, 'NA', 'NAMIBIA', 'Namibia', 'NAM', 516, 264, NULL, NULL, NULL, NULL, NULL),
(148, 'NR', 'NAURU', 'Nauru', 'NRU', 520, 674, NULL, NULL, NULL, NULL, NULL),
(149, 'NP', 'NEPAL', 'Nepal', 'NPL', 524, 977, NULL, NULL, NULL, NULL, NULL),
(150, 'NL', 'NETHERLANDS', 'Netherlands', 'NLD', 528, 31, NULL, NULL, NULL, NULL, NULL),
(151, 'AN', 'NETHERLANDS ANTILLES', 'Netherlands Antilles', 'ANT', 530, 599, NULL, NULL, NULL, NULL, NULL),
(152, 'NC', 'NEW CALEDONIA', 'New Caledonia', 'NCL', 540, 687, NULL, NULL, NULL, NULL, NULL),
(153, 'NZ', 'NEW ZEALAND', 'New Zealand', 'NZL', 554, 64, NULL, NULL, NULL, NULL, NULL),
(154, 'NI', 'NICARAGUA', 'Nicaragua', 'NIC', 558, 505, NULL, NULL, NULL, NULL, NULL),
(155, 'NE', 'NIGER', 'Niger', 'NER', 562, 227, NULL, NULL, NULL, NULL, NULL),
(156, 'NG', 'NIGERIA', 'Nigeria', 'NGA', 566, 234, NULL, NULL, NULL, NULL, NULL),
(157, 'NU', 'NIUE', 'Niue', 'NIU', 570, 683, NULL, NULL, NULL, NULL, NULL),
(158, 'NF', 'NORFOLK ISLAND', 'Norfolk Island', 'NFK', 574, 672, NULL, NULL, NULL, NULL, NULL),
(159, 'MP', 'NORTHERN MARIANA ISLANDS', 'Northern Mariana Islands', 'MNP', 580, 1670, NULL, NULL, NULL, NULL, NULL),
(160, 'NO', 'NORWAY', 'Norway', 'NOR', 578, 47, NULL, NULL, NULL, NULL, NULL),
(161, 'OM', 'OMAN', 'Oman', 'OMN', 512, 968, NULL, NULL, NULL, NULL, NULL),
(162, 'PK', 'PAKISTAN', 'Pakistan', 'PAK', 586, 92, NULL, NULL, NULL, NULL, NULL),
(163, 'PW', 'PALAU', 'Palau', 'PLW', 585, 680, NULL, NULL, NULL, NULL, NULL),
(164, 'PS', 'PALESTINIAN TERRITORY, OCCUPIED', 'Palestinian Territory, Occupied', NULL, NULL, 970, NULL, NULL, NULL, NULL, NULL),
(165, 'PA', 'PANAMA', 'Panama', 'PAN', 591, 507, NULL, NULL, NULL, NULL, NULL),
(166, 'PG', 'PAPUA NEW GUINEA', 'Papua New Guinea', 'PNG', 598, 675, NULL, NULL, NULL, NULL, NULL),
(167, 'PY', 'PARAGUAY', 'Paraguay', 'PRY', 600, 595, NULL, NULL, NULL, NULL, NULL),
(168, 'PE', 'PERU', 'Peru', 'PER', 604, 51, NULL, NULL, NULL, NULL, NULL),
(169, 'PH', 'PHILIPPINES', 'Philippines', 'PHL', 608, 63, NULL, NULL, NULL, NULL, NULL),
(170, 'PN', 'PITCAIRN', 'Pitcairn', 'PCN', 612, 0, NULL, NULL, NULL, NULL, NULL),
(171, 'PL', 'POLAND', 'Poland', 'POL', 616, 48, NULL, NULL, NULL, NULL, NULL),
(172, 'PT', 'PORTUGAL', 'Portugal', 'PRT', 620, 351, NULL, NULL, NULL, NULL, NULL),
(173, 'PR', 'PUERTO RICO', 'Puerto Rico', 'PRI', 630, 1787, NULL, NULL, NULL, NULL, NULL),
(174, 'QA', 'QATAR', 'Qatar', 'QAT', 634, 974, NULL, NULL, NULL, NULL, NULL),
(175, 'RE', 'REUNION', 'Reunion', 'REU', 638, 262, NULL, NULL, NULL, NULL, NULL),
(176, 'RO', 'ROMANIA', 'Romania', 'ROM', 642, 40, NULL, NULL, NULL, NULL, NULL),
(177, 'RU', 'RUSSIAN FEDERATION', 'Russian Federation', 'RUS', 643, 70, NULL, NULL, NULL, NULL, NULL),
(178, 'RW', 'RWANDA', 'Rwanda', 'RWA', 646, 250, NULL, NULL, NULL, NULL, NULL),
(179, 'SH', 'SAINT HELENA', 'Saint Helena', 'SHN', 654, 290, NULL, NULL, NULL, NULL, NULL),
(180, 'KN', 'SAINT KITTS AND NEVIS', 'Saint Kitts and Nevis', 'KNA', 659, 1869, NULL, NULL, NULL, NULL, NULL),
(181, 'LC', 'SAINT LUCIA', 'Saint Lucia', 'LCA', 662, 1758, NULL, NULL, NULL, NULL, NULL),
(182, 'PM', 'SAINT PIERRE AND MIQUELON', 'Saint Pierre and Miquelon', 'SPM', 666, 508, NULL, NULL, NULL, NULL, NULL),
(183, 'VC', 'SAINT VINCENT AND THE GRENADINES', 'Saint Vincent and the Grenadines', 'VCT', 670, 1784, NULL, NULL, NULL, NULL, NULL),
(184, 'WS', 'SAMOA', 'Samoa', 'WSM', 882, 684, NULL, NULL, NULL, NULL, NULL),
(185, 'SM', 'SAN MARINO', 'San Marino', 'SMR', 674, 378, NULL, NULL, NULL, NULL, NULL),
(186, 'ST', 'SAO TOME AND PRINCIPE', 'Sao Tome and Principe', 'STP', 678, 239, NULL, NULL, NULL, NULL, NULL),
(187, 'SA', 'SAUDI ARABIA', 'Saudi Arabia', 'SAU', 682, 966, NULL, NULL, NULL, NULL, NULL),
(188, 'SN', 'SENEGAL', 'Senegal', 'SEN', 686, 221, NULL, NULL, NULL, NULL, NULL),
(189, 'CS', 'SERBIA AND MONTENEGRO', 'Serbia and Montenegro', NULL, NULL, 381, NULL, NULL, NULL, NULL, NULL),
(190, 'SC', 'SEYCHELLES', 'Seychelles', 'SYC', 690, 248, NULL, NULL, NULL, NULL, NULL),
(191, 'SL', 'SIERRA LEONE', 'Sierra Leone', 'SLE', 694, 232, NULL, NULL, NULL, NULL, NULL),
(192, 'SG', 'SINGAPORE', 'Singapore', 'SGP', 702, 65, NULL, NULL, NULL, NULL, NULL),
(193, 'SK', 'SLOVAKIA', 'Slovakia', 'SVK', 703, 421, NULL, NULL, NULL, NULL, NULL),
(194, 'SI', 'SLOVENIA', 'Slovenia', 'SVN', 705, 386, NULL, NULL, NULL, NULL, NULL),
(195, 'SB', 'SOLOMON ISLANDS', 'Solomon Islands', 'SLB', 90, 677, NULL, NULL, NULL, NULL, NULL),
(196, 'SO', 'SOMALIA', 'Somalia', 'SOM', 706, 252, NULL, NULL, NULL, NULL, NULL),
(197, 'ZA', 'SOUTH AFRICA', 'South Africa', 'ZAF', 710, 27, NULL, NULL, NULL, NULL, NULL),
(198, 'GS', 'SOUTH GEORGIA AND THE SOUTH SANDWICH ISLANDS', 'South Georgia and the South Sandwich Islands', NULL, NULL, 0, NULL, NULL, NULL, NULL, NULL),
(199, 'ES', 'SPAIN', 'Spain', 'ESP', 724, 34, NULL, NULL, NULL, NULL, NULL),
(200, 'LK', 'SRI LANKA', 'Sri Lanka', 'LKA', 144, 94, NULL, NULL, NULL, NULL, NULL),
(201, 'SD', 'SUDAN', 'Sudan', 'SDN', 736, 249, NULL, NULL, NULL, NULL, NULL),
(202, 'SR', 'SURINAME', 'Suriname', 'SUR', 740, 597, NULL, NULL, NULL, NULL, NULL),
(203, 'SJ', 'SVALBARD AND JAN MAYEN', 'Svalbard and Jan Mayen', 'SJM', 744, 47, NULL, NULL, NULL, NULL, NULL),
(204, 'SZ', 'SWAZILAND', 'Swaziland', 'SWZ', 748, 268, NULL, NULL, NULL, NULL, NULL),
(205, 'SE', 'SWEDEN', 'Sweden', 'SWE', 752, 46, NULL, NULL, NULL, NULL, NULL),
(206, 'CH', 'SWITZERLAND', 'Switzerland', 'CHE', 756, 41, NULL, NULL, NULL, NULL, NULL),
(207, 'SY', 'SYRIAN ARAB REPUBLIC', 'Syrian Arab Republic', 'SYR', 760, 963, NULL, NULL, NULL, NULL, NULL),
(208, 'TW', 'TAIWAN, PROVINCE OF CHINA', 'Taiwan, Province of China', 'TWN', 158, 886, NULL, NULL, NULL, NULL, NULL),
(209, 'TJ', 'TAJIKISTAN', 'Tajikistan', 'TJK', 762, 992, NULL, NULL, NULL, NULL, NULL),
(210, 'TZ', 'TANZANIA, UNITED REPUBLIC OF', 'Tanzania, United Republic of', 'TZA', 834, 255, NULL, NULL, NULL, NULL, NULL),
(211, 'TH', 'THAILAND', 'Thailand', 'THA', 764, 66, NULL, NULL, NULL, NULL, NULL),
(212, 'TL', 'TIMOR-LESTE', 'Timor-Leste', NULL, NULL, 670, NULL, NULL, NULL, NULL, NULL),
(213, 'TG', 'TOGO', 'Togo', 'TGO', 768, 228, NULL, NULL, NULL, NULL, NULL),
(214, 'TK', 'TOKELAU', 'Tokelau', 'TKL', 772, 690, NULL, NULL, NULL, NULL, NULL),
(215, 'TO', 'TONGA', 'Tonga', 'TON', 776, 676, NULL, NULL, NULL, NULL, NULL),
(216, 'TT', 'TRINIDAD AND TOBAGO', 'Trinidad and Tobago', 'TTO', 780, 1868, NULL, NULL, NULL, NULL, NULL),
(217, 'TN', 'TUNISIA', 'Tunisia', 'TUN', 788, 216, NULL, NULL, NULL, NULL, NULL),
(218, 'TR', 'TURKEY', 'Turkey', 'TUR', 792, 90, NULL, NULL, NULL, NULL, NULL),
(219, 'TM', 'TURKMENISTAN', 'Turkmenistan', 'TKM', 795, 7370, NULL, NULL, NULL, NULL, NULL),
(220, 'TC', 'TURKS AND CAICOS ISLANDS', 'Turks and Caicos Islands', 'TCA', 796, 1649, NULL, NULL, NULL, NULL, NULL),
(221, 'TV', 'TUVALU', 'Tuvalu', 'TUV', 798, 688, NULL, NULL, NULL, NULL, NULL),
(222, 'UG', 'UGANDA', 'Uganda', 'UGA', 800, 256, NULL, NULL, NULL, NULL, NULL),
(223, 'UA', 'UKRAINE', 'Ukraine', 'UKR', 804, 380, NULL, NULL, NULL, NULL, NULL),
(224, 'AE', 'UNITED ARAB EMIRATES', 'United Arab Emirates', 'ARE', 784, 971, NULL, NULL, NULL, NULL, NULL),
(225, 'GB', 'UNITED KINGDOM', 'United Kingdom', 'GBR', 826, 44, NULL, NULL, NULL, NULL, NULL),
(226, 'US', 'UNITED STATES', 'United States', 'USA', 840, 1, NULL, NULL, NULL, NULL, NULL),
(227, 'UM', 'UNITED STATES MINOR OUTLYING ISLANDS', 'United States Minor Outlying Islands', NULL, NULL, 1, NULL, NULL, NULL, NULL, NULL),
(228, 'UY', 'URUGUAY', 'Uruguay', 'URY', 858, 598, NULL, NULL, NULL, NULL, NULL),
(229, 'UZ', 'UZBEKISTAN', 'Uzbekistan', 'UZB', 860, 998, NULL, NULL, NULL, NULL, NULL),
(230, 'VU', 'VANUATU', 'Vanuatu', 'VUT', 548, 678, NULL, NULL, NULL, NULL, NULL),
(231, 'VE', 'VENEZUELA', 'Venezuela', 'VEN', 862, 58, NULL, NULL, NULL, NULL, NULL),
(232, 'VN', 'VIET NAM', 'Viet Nam', 'VNM', 704, 84, NULL, NULL, NULL, NULL, NULL),
(233, 'VG', 'VIRGIN ISLANDS, BRITISH', 'Virgin Islands, British', 'VGB', 92, 1284, NULL, NULL, NULL, NULL, NULL),
(234, 'VI', 'VIRGIN ISLANDS, U.S.', 'Virgin Islands, U.s.', 'VIR', 850, 1340, NULL, NULL, NULL, NULL, NULL),
(235, 'WF', 'WALLIS AND FUTUNA', 'Wallis and Futuna', 'WLF', 876, 681, NULL, NULL, NULL, NULL, NULL),
(236, 'EH', 'WESTERN SAHARA', 'Western Sahara', 'ESH', 732, 212, NULL, NULL, NULL, NULL, NULL),
(237, 'YE', 'YEMEN', 'Yemen', 'YEM', 887, 967, NULL, NULL, NULL, NULL, NULL),
(238, 'ZM', 'ZAMBIA', 'Zambia', 'ZMB', 894, 260, NULL, NULL, NULL, NULL, NULL),
(239, 'ZW', 'ZIMBABWE', 'Zimbabwe', 'ZWE', 716, 263, NULL, NULL, NULL, NULL, NULL);

-- --------------------------------------------------------

--
-- Table structure for table `degree_names`
--

CREATE TABLE `degree_names` (
  `id` int(11) NOT NULL,
  `degree_name` varchar(125) NOT NULL,
  `degree_short_name` varchar(64) NOT NULL,
  `created_by` int(11) DEFAULT NULL,
  `updated_by` int(11) DEFAULT NULL,
  `created_at` timestamp NULL DEFAULT NULL,
  `updated_at` timestamp NULL DEFAULT NULL,
  `deleted_at` timestamp NULL DEFAULT NULL
) ENGINE=InnoDB DEFAULT CHARSET=utf8 COLLATE=utf8_general_ci;

--
-- Dumping data for table `degree_names`
--

INSERT INTO `degree_names` (`id`, `degree_name`, `degree_short_name`, `created_by`, `updated_by`, `created_at`, `updated_at`, `deleted_at`) VALUES
(1, 'Degree Name1', 'Degree 1', 1, 1, '2023-12-14 01:59:51', '2023-12-16 23:50:42', NULL),
(2, 'Degree Name2', 'Degree 2', 1, 1, '2023-12-14 02:02:38', '2023-12-16 23:50:52', NULL),
(3, 'Degree Name3', 'Degree 3', 1, 1, '2023-12-14 02:02:59', '2023-12-16 23:51:04', NULL);

-- --------------------------------------------------------

--
-- Table structure for table `departments`
--

CREATE TABLE `departments` (
  `id` int(11) NOT NULL,
  `department_name` varchar(125) NOT NULL,
  `department_short_name` varchar(10) NOT NULL,
  `department_description` text DEFAULT NULL,
  `created_by` int(11) DEFAULT NULL,
  `updated_by` int(11) DEFAULT NULL,
  `created_at` timestamp NULL DEFAULT NULL,
  `updated_at` timestamp NULL DEFAULT NULL,
  `deleted_at` timestamp NULL DEFAULT NULL
) ENGINE=InnoDB DEFAULT CHARSET=utf8 COLLATE=utf8_general_ci;

--
-- Dumping data for table `departments`
--

INSERT INTO `departments` (`id`, `department_name`, `department_short_name`, `department_description`, `created_by`, `updated_by`, `created_at`, `updated_at`, `deleted_at`) VALUES
(1, 'Engineering', 'Eng', NULL, 1, NULL, '2023-12-11 23:57:40', '2023-12-11 23:57:40', NULL),
(2, 'Record', 'Rec', NULL, 1, NULL, '2023-12-11 23:58:40', '2023-12-11 23:58:40', NULL);

-- --------------------------------------------------------

--
-- Table structure for table `designations`
--

CREATE TABLE `designations` (
  `id` bigint(20) UNSIGNED NOT NULL,
  `class_id` int(11) NOT NULL,
  `designation_for` int(11) NOT NULL,
  `designation_name` varchar(125) NOT NULL,
  `designation_short_name` varchar(32) NOT NULL,
  `designation_description` text DEFAULT NULL,
  `created_by` int(11) NOT NULL,
  `updated_by` int(11) DEFAULT NULL,
  `created_at` timestamp NULL DEFAULT NULL,
  `updated_at` timestamp NULL DEFAULT NULL,
  `deleted_at` timestamp NULL DEFAULT NULL
) ENGINE=InnoDB DEFAULT CHARSET=utf8mb4 COLLATE=utf8mb4_unicode_ci;

--
-- Dumping data for table `designations`
--

INSERT INTO `designations` (`id`, `class_id`, `designation_for`, `designation_name`, `designation_short_name`, `designation_description`, `created_by`, `updated_by`, `created_at`, `updated_at`, `deleted_at`) VALUES
(1, 1, 1, 'CEO', '', 'Description of Assistant Store Keeper', 0, 1, '2023-05-29 19:33:51', '2023-06-06 09:19:39', NULL),
(3, 1, 1, 'Manager', '', 'Description of Store Keeper', 1, NULL, '2023-06-06 09:20:12', '2023-06-06 09:20:12', NULL),
(4, 1, 1, 'Assistant Manager', '', 'Description of Assistant Store Officer', 1, 1, '2023-06-06 09:29:35', '2023-06-06 09:30:22', NULL),
(6, 2, 2, 'test', 'test', 'test', 1, NULL, '2023-12-11 20:32:05', '2023-12-11 20:39:04', '2023-12-11 20:39:04');

-- --------------------------------------------------------

--
-- Table structure for table `designation_fors`
--

CREATE TABLE `designation_fors` (
  `id` bigint(20) UNSIGNED NOT NULL,
  `designation_for` varchar(125) NOT NULL,
  `created_by` int(11) NOT NULL,
  `updated_by` int(11) DEFAULT NULL,
  `created_at` timestamp NULL DEFAULT NULL,
  `updated_at` timestamp NULL DEFAULT NULL,
  `deleted_at` timestamp NULL DEFAULT NULL
) ENGINE=InnoDB DEFAULT CHARSET=utf8mb4 COLLATE=utf8mb4_unicode_ci;

--
-- Dumping data for table `designation_fors`
--

INSERT INTO `designation_fors` (`id`, `designation_for`, `created_by`, `updated_by`, `created_at`, `updated_at`, `deleted_at`) VALUES
(1, 'Civil & Officer', 1, 1, '2023-05-29 19:33:51', '2023-06-06 09:19:39', NULL),
(2, 'Battalion Ansar', 1, NULL, '2023-06-06 09:20:12', '2023-06-06 09:20:12', NULL);

-- --------------------------------------------------------

--
-- Table structure for table `districts`
--

CREATE TABLE `districts` (
  `id` int(11) NOT NULL,
  `division_id` int(11) NOT NULL,
  `district_name` varchar(64) NOT NULL,
  `district_bn_name` varchar(64) NOT NULL,
  `lat` varchar(15) DEFAULT NULL,
  `lon` varchar(15) DEFAULT NULL,
  `url` varchar(50) NOT NULL,
  `created_by` int(11) DEFAULT NULL,
  `updated_by` int(11) DEFAULT NULL,
  `created_at` timestamp NULL DEFAULT NULL,
  `updated_at` timestamp NULL DEFAULT NULL,
  `deleted_at` timestamp NULL DEFAULT NULL
) ENGINE=InnoDB DEFAULT CHARSET=utf8mb4 COLLATE=utf8mb4_general_ci;

--
-- Dumping data for table `districts`
--

INSERT INTO `districts` (`id`, `division_id`, `district_name`, `district_bn_name`, `lat`, `lon`, `url`, `created_by`, `updated_by`, `created_at`, `updated_at`, `deleted_at`) VALUES
(1, 1, 'Comilla', 'কুমিল্লা', '23.4682747', '91.1788135', 'www.comilla.gov.bd', NULL, NULL, NULL, NULL, NULL),
(2, 1, 'Feni', 'ফেনী', '23.023231', '91.3840844', 'www.feni.gov.bd', NULL, NULL, NULL, NULL, NULL),
(3, 1, 'Brahmanbaria', 'ব্রাহ্মণবাড়িয়া', '23.9570904', '91.1119286', 'www.brahmanbaria.gov.bd', NULL, NULL, NULL, NULL, NULL),
(4, 1, 'Rangamati', 'রাঙ্গামাটি', '22.65561018', '92.17541121', 'www.rangamati.gov.bd', NULL, NULL, NULL, NULL, NULL),
(5, 1, 'Noakhali', 'নোয়াখালী', '22.869563', '91.099398', 'www.noakhali.gov.bd', NULL, NULL, NULL, NULL, NULL),
(6, 1, 'Chandpur', 'চাঁদপুর', '23.2332585', '90.6712912', 'www.chandpur.gov.bd', NULL, NULL, NULL, NULL, NULL),
(7, 1, 'Lakshmipur', 'লক্ষ্মীপুর', '22.942477', '90.841184', 'www.lakshmipur.gov.bd', NULL, NULL, NULL, NULL, NULL),
(8, 1, 'Chattogram', 'চট্টগ্রাম', '22.335109', '91.834073', 'www.chittagong.gov.bd', NULL, NULL, NULL, NULL, NULL),
(9, 1, 'Coxsbazar', 'কক্সবাজার', '21.44315751', '91.97381741', 'www.coxsbazar.gov.bd', NULL, NULL, NULL, NULL, NULL),
(10, 1, 'Khagrachhari', 'খাগড়াছড়ি', '23.119285', '91.984663', 'www.khagrachhari.gov.bd', NULL, NULL, NULL, NULL, NULL),
(11, 1, 'Bandarban', 'বান্দরবান', '22.1953275', '92.2183773', 'www.bandarban.gov.bd', NULL, NULL, NULL, NULL, NULL),
(12, 2, 'Sirajganj', 'সিরাজগঞ্জ', '24.4533978', '89.7006815', 'www.sirajganj.gov.bd', NULL, NULL, NULL, NULL, NULL),
(13, 2, 'Pabna', 'পাবনা', '23.998524', '89.233645', 'www.pabna.gov.bd', NULL, NULL, NULL, NULL, NULL),
(14, 2, 'Bogura', 'বগুড়া', '24.8465228', '89.377755', 'www.bogra.gov.bd', NULL, NULL, NULL, NULL, NULL),
(15, 2, 'Rajshahi', 'রাজশাহী', '24.37230298', '88.56307623', 'www.rajshahi.gov.bd', NULL, NULL, NULL, NULL, NULL),
(16, 2, 'Natore', 'নাটোর', '24.420556', '89.000282', 'www.natore.gov.bd', NULL, NULL, NULL, NULL, NULL),
(17, 2, 'Joypurhat', 'জয়পুরহাট', '25.09636876', '89.04004280', 'www.joypurhat.gov.bd', NULL, NULL, NULL, NULL, NULL),
(18, 2, 'Chapainawabganj', 'চাঁপাইনবাবগঞ্জ', '24.5965034', '88.2775122', 'www.chapainawabganj.gov.bd', NULL, NULL, NULL, NULL, NULL),
(19, 2, 'Naogaon', 'নওগাঁ', '24.83256191', '88.92485205', 'www.naogaon.gov.bd', NULL, NULL, NULL, NULL, NULL),
(20, 3, 'Jashore', 'যশোর', '23.16643', '89.2081126', 'www.jessore.gov.bd', NULL, NULL, NULL, NULL, NULL),
(21, 3, 'Satkhira', 'সাতক্ষীরা', '22.7180905', '89.0687033', 'www.satkhira.gov.bd', NULL, NULL, NULL, NULL, NULL),
(22, 3, 'Meherpur', 'মেহেরপুর', '23.762213', '88.631821', 'www.meherpur.gov.bd', NULL, NULL, NULL, NULL, NULL),
(23, 3, 'Narail', 'নড়াইল', '23.172534', '89.512672', 'www.narail.gov.bd', NULL, NULL, NULL, NULL, NULL),
(24, 3, 'Chuadanga', 'চুয়াডাঙ্গা', '23.6401961', '88.841841', 'www.chuadanga.gov.bd', NULL, NULL, NULL, NULL, NULL),
(25, 3, 'Kushtia', 'কুষ্টিয়া', '23.901258', '89.120482', 'www.kushtia.gov.bd', NULL, NULL, NULL, NULL, NULL),
(26, 3, 'Magura', 'মাগুরা', '23.487337', '89.419956', 'www.magura.gov.bd', NULL, NULL, NULL, NULL, NULL),
(27, 3, 'Khulna', 'খুলনা', '22.815774', '89.568679', 'www.khulna.gov.bd', NULL, NULL, NULL, NULL, NULL),
(28, 3, 'Bagerhat', 'বাগেরহাট', '22.651568', '89.785938', 'www.bagerhat.gov.bd', NULL, NULL, NULL, NULL, NULL),
(29, 3, 'Jhenaidah', 'ঝিনাইদহ', '23.5448176', '89.1539213', 'www.jhenaidah.gov.bd', NULL, NULL, NULL, NULL, NULL),
(30, 4, 'Jhalakathi', 'ঝালকাঠি', '22.6422689', '90.2003932', 'www.jhalakathi.gov.bd', NULL, NULL, NULL, NULL, NULL),
(31, 4, 'Patuakhali', 'পটুয়াখালী', '22.3596316', '90.3298712', 'www.patuakhali.gov.bd', NULL, NULL, NULL, NULL, NULL),
(32, 4, 'Pirojpur', 'পিরোজপুর', '22.5781398', '89.9983909', 'www.pirojpur.gov.bd', NULL, NULL, NULL, NULL, NULL),
(33, 4, 'Barisal', 'বরিশাল', '22.7004179', '90.3731568', 'www.barisal.gov.bd', NULL, NULL, NULL, NULL, NULL),
(34, 4, 'Bhola', 'ভোলা', '22.685923', '90.648179', 'www.bhola.gov.bd', NULL, NULL, NULL, NULL, NULL),
(35, 4, 'Barguna', 'বরগুনা', '22.159182', '90.125581', 'www.barguna.gov.bd', NULL, NULL, NULL, NULL, NULL),
(36, 5, 'Sylhet', 'সিলেট', '24.8897956', '91.8697894', 'www.sylhet.gov.bd', NULL, NULL, NULL, NULL, NULL),
(37, 5, 'Moulvibazar', 'মৌলভীবাজার', '24.482934', '91.777417', 'www.moulvibazar.gov.bd', NULL, NULL, NULL, NULL, NULL),
(38, 5, 'Habiganj', 'হবিগঞ্জ', '24.374945', '91.41553', 'www.habiganj.gov.bd', NULL, NULL, NULL, NULL, NULL),
(39, 5, 'Sunamganj', 'সুনামগঞ্জ', '25.0658042', '91.3950115', 'www.sunamganj.gov.bd', NULL, NULL, NULL, NULL, NULL),
(40, 6, 'Narsingdi', 'নরসিংদী', '23.932233', '90.71541', 'www.narsingdi.gov.bd', NULL, NULL, NULL, NULL, NULL),
(41, 6, 'Gazipur', 'গাজীপুর', '24.0022858', '90.4264283', 'www.gazipur.gov.bd', NULL, NULL, NULL, NULL, NULL),
(42, 6, 'Shariatpur', 'শরীয়তপুর', '23.2060195', '90.3477725', 'www.shariatpur.gov.bd', NULL, NULL, NULL, NULL, NULL),
(43, 6, 'Narayanganj', 'নারায়ণগঞ্জ', '23.63366', '90.496482', 'www.narayanganj.gov.bd', NULL, NULL, NULL, NULL, NULL),
(44, 6, 'Tangail', 'টাঙ্গাইল', '24.264145', '89.918029', 'www.tangail.gov.bd', NULL, NULL, NULL, NULL, NULL),
(45, 6, 'Kishoreganj', 'কিশোরগঞ্জ', '24.444937', '90.776575', 'www.kishoreganj.gov.bd', NULL, NULL, NULL, NULL, NULL),
(46, 6, 'Manikganj', 'মানিকগঞ্জ', '23.8602262', '90.0018293', 'www.manikganj.gov.bd', NULL, NULL, NULL, NULL, NULL),
(47, 6, 'Dhaka', 'ঢাকা', '23.7115253', '90.4111451', 'www.dhaka.gov.bd', NULL, NULL, NULL, NULL, NULL),
(48, 6, 'Munshiganj', 'মুন্সিগঞ্জ', '23.5435742', '90.5354327', 'www.munshiganj.gov.bd', NULL, NULL, NULL, NULL, NULL),
(49, 6, 'Rajbari', 'রাজবাড়ী', '23.7574305', '89.6444665', 'www.rajbari.gov.bd', NULL, NULL, NULL, NULL, NULL),
(50, 6, 'Madaripur', 'মাদারীপুর', '23.164102', '90.1896805', 'www.madaripur.gov.bd', NULL, NULL, NULL, NULL, NULL),
(51, 6, 'Gopalganj', 'গোপালগঞ্জ', '23.0050857', '89.8266059', 'www.gopalganj.gov.bd', NULL, NULL, NULL, NULL, NULL),
(52, 6, 'Faridpur', 'ফরিদপুর', '23.6070822', '89.8429406', 'www.faridpur.gov.bd', NULL, NULL, NULL, NULL, NULL),
(53, 7, 'Panchagarh', 'পঞ্চগড়', '26.3411', '88.5541606', 'www.panchagarh.gov.bd', NULL, NULL, NULL, NULL, NULL),
(54, 7, 'Dinajpur', 'দিনাজপুর', '25.6217061', '88.6354504', 'www.dinajpur.gov.bd', NULL, NULL, NULL, NULL, NULL),
(55, 7, 'Lalmonirhat', 'লালমনিরহাট', '25.9165451', '89.4532409', 'www.lalmonirhat.gov.bd', NULL, NULL, NULL, NULL, NULL),
(56, 7, 'Nilphamari', 'নীলফামারী', '25.931794', '88.856006', 'www.nilphamari.gov.bd', NULL, NULL, NULL, NULL, NULL),
(57, 7, 'Gaibandha', 'গাইবান্ধা', '25.328751', '89.528088', 'www.gaibandha.gov.bd', NULL, NULL, NULL, NULL, NULL),
(58, 7, 'Thakurgaon', 'ঠাকুরগাঁও', '26.0336945', '88.4616834', 'www.thakurgaon.gov.bd', NULL, NULL, NULL, NULL, NULL),
(59, 7, 'Rangpur', 'রংপুর', '25.7558096', '89.244462', 'www.rangpur.gov.bd', NULL, NULL, NULL, NULL, NULL),
(60, 7, 'Kurigram', 'কুড়িগ্রাম', '25.805445', '89.636174', 'www.kurigram.gov.bd', NULL, NULL, NULL, NULL, NULL),
(61, 8, 'Sherpur', 'শেরপুর', '25.0204933', '90.0152966', 'www.sherpur.gov.bd', NULL, NULL, NULL, NULL, NULL),
(62, 8, 'Mymensingh', 'ময়মনসিংহ', '24.7465670', '90.4072093', 'www.mymensingh.gov.bd', NULL, NULL, NULL, NULL, NULL),
(63, 8, 'Jamalpur', 'জামালপুর', '24.937533', '89.937775', 'www.jamalpur.gov.bd', NULL, NULL, NULL, NULL, NULL),
(64, 8, 'Netrokona', 'নেত্রকোণা', '24.870955', '90.727887', 'www.netrokona.gov.bd', NULL, NULL, NULL, NULL, NULL);

-- --------------------------------------------------------

--
-- Table structure for table `divisions`
--

CREATE TABLE `divisions` (
  `id` int(11) NOT NULL,
  `division_name` varchar(25) NOT NULL,
  `division_bn_name` varchar(25) NOT NULL,
  `division_short_name` varchar(10) NOT NULL,
  `url` varchar(50) NOT NULL,
  `division_numerical_sl` int(11) NOT NULL,
  `created_by` int(11) DEFAULT NULL,
  `updated_by` int(11) DEFAULT NULL,
  `created_at` timestamp NULL DEFAULT NULL,
  `updated_at` timestamp NULL DEFAULT NULL,
  `deleted_at` timestamp NULL DEFAULT NULL
) ENGINE=InnoDB DEFAULT CHARSET=utf8 COLLATE=utf8_general_ci;

--
-- Dumping data for table `divisions`
--

INSERT INTO `divisions` (`id`, `division_name`, `division_bn_name`, `division_short_name`, `url`, `division_numerical_sl`, `created_by`, `updated_by`, `created_at`, `updated_at`, `deleted_at`) VALUES
(1, 'Chattagram', 'চট্টগ্রাম', 'Ctg', 'www.chittagongdiv.gov.bd', 1, NULL, NULL, NULL, NULL, NULL),
(2, 'Rajshahi', 'রাজশাহী', 'Raj', 'www.rajshahidiv.gov.bd', 2, NULL, NULL, NULL, NULL, NULL),
(3, 'Khulna', 'খুলনা', 'Khu', 'www.khulnadiv.gov.bd', 3, NULL, NULL, NULL, NULL, NULL),
(4, 'Barisal', 'বরিশাল', 'Bar', 'www.barisaldiv.gov.bd', 4, NULL, NULL, NULL, NULL, NULL),
(5, 'Sylhet', 'সিলেট', 'Syl', 'www.sylhetdiv.gov.bd', 5, NULL, NULL, NULL, NULL, NULL),
(6, 'Dhaka', 'ঢাকা', 'Dha', 'www.dhakadiv.gov.bd', 6, NULL, NULL, NULL, NULL, NULL),
(7, 'Rangpur', 'রংপুর', 'Ran', 'www.rangpurdiv.gov.bd', 7, NULL, NULL, NULL, NULL, NULL),
(8, 'Mymensingh', 'ময়মনসিংহ', 'Mym', 'www.mymensinghdiv.gov.bd', 8, NULL, NULL, NULL, NULL, NULL),
(9, '1', '', '2', '', 9, 1, 1, '2023-12-10 09:12:10', '2023-12-10 09:35:39', NULL);

-- --------------------------------------------------------

--
-- Table structure for table `education_names`
--

CREATE TABLE `education_names` (
  `id` int(11) NOT NULL,
  `education_name` varchar(125) NOT NULL,
  `education_short_name` varchar(64) NOT NULL,
  `education_name_description` text DEFAULT NULL,
  `created_by` int(11) DEFAULT NULL,
  `updated_by` int(11) DEFAULT NULL,
  `created_at` timestamp NULL DEFAULT NULL,
  `updated_at` timestamp NULL DEFAULT NULL,
  `deleted_at` timestamp NULL DEFAULT NULL
) ENGINE=InnoDB DEFAULT CHARSET=utf8 COLLATE=utf8_general_ci;

--
-- Dumping data for table `education_names`
--

INSERT INTO `education_names` (`id`, `education_name`, `education_short_name`, `education_name_description`, `created_by`, `updated_by`, `created_at`, `updated_at`, `deleted_at`) VALUES
(1, 'Education Name1', 'Education 1', NULL, 1, 1, '2023-12-14 01:59:51', '2023-12-14 02:45:14', NULL),
(2, 'Education Name2', 'Education 2', NULL, 1, 1, '2023-12-14 02:02:38', '2023-12-14 02:45:26', NULL),
(3, 'Education  Name3', 'Education 3', NULL, 1, 1, '2023-12-14 02:02:59', '2023-12-14 02:45:37', NULL);

-- --------------------------------------------------------

--
-- Table structure for table `employee_address_informations`
--

CREATE TABLE `employee_address_informations` (
  `id` int(10) UNSIGNED NOT NULL,
  `employee_id` int(11) NOT NULL,
  `division_id` int(11) NOT NULL,
  `district_id` int(11) NOT NULL,
  `upazila_id` int(11) NOT NULL,
  `employee_address` varchar(125) NOT NULL,
  `created_by` int(11) NOT NULL,
  `updated_by` int(11) DEFAULT NULL,
  `created_at` timestamp NULL DEFAULT NULL,
  `updated_at` timestamp NULL DEFAULT NULL,
  `deleted_at` timestamp NULL DEFAULT NULL
) ENGINE=InnoDB DEFAULT CHARSET=utf8mb4 COLLATE=utf8mb4_unicode_ci;

--
-- Dumping data for table `employee_address_informations`
--

INSERT INTO `employee_address_informations` (`id`, `employee_id`, `division_id`, `district_id`, `upazila_id`, `employee_address`, `created_by`, `updated_by`, `created_at`, `updated_at`, `deleted_at`) VALUES
(1, 6, 8, 61, 457, 'Bolairchar, jangaldi', 1, NULL, '2024-01-22 06:47:51', '2024-01-22 06:47:51', NULL);

-- --------------------------------------------------------

--
-- Table structure for table `employee_basic_informations`
--

CREATE TABLE `employee_basic_informations` (
  `id` int(10) UNSIGNED NOT NULL,
  `scope_id` int(11) NOT NULL,
  `user_id` int(11) NOT NULL,
  `employee_code` varchar(64) DEFAULT NULL,
  `employee_first_name` varchar(255) NOT NULL,
  `employee_last_name` varchar(225) NOT NULL,
  `employee_surname` varchar(125) DEFAULT NULL,
  `employee_category_id` int(11) NOT NULL,
  `medical_category_id` int(11) NOT NULL,
  `gender` varchar(32) NOT NULL,
  `marital_status` varchar(32) NOT NULL,
  `email_address` varchar(125) NOT NULL,
  `mobile_no` varchar(32) DEFAULT NULL,
  `designation_id` int(11) NOT NULL,
  `department_id` int(11) DEFAULT NULL,
  `date_of_birth` varchar(12) NOT NULL,
  `joining_date` varchar(12) NOT NULL,
  `blood_group_name_id` int(11) NOT NULL,
  `religion_name_id` int(11) DEFAULT NULL,
  `nationality_name_id` int(11) DEFAULT NULL,
  `employee_status_id` int(11) DEFAULT NULL,
  `status_assign_date` varchar(12) DEFAULT NULL,
  `signature_image` varchar(125) DEFAULT NULL,
  `profile_image` varchar(225) DEFAULT NULL,
  `created_by` int(11) NOT NULL,
  `updated_by` int(11) DEFAULT NULL,
  `created_at` timestamp NULL DEFAULT NULL,
  `updated_at` timestamp NULL DEFAULT NULL,
  `deleted_at` timestamp NULL DEFAULT NULL
) ENGINE=InnoDB DEFAULT CHARSET=utf8mb4 COLLATE=utf8mb4_unicode_ci;

--
-- Dumping data for table `employee_basic_informations`
--

INSERT INTO `employee_basic_informations` (`id`, `scope_id`, `user_id`, `employee_code`, `employee_first_name`, `employee_last_name`, `employee_surname`, `employee_category_id`, `medical_category_id`, `gender`, `marital_status`, `email_address`, `mobile_no`, `designation_id`, `department_id`, `date_of_birth`, `joining_date`, `blood_group_name_id`, `religion_name_id`, `nationality_name_id`, `employee_status_id`, `status_assign_date`, `signature_image`, `profile_image`, `created_by`, `updated_by`, `created_at`, `updated_at`, `deleted_at`) VALUES
(1, 0, 2, 'EMP0001', '33', '22', NULL, 0, 0, '', '', 'test@test.com', NULL, 1, 1, '2023-12-01', '2023-12-24', 1, 1212, 2023, 2023, '2023-12-01', NULL, NULL, 1, 1, '2023-12-24 00:33:24', '2023-12-24 04:41:42', NULL),
(2, 0, 3, 'Eos quas expedita c', 'Craig Potter', '0', NULL, 0, 0, '', '', 'boxufatupo@mailinator.com', NULL, 3, 1, '1997-12-25', '1975-05-10', 1, 0, 1979, 1996, '2001-11-02', NULL, NULL, 1, NULL, '2023-12-24 04:48:25', '2023-12-24 04:48:25', NULL),
(3, 0, 4, 'বিএবি ১২০২১৬', 'KAUSER JAHAN', 'কাউসার জাহান', NULL, 0, 0, '', '', 'sitohecafe@mailinator.com', NULL, 4, 2, '2007-05-22', '1974-03-01', 1, 0, 1987, 1975, '1995-02-18', '/uploads/employee/kauser_jahan_signature.jpg', '/uploads/employee/kauser_jahan_profile.jpg', 1, 1, '2023-12-24 04:48:47', '2023-12-27 23:50:15', NULL),
(4, 0, 5, 'EMP0004', '22', '11', NULL, 0, 0, '', '', 'ss@ansar', NULL, 4, 1, '2023-12-01', '2023-12-01', 1, NULL, NULL, NULL, NULL, NULL, NULL, 1, NULL, '2023-12-28 03:50:24', '2023-12-28 03:50:24', NULL),
(5, 0, 6, 'Itaque dolores quia', 'Quamar Baird', 'Axel Logan', NULL, 0, 0, '', '', 'tiwugono@mailinator.com', NULL, 4, 1, '1972-11-22', '2007-03-15', 1, 0, 1986, 2003, '1984-02-14', NULL, NULL, 1, NULL, '2023-12-28 04:53:27', '2023-12-28 04:53:27', NULL),
(6, 1, 7, '44', '11', '22', '33', 1, 2, 'Male', 'Married', '55@55.com', '77', 4, 2, '2024-01-22', '2024-01-22', 7, 1, 1, 2, '2024-01-22', '/uploads/1/employee/avatar_4_1705926215.jpg', '/uploads/1/employee/avatar_3_1705926215.jpg', 1, 1, '2024-01-22 03:39:20', '2024-01-22 06:23:35', NULL);

-- --------------------------------------------------------

--
-- Table structure for table `employee_categories`
--

CREATE TABLE `employee_categories` (
  `id` int(11) NOT NULL,
  `employee_category_name` varchar(125) NOT NULL,
  `category_status_id` tinyint(4) NOT NULL,
  `created_by` int(11) DEFAULT NULL,
  `updated_by` int(11) DEFAULT NULL,
  `created_at` timestamp NULL DEFAULT NULL,
  `updated_at` timestamp NULL DEFAULT NULL,
  `deleted_at` timestamp NULL DEFAULT NULL
) ENGINE=InnoDB DEFAULT CHARSET=utf8 COLLATE=utf8_general_ci;

--
-- Dumping data for table `employee_categories`
--

INSERT INTO `employee_categories` (`id`, `employee_category_name`, `category_status_id`, `created_by`, `updated_by`, `created_at`, `updated_at`, `deleted_at`) VALUES
(1, 'Category 1', 1, 1, 1, '2023-12-14 01:59:51', '2024-01-21 05:22:12', NULL),
(2, 'Category 2', 1, 1, 1, '2023-12-14 02:02:38', '2024-01-21 05:22:01', '2024-01-21 05:22:01');

-- --------------------------------------------------------

--
-- Table structure for table `employee_document_informations`
--

CREATE TABLE `employee_document_informations` (
  `id` int(10) UNSIGNED NOT NULL,
  `employee_id` int(11) NOT NULL,
  `institute_name_id` int(11) NOT NULL,
  `document_name` varchar(64) NOT NULL,
  `document_details` text NOT NULL,
  `document_add_date` date NOT NULL,
  `document_image` varchar(64) NOT NULL,
  `created_by` int(11) NOT NULL,
  `updated_by` int(11) DEFAULT NULL,
  `created_at` timestamp NULL DEFAULT NULL,
  `updated_at` timestamp NULL DEFAULT NULL,
  `deleted_at` timestamp NULL DEFAULT NULL
) ENGINE=InnoDB DEFAULT CHARSET=utf8mb4 COLLATE=utf8mb4_unicode_ci;

--
-- Dumping data for table `employee_document_informations`
--

INSERT INTO `employee_document_informations` (`id`, `employee_id`, `institute_name_id`, `document_name`, `document_details`, `document_add_date`, `document_image`, `created_by`, `updated_by`, `created_at`, `updated_at`, `deleted_at`) VALUES
(1, 3, 5, '70', '45', '0000-00-00', '2022-12-28', 1, 1, '2023-12-31 21:13:41', '2023-12-31 22:39:13', NULL),
(2, 3, 5, '65', '50', '0000-00-00', '2022-12-28', 1, NULL, '2023-12-31 22:21:19', '2023-12-31 22:21:19', NULL),
(3, 3, 5, '70', '45', '0000-00-00', '2022-12-28', 1, NULL, '2023-12-31 22:24:44', '2023-12-31 22:24:44', NULL),
(4, 6, 1, 'Md. XYZ', '2024-01-22', '2024-01-23', 'undefined', 1, NULL, '2024-01-22 06:52:51', '2024-01-23 02:07:10', NULL),
(5, 6, 1, '1', '2', '2024-01-23', 'undefined', 1, NULL, '2024-01-23 02:06:28', '2024-01-23 02:07:10', NULL);

-- --------------------------------------------------------

--
-- Table structure for table `employee_education_informations`
--

CREATE TABLE `employee_education_informations` (
  `id` int(10) UNSIGNED NOT NULL,
  `employee_id` int(11) NOT NULL,
  `institute_name_id` int(11) DEFAULT NULL,
  `education_name_id` int(11) NOT NULL,
  `board_university` varchar(125) NOT NULL,
  `passing_year` int(11) NOT NULL,
  `division_grade_gpa` decimal(10,2) NOT NULL,
  `group_subject` varchar(64) DEFAULT NULL,
  `upload_certificate` varchar(125) DEFAULT NULL,
  `created_by` int(11) NOT NULL,
  `updated_by` int(11) DEFAULT NULL,
  `created_at` timestamp NULL DEFAULT NULL,
  `updated_at` timestamp NULL DEFAULT NULL,
  `deleted_at` timestamp NULL DEFAULT NULL
) ENGINE=InnoDB DEFAULT CHARSET=utf8mb4 COLLATE=utf8mb4_unicode_ci;

--
-- Dumping data for table `employee_education_informations`
--

INSERT INTO `employee_education_informations` (`id`, `employee_id`, `institute_name_id`, `education_name_id`, `board_university`, `passing_year`, `division_grade_gpa`, `group_subject`, `upload_certificate`, `created_by`, `updated_by`, `created_at`, `updated_at`, `deleted_at`) VALUES
(1, 3, 2, 2, 'Dhaka University Engineering & Technology', 2000, 3.20, NULL, NULL, 1, NULL, '2023-12-30 23:35:08', '2023-12-31 06:45:51', NULL),
(2, 3, 1, 3, 'RUET', 2020, 3.50, NULL, NULL, 1, NULL, '2023-12-31 06:45:51', '2023-12-31 06:45:51', NULL),
(3, 6, 2, 1, 'RUET', 2024, 3.50, 'Group', NULL, 1, NULL, '2024-01-23 02:33:16', '2024-01-23 05:39:33', NULL);

-- --------------------------------------------------------

--
-- Table structure for table `employee_family_informations`
--

CREATE TABLE `employee_family_informations` (
  `id` int(10) UNSIGNED NOT NULL,
  `employee_id` int(11) NOT NULL,
  `relation_name_id` int(11) DEFAULT NULL,
  `relative_name` varchar(64) DEFAULT NULL,
  `date_of_birth` varchar(32) DEFAULT NULL,
  `relative_age` varchar(64) DEFAULT NULL,
  `occupation` varchar(32) DEFAULT NULL,
  `occupational_division_id` int(11) DEFAULT NULL,
  `occupational_district_id` int(11) DEFAULT NULL,
  `occupational_upazila_id` int(11) DEFAULT NULL,
  `occupational_address` varchar(125) DEFAULT NULL,
  `present_division_id` int(11) DEFAULT NULL,
  `present_district_id` int(11) DEFAULT NULL,
  `present_upazila_id` int(11) DEFAULT NULL,
  `permanent_division_id` int(11) DEFAULT NULL,
  `permanent_district_id` int(11) DEFAULT NULL,
  `permanent_upazila_id` int(11) DEFAULT NULL,
  `permanent_address` varchar(125) DEFAULT NULL,
  `nid` varchar(32) DEFAULT NULL,
  `family_email_address` varchar(125) DEFAULT NULL,
  `mobile_no_family` varchar(32) DEFAULT NULL,
  `nationality_name_id` int(11) DEFAULT NULL,
  `family_address` varchar(125) DEFAULT NULL,
  `dependancy` enum('Yes','No') DEFAULT NULL,
  `created_by` int(11) NOT NULL,
  `updated_by` int(11) DEFAULT NULL,
  `created_at` timestamp NULL DEFAULT NULL,
  `updated_at` timestamp NULL DEFAULT NULL,
  `deleted_at` timestamp NULL DEFAULT NULL
) ENGINE=InnoDB DEFAULT CHARSET=utf8mb4 COLLATE=utf8mb4_unicode_ci;

--
-- Dumping data for table `employee_family_informations`
--

INSERT INTO `employee_family_informations` (`id`, `employee_id`, `relation_name_id`, `relative_name`, `date_of_birth`, `relative_age`, `occupation`, `occupational_division_id`, `occupational_district_id`, `occupational_upazila_id`, `occupational_address`, `present_division_id`, `present_district_id`, `present_upazila_id`, `permanent_division_id`, `permanent_district_id`, `permanent_upazila_id`, `permanent_address`, `nid`, `family_email_address`, `mobile_no_family`, `nationality_name_id`, `family_address`, `dependancy`, `created_by`, `updated_by`, `created_at`, `updated_at`, `deleted_at`) VALUES
(1, 3, 5, '70', '45', '4', '2022-12-28', 3, 0, 0, '123456789', 0, 0, 0, 1855996632, 1855996632, 1855996632, 'Married', '2017-06-17', 'Bangla,English', 'Male', 0, NULL, NULL, 1, 1, '2023-12-31 21:13:41', '2023-12-31 22:39:13', NULL),
(2, 3, 5, '65', '50', '4', '2022-12-28', 3, 0, 0, 'Quisquam in assumend', 0, 0, 0, 0, 0, 0, 'Others', '1975-02-04', 'Consequatur dolores', 'Others', 0, NULL, NULL, 1, NULL, '2023-12-31 22:21:19', '2023-12-31 22:21:19', NULL),
(3, 3, 5, '70', '45', '4', '2022-12-28', 3, 0, 0, '123456789', 0, 0, 0, 1855996632, 1855996632, 1855996632, 'Married', '2017-07-17', 'Bangla,English', 'Male', 0, NULL, NULL, 1, NULL, '2023-12-31 22:24:44', '2023-12-31 22:24:44', NULL),
(4, 6, 1, 'Md. XYZ', '2024-01-22', NULL, 'NA', 8, 63, 481, 'Basundara Riverview', 2, 18, 155, 1, 11, 98, 'Basundara Riverview', '9593796767', 'ebabulhossain@gmail.com', '01855996632', 1, 'NA', 'Yes', 1, NULL, '2024-01-22 06:52:51', '2024-01-22 06:52:51', NULL),
(5, 6, NULL, NULL, NULL, NULL, NULL, NULL, NULL, NULL, NULL, NULL, NULL, NULL, NULL, NULL, NULL, NULL, NULL, NULL, NULL, NULL, NULL, NULL, 1, NULL, '2024-01-23 01:50:43', '2024-01-23 01:50:43', NULL);

-- --------------------------------------------------------

--
-- Table structure for table `employee_personal_informations`
--

CREATE TABLE `employee_personal_informations` (
  `id` int(10) UNSIGNED NOT NULL,
  `employee_id` int(11) NOT NULL,
  `employee_height` varchar(32) DEFAULT NULL,
  `employee_weight` varchar(32) DEFAULT NULL,
  `employee_age` varchar(32) DEFAULT NULL,
  `blood_group_name_id` int(11) DEFAULT NULL,
  `sign_or_spot` varchar(64) DEFAULT NULL,
  `religion_name_id` int(11) DEFAULT NULL,
  `taking_medical` varchar(32) DEFAULT NULL,
  `nature_of_disablity` varchar(32) DEFAULT NULL,
  `nid` varchar(32) DEFAULT NULL,
  `passport_no` varchar(32) DEFAULT NULL,
  `driving_license_no` varchar(32) DEFAULT NULL,
  `tin_no` varchar(32) DEFAULT NULL,
  `mobile_no_personal` varchar(32) DEFAULT NULL,
  `mobile_no_govt` varchar(32) DEFAULT NULL,
  `mobile_no_urgent` varchar(32) DEFAULT NULL,
  `marital_status` varchar(32) DEFAULT NULL,
  `marriage_date` varchar(32) DEFAULT NULL,
  `language_proficiency` varchar(32) DEFAULT NULL,
  `gender` varchar(32) DEFAULT NULL,
  `facebook` varchar(32) DEFAULT NULL,
  `created_by` int(11) NOT NULL,
  `updated_by` int(11) DEFAULT NULL,
  `created_at` timestamp NULL DEFAULT NULL,
  `updated_at` timestamp NULL DEFAULT NULL,
  `deleted_at` timestamp NULL DEFAULT NULL
) ENGINE=InnoDB DEFAULT CHARSET=utf8mb4 COLLATE=utf8mb4_unicode_ci;

--
-- Dumping data for table `employee_personal_informations`
--

INSERT INTO `employee_personal_informations` (`id`, `employee_id`, `employee_height`, `employee_weight`, `employee_age`, `blood_group_name_id`, `sign_or_spot`, `religion_name_id`, `taking_medical`, `nature_of_disablity`, `nid`, `passport_no`, `driving_license_no`, `tin_no`, `mobile_no_personal`, `mobile_no_govt`, `mobile_no_urgent`, `marital_status`, `marriage_date`, `language_proficiency`, `gender`, `facebook`, `created_by`, `updated_by`, `created_at`, `updated_at`, `deleted_at`) VALUES
(1, 3, '5 feet 10 inch', '70', '45', 4, '2022-12-28', 3, 'NA', 'NA', '123456789', 'NA', 'NA', 'NA', '01855996632', '01855996632', '01855996632', 'Married', '2017-06-17', 'Bangla,English', 'Male', 'NA', 1, 1, '2023-12-31 21:13:41', '2023-12-31 22:39:13', NULL),
(2, 3, '5 feet 10 inch', '65', '50', 4, '2022-12-28', 3, 'Recusandae Facilis', 'Enim dolor nostrud c', 'Quisquam in assumend', 'Non totam atque repu', 'Pariatur Eum dolor', 'Earum quis nulla exc', 'Laboris laborum even', 'Laborum qui ipsam ve', 'Expedita sapiente qu', 'Others', '1975-02-04', 'Consequatur dolores', 'Others', 'Ipsam accusamus vel', 1, NULL, '2023-12-31 22:21:19', '2023-12-31 22:21:19', NULL),
(3, 3, '5 feet 10 inch', '70', '45', 4, '2022-12-28', 3, 'NA', 'NA', '123456789', 'NA', 'NA', 'NA', '01855996632', '01855996632', '01855996632', 'Married', '2017-07-17', 'Bangla,English', 'Male', 'NA', 1, NULL, '2023-12-31 22:24:44', '2023-12-31 22:24:44', NULL);

-- --------------------------------------------------------

--
-- Table structure for table `employee_punishment_categories`
--

CREATE TABLE `employee_punishment_categories` (
  `id` int(11) NOT NULL,
  `employee_punishment_category_name` varchar(125) NOT NULL,
  `employee_punishment_category_description` text DEFAULT NULL,
  `category_status_id` tinyint(4) NOT NULL,
  `created_by` int(11) DEFAULT NULL,
  `updated_by` int(11) DEFAULT NULL,
  `created_at` timestamp NULL DEFAULT NULL,
  `updated_at` timestamp NULL DEFAULT NULL,
  `deleted_at` timestamp NULL DEFAULT NULL
) ENGINE=InnoDB DEFAULT CHARSET=utf8 COLLATE=utf8_general_ci;

--
-- Dumping data for table `employee_punishment_categories`
--

INSERT INTO `employee_punishment_categories` (`id`, `employee_punishment_category_name`, `employee_punishment_category_description`, `category_status_id`, `created_by`, `updated_by`, `created_at`, `updated_at`, `deleted_at`) VALUES
(1, 'Category 1', 'des', 1, 1, 1, '2023-12-14 01:59:51', '2024-01-21 06:39:45', NULL),
(2, 'Category 2', NULL, 1, 1, 1, '2023-12-14 02:02:38', '2024-01-21 05:22:01', '2024-01-21 05:22:01');

-- --------------------------------------------------------

--
-- Table structure for table `employee_training_tour_visit`
--

CREATE TABLE `employee_training_tour_visit` (
  `id` int(10) UNSIGNED NOT NULL,
  `employee_id` int(11) NOT NULL,
  `training_name_id` int(11) NOT NULL,
  `institute_name_id` int(11) NOT NULL,
  `training_type_id` int(11) NOT NULL,
  `country_id` int(11) NOT NULL,
  `date_from` varchar(20) NOT NULL,
  `date_to` varchar(20) NOT NULL,
  `training_description` text DEFAULT NULL,
  `created_by` int(11) NOT NULL,
  `updated_by` int(11) DEFAULT NULL,
  `created_at` timestamp NULL DEFAULT NULL,
  `updated_at` timestamp NULL DEFAULT NULL,
  `deleted_at` timestamp NULL DEFAULT NULL
) ENGINE=InnoDB DEFAULT CHARSET=utf8mb4 COLLATE=utf8mb4_unicode_ci;

--
-- Dumping data for table `employee_training_tour_visit`
--

INSERT INTO `employee_training_tour_visit` (`id`, `employee_id`, `training_name_id`, `institute_name_id`, `training_type_id`, `country_id`, `date_from`, `date_to`, `training_description`, `created_by`, `updated_by`, `created_at`, `updated_at`, `deleted_at`) VALUES
(1, 3, 2, 2, 3, 18, '2023-12-01', '2023-12-31', 'Description', 1, NULL, '2023-12-30 23:35:08', '2023-12-31 02:27:32', NULL),
(2, 6, 2, 2, 3, 223, '2024-01-05', '2024-01-23', 'des1', 1, NULL, '2024-01-23 05:41:19', '2024-01-23 06:20:16', NULL);

-- --------------------------------------------------------

--
-- Table structure for table `events`
--

CREATE TABLE `events` (
  `id` int(11) NOT NULL,
  `scope_id` int(11) NOT NULL,
  `event_date` date NOT NULL,
  `event_title` text NOT NULL,
  `event_short_name` varchar(64) DEFAULT NULL,
  `event_description` text DEFAULT NULL,
  `upload_file` varchar(125) DEFAULT NULL,
  `main_domain` varchar(64) DEFAULT NULL,
  `status_id` int(11) NOT NULL DEFAULT 1,
  `created_by` int(11) DEFAULT NULL,
  `updated_by` int(11) DEFAULT NULL,
  `created_at` timestamp NULL DEFAULT NULL,
  `updated_at` timestamp NULL DEFAULT NULL,
  `deleted_at` timestamp NULL DEFAULT NULL
) ENGINE=InnoDB DEFAULT CHARSET=utf8 COLLATE=utf8_general_ci;

--
-- Dumping data for table `events`
--

INSERT INTO `events` (`id`, `scope_id`, `event_date`, `event_title`, `event_short_name`, `event_description`, `upload_file`, `main_domain`, `status_id`, `created_by`, `updated_by`, `created_at`, `updated_at`, `deleted_at`) VALUES
(1, 1, '2024-01-25', 'dfasdfasd', NULL, '<p>dfasdfasd</p>', '/uploads/1/events/01_cadet_college_srs_ag_s_landing_page_14_12_2023.pdf', 'http://127.0.0.1:8000', 1, 1, 1, '2024-01-15 23:09:20', '2024-01-16 00:06:58', '2024-01-16 00:06:58'),
(2, 13, '2024-01-16', 'dfasd', 'dsfasd', '<p>dfasd</p>', '/uploads/13/events/01_cadet_college_srs_ag_s_landing_page_14_12_2023.pdf', 'http://127.0.0.1:8000', 1, 1, NULL, '2024-01-15 23:37:22', '2024-01-16 00:06:53', '2024-01-16 00:06:53'),
(3, 13, '2024-01-16', 'gdfgsdf', NULL, '<p>fgsdfgsdf</p>', '/uploads/13/events/01_cadet_college_srs_ag_s_landing_page_14_12_2023.pdf', 'http://127.0.0.1:8000', 1, 1, 1, '2024-01-15 23:42:48', '2024-01-16 00:06:47', '2024-01-16 00:06:47'),
(4, 13, '2024-01-16', 'dfasdfasd', NULL, NULL, NULL, 'http://127.0.0.1:8000', 1, 1, NULL, '2024-01-15 23:43:40', '2024-01-16 00:01:30', '2024-01-16 00:01:30'),
(5, 13, '2024-01-16', 'dfafasd', 'dsfsadf', '<p>asdfasdfasd</p>', NULL, 'http://127.0.0.1:8000', 1, 1, NULL, '2024-01-15 23:44:52', '2024-01-16 00:01:25', '2024-01-16 00:01:25'),
(6, 13, '2024-01-16', 'dfsdfasd', 'asdfasd', '<p>asdfasdf</p>', NULL, 'http://127.0.0.1:8000', 1, 1, NULL, '2024-01-15 23:45:42', '2024-01-16 00:01:17', '2024-01-16 00:01:17'),
(7, 13, '2024-01-16', 'dfasdf', 'asdfasd', '<p>dsfasdf</p>', NULL, 'http://127.0.0.1:8000', 1, 1, NULL, '2024-01-15 23:46:54', '2024-01-15 23:50:09', '2024-01-15 23:50:09'),
(8, 13, '2024-01-16', 'fdsfasdfdwersdfasd34', 'asdfasdf', NULL, NULL, 'http://127.0.0.1:8000', 1, 1, 1, '2024-01-15 23:49:26', '2024-01-15 23:49:57', '2024-01-15 23:49:57'),
(9, 13, '2024-01-16', 'fdsfasd', 'dsd', '<p>asdfasd</p>', '/uploads/13/events/01_cadet_college_srs_ag_s_landing_page_14_12_2023_1705385236.pdf', 'http://127.0.0.1:8000', 1, 1, NULL, '2024-01-16 00:07:16', '2024-01-16 00:07:16', NULL),
(10, 13, '2024-01-16', 'Calendar Of Event - 2020', 'Calendar Of Event - 2020', '<p>Calendar Of Event - 2020</p>', '/uploads/13/events/01_cadet_college_srs_ag_s_landing_page_14_12_2023_1705385275.pdf', 'http://127.0.0.1:8000', 1, 1, NULL, '2024-01-16 00:07:55', '2024-01-16 00:07:55', NULL);

-- --------------------------------------------------------

--
-- Table structure for table `ex_cadet_activities`
--

CREATE TABLE `ex_cadet_activities` (
  `id` int(11) NOT NULL,
  `scope_id` int(11) NOT NULL,
  `ex_cadet_activitie_date` date NOT NULL,
  `ex_cadet_activitie_title` text NOT NULL,
  `ex_cadet_activitie_short_name` varchar(64) DEFAULT NULL,
  `ex_cadet_activitie_description` text DEFAULT NULL,
  `upload_file` varchar(125) DEFAULT NULL,
  `main_domain` varchar(64) DEFAULT NULL,
  `created_by` int(11) DEFAULT NULL,
  `updated_by` int(11) DEFAULT NULL,
  `created_at` timestamp NULL DEFAULT NULL,
  `updated_at` timestamp NULL DEFAULT NULL,
  `deleted_at` timestamp NULL DEFAULT NULL
) ENGINE=InnoDB DEFAULT CHARSET=utf8 COLLATE=utf8_general_ci;

--
-- Dumping data for table `ex_cadet_activities`
--

INSERT INTO `ex_cadet_activities` (`id`, `scope_id`, `ex_cadet_activitie_date`, `ex_cadet_activitie_title`, `ex_cadet_activitie_short_name`, `ex_cadet_activitie_description`, `upload_file`, `main_domain`, `created_by`, `updated_by`, `created_at`, `updated_at`, `deleted_at`) VALUES
(1, 1, '2024-01-25', 'dfasdfasd', NULL, '<p>dfasdfasd</p>', '/uploads/1/events/01_cadet_college_srs_ag_s_landing_page_14_12_2023.pdf', '127.0.0.1', 1, 1, '2024-01-15 23:09:20', '2024-01-16 00:06:58', '2024-01-16 00:06:58'),
(2, 13, '2024-01-16', 'dfasd', 'dsfasd', '<p>dfasd</p>', '/uploads/13/events/01_cadet_college_srs_ag_s_landing_page_14_12_2023.pdf', '127.0.0.1', 1, NULL, '2024-01-15 23:37:22', '2024-01-16 00:06:53', '2024-01-16 00:06:53'),
(3, 13, '2024-01-16', 'gdfgsdf', NULL, '<p>fgsdfgsdf</p>', '/uploads/13/events/01_cadet_college_srs_ag_s_landing_page_14_12_2023.pdf', '127.0.0.1', 1, 1, '2024-01-15 23:42:48', '2024-01-16 00:06:47', '2024-01-16 00:06:47'),
(4, 13, '2024-01-16', 'dfasdfasd', NULL, NULL, NULL, '127.0.0.1', 1, NULL, '2024-01-15 23:43:40', '2024-01-16 00:01:30', '2024-01-16 00:01:30'),
(5, 13, '2024-01-16', 'dfafasd', 'dsfsadf', '<p>asdfasdfasd</p>', NULL, '127.0.0.1', 1, NULL, '2024-01-15 23:44:52', '2024-01-16 00:01:25', '2024-01-16 00:01:25'),
(6, 13, '2024-01-16', 'dfsdfasd', 'asdfasd', '<p>asdfasdf</p>', NULL, '127.0.0.1', 1, NULL, '2024-01-15 23:45:42', '2024-01-16 00:01:17', '2024-01-16 00:01:17'),
(7, 13, '2024-01-16', 'dfasdf', 'asdfasd', '<p>dsfasdf</p>', NULL, '127.0.0.1', 1, NULL, '2024-01-15 23:46:54', '2024-01-15 23:50:09', '2024-01-15 23:50:09'),
(8, 13, '2024-01-16', 'fdsfasdfdwersdfasd34', 'asdfasdf', NULL, NULL, '127.0.0.1', 1, 1, '2024-01-15 23:49:26', '2024-01-15 23:49:57', '2024-01-15 23:49:57'),
(9, 13, '2024-01-16', 'fdsfasd', 'dsd', '<p>asdfasd</p>', '/uploads/13/events/01_cadet_college_srs_ag_s_landing_page_14_12_2023_1705385236.pdf', '127.0.0.1', 1, NULL, '2024-01-16 00:07:16', '2024-01-16 01:12:29', '2024-01-16 01:12:29'),
(10, 13, '2024-01-16', 'fdfasd', 'dsfasdfasd', '<p>dfasdfasd</p>', '/uploads/13/events/01_cadet_college_srs_ag_s_landing_page_14_12_2023_1705385275.pdf', '127.0.0.1', 1, NULL, '2024-01-16 00:07:55', '2024-01-16 00:07:55', NULL),
(11, 13, '2024-01-17', 'new photo', 'dfasdf', '<p>adfasdf</p>', '/uploads/13/ex_cadet_activities/01_cadet_college_srs_ag_s_landing_page_14_12_2023_1705398980.pdf', '127.0.0.1', 1, 1, '2024-01-16 01:09:17', '2024-01-16 03:56:20', NULL),
(12, 13, '2024-01-16', 'adfasd', 'dafasd', NULL, '/uploads/13/photos/d2f87966_56d4_4d0d_8f83_43d912e0ef1f_1705390719.jpeg', '127.0.0.1', 1, NULL, '2024-01-16 01:38:39', '2024-01-16 02:56:05', '2024-01-16 02:56:05'),
(13, 13, '2024-01-16', 'dfasdf', 'sdfasd', '<p>dfasdfasd</p>', '/uploads/13/achieves/shorts_mahadev_movie_shooting_in_nellore_atmakur_1705395561.mp4', '127.0.0.1', 1, 1, '2024-01-16 02:55:38', '2024-01-16 03:51:04', '2024-01-16 03:51:04');

-- --------------------------------------------------------

--
-- Table structure for table `institute_names`
--

CREATE TABLE `institute_names` (
  `id` int(11) NOT NULL,
  `institute_name` varchar(125) NOT NULL,
  `institute_short_name` varchar(64) NOT NULL,
  `created_by` int(11) DEFAULT NULL,
  `updated_by` int(11) DEFAULT NULL,
  `created_at` timestamp NULL DEFAULT NULL,
  `updated_at` timestamp NULL DEFAULT NULL,
  `deleted_at` timestamp NULL DEFAULT NULL
) ENGINE=InnoDB DEFAULT CHARSET=utf8 COLLATE=utf8_general_ci;

--
-- Dumping data for table `institute_names`
--

INSERT INTO `institute_names` (`id`, `institute_name`, `institute_short_name`, `created_by`, `updated_by`, `created_at`, `updated_at`, `deleted_at`) VALUES
(1, 'Institute Name1', 'Institute 1', 1, 1, '2023-12-14 01:59:51', '2023-12-16 23:50:42', NULL),
(2, 'Institute Name2', 'Institute 2', 1, 1, '2023-12-14 02:02:38', '2023-12-16 23:50:52', NULL),
(3, 'Institute Name3', 'Institute 3', 1, 1, '2023-12-14 02:02:59', '2023-12-16 23:51:04', NULL);

-- --------------------------------------------------------

--
-- Table structure for table `items`
--

CREATE TABLE `items` (
  `id` bigint(20) UNSIGNED NOT NULL,
  `item_code` varchar(64) NOT NULL,
  `item_name` varchar(164) NOT NULL,
  `unit_price` int(11) NOT NULL,
  `group_id` int(10) UNSIGNED NOT NULL,
  `subgroup_id` int(10) UNSIGNED NOT NULL,
  `unit_id` int(11) NOT NULL,
  `manufacturer_id` int(11) DEFAULT NULL,
  `brand_id` int(11) DEFAULT NULL,
  `model_id` int(11) DEFAULT NULL,
  `purchase_price` decimal(10,2) NOT NULL,
  `cost_price` decimal(10,2) NOT NULL,
  `sale_price` decimal(10,2) NOT NULL,
  `sku` text DEFAULT NULL,
  `branch_id` int(11) NOT NULL,
  `room_id` bigint(20) DEFAULT NULL,
  `rack_id` bigint(20) DEFAULT NULL,
  `shelf_id` bigint(20) DEFAULT NULL,
  `page_location` int(11) DEFAULT NULL,
  `volume_location` varchar(64) DEFAULT NULL,
  `description` text DEFAULT NULL,
  `created_by` int(11) DEFAULT NULL,
  `updated_by` int(11) DEFAULT NULL,
  `created_at` timestamp NULL DEFAULT NULL,
  `updated_at` timestamp NULL DEFAULT NULL,
  `deleted_at` timestamp NULL DEFAULT NULL
) ENGINE=InnoDB DEFAULT CHARSET=utf8mb4 COLLATE=utf8mb4_unicode_ci;

--
-- Dumping data for table `items`
--

INSERT INTO `items` (`id`, `item_code`, `item_name`, `unit_price`, `group_id`, `subgroup_id`, `unit_id`, `manufacturer_id`, `brand_id`, `model_id`, `purchase_price`, `cost_price`, `sale_price`, `sku`, `branch_id`, `room_id`, `rack_id`, `shelf_id`, `page_location`, `volume_location`, `description`, `created_by`, `updated_by`, `created_at`, `updated_at`, `deleted_at`) VALUES
(1, '834', 'Panjabee', 350, 1, 2, 1, 1, 1, 1, 100.00, 100.00, 200.00, 'sku', 1, 1, 1, 1, 450, '1/GA', 'NA', NULL, 1, '2023-05-23 11:09:54', '2023-06-07 09:46:20', NULL),
(2, '857', 'Jubba', 350, 1, 2, 1, 1, 1, 1, 100.00, 100.00, 200.00, 'sku', 1, 2, 4, 2, 140, '1/GA', 'NA', 1, 1, '2023-06-01 20:34:00', '2023-06-07 14:41:19', NULL),
(3, '858', 'Kablee', 350, 1, 2, 1, 1, 1, 1, 100.00, 120.00, 150.00, 'NA', 1, 1, 1, 1, 120, '1/GA', 'NA', 1, 1, '2023-06-06 12:51:29', '2023-06-07 14:41:50', NULL),
(4, '869', 'Salowar', 350, 1, 2, 1, 1, 1, 1, 700.00, 750.00, 780.00, 'NA', 1, 1, 1, 1, 700, '1/GA', 'NA', 1, 1, '2023-06-06 13:09:12', '2023-06-07 14:42:15', NULL),
(6, '', 'P1', 100, 0, 0, 0, NULL, NULL, NULL, 0.00, 0.00, 0.00, NULL, 0, NULL, NULL, NULL, NULL, NULL, 'NA', 1, 1, '2023-10-28 04:53:14', '2023-10-28 05:01:12', NULL);

-- --------------------------------------------------------

--
-- Table structure for table `ltm_translations`
--

CREATE TABLE `ltm_translations` (
  `id` bigint(20) NOT NULL,
  `status` int(11) NOT NULL DEFAULT 0,
  `locale` varchar(255) NOT NULL,
  `group` varchar(255) NOT NULL,
  `key` text NOT NULL,
  `value` text DEFAULT NULL,
  `created_at` timestamp NULL DEFAULT NULL,
  `updated_at` timestamp NULL DEFAULT NULL,
  `deleted_at` timestamp NULL DEFAULT NULL
) ENGINE=InnoDB DEFAULT CHARSET=utf8mb4 COLLATE=utf8mb4_bin;






-- --------------------------------------------------------

--
-- Table structure for table `medical_categories`
--

CREATE TABLE `medical_categories` (
  `id` int(11) NOT NULL,
  `medical_category_name` varchar(125) NOT NULL,
  `category_status_id` tinyint(4) NOT NULL,
  `created_by` int(11) DEFAULT NULL,
  `updated_by` int(11) DEFAULT NULL,
  `created_at` timestamp NULL DEFAULT NULL,
  `updated_at` timestamp NULL DEFAULT NULL,
  `deleted_at` timestamp NULL DEFAULT NULL
) ENGINE=InnoDB DEFAULT CHARSET=utf8 COLLATE=utf8_general_ci;

--
-- Dumping data for table `medical_categories`
--

INSERT INTO `medical_categories` (`id`, `medical_category_name`, `category_status_id`, `created_by`, `updated_by`, `created_at`, `updated_at`, `deleted_at`) VALUES
(1, 'Medical Category 1', 1, 1, 1, '2023-12-14 01:59:51', '2024-01-21 05:22:12', NULL),
(2, 'Medical Category 2', 1, 1, 1, '2023-12-14 02:02:38', '2024-01-21 05:22:01', NULL);

-- --------------------------------------------------------

--
-- Table structure for table `menus`
--

CREATE TABLE `menus` (
  `id` bigint(20) UNSIGNED NOT NULL,
  `order_no` int(11) NOT NULL,
  `parent_id` int(11) DEFAULT NULL,
  `en` varchar(125) NOT NULL,
  `bn` varchar(125) NOT NULL,
  `menu_link` varchar(125) NOT NULL,
  `slug` varchar(125) NOT NULL,
  `menu_icon` varchar(64) DEFAULT NULL,
  `location` enum('Topbar','Sidebar') NOT NULL DEFAULT 'Topbar',
  `status` enum('Active','Inactive') NOT NULL DEFAULT 'Active',
  `created_by` int(11) NOT NULL,
  `updated_by` int(11) DEFAULT NULL,
  `created_at` timestamp NULL DEFAULT NULL,
  `updated_at` timestamp NULL DEFAULT NULL,
  `deleted_at` timestamp NULL DEFAULT NULL
) ENGINE=InnoDB DEFAULT CHARSET=utf8mb4 COLLATE=utf8mb4_unicode_ci;

--
-- Dumping data for table `menus`
--

INSERT INTO `menus` (`id`, `order_no`, `parent_id`, `en`, `bn`, `menu_link`, `slug`, `menu_icon`, `location`, `status`, `created_by`, `updated_by`, `created_at`, `updated_at`, `deleted_at`) VALUES
(2, 1, NULL, 'Global Settings', 'গ্লোবাল সেটিংস', '#', 'global_settings', 'fas fa-cog', 'Topbar', 'Active', 0, 1, '2022-01-01 07:15:46', '2023-12-10 09:44:16', NULL),
(3, 16, NULL, 'Language Management', 'ভাষা ব্যবস্থাপনা', '#', 'language_management', 'fas fa-language', 'Topbar', 'Inactive', 0, NULL, '2022-12-11 10:26:11', '2023-02-19 17:42:00', NULL),
(4, 1, 3, 'A | Language', 'A |  ভাষা', '/admin/language', 'admin_language', 'fas fa-circle', 'Topbar', 'Active', 0, NULL, '2022-12-27 10:14:31', '2023-02-22 19:03:16', NULL),
(5, 1, 2, 'Region-Area Setting', 'রিজিওন এরিয়া সেটিং', '#', 'region_area_setting', 'fas fa-cog', 'Topbar', 'Active', 1, NULL, '2023-12-10 10:57:34', '2023-12-10 10:57:34', NULL),
(6, 1, 5, 'Division', 'ডিভিশন', '/admin/global_settings/region_area_settings/division', 'admin_global_settings_region_area_settings_division', 'fas fa-circle', 'Topbar', 'Active', 1, NULL, '2023-12-10 10:59:25', '2023-12-10 10:59:25', NULL),
(7, 2, 5, 'District', 'থানা', '/admin/global_settings/region_area_settings/district', 'admin_global_settings_region_area_settings_district', 'fas fa-circle', 'Topbar', 'Active', 1, NULL, '2023-12-10 11:01:04', '2023-12-10 11:01:04', NULL),
(8, 3, 5, 'Upazilla', 'উপজিলা', '/admin/global_settings/region_area_settings/upazila', 'admin_global_settings_region_area_settings_upazila', 'fas fa-circle', 'Topbar', 'Active', 1, NULL, '2023-12-10 11:20:46', '2023-12-10 11:20:46', NULL),
(9, 2, 2, 'General Settings', 'জেনারেল সেটিংস', '#', 'general_settings', 'fa fa-cog', 'Topbar', 'Active', 1, NULL, '2023-12-11 00:06:04', '2023-12-11 00:06:04', NULL),
(10, 1, 9, 'Class Setting', 'ক্লাস সেটিংস', '/admin/global_settings/general_settings/class', 'admin_global_settings_general_settings_class', 'fas fa-circle', 'Topbar', 'Active', 1, NULL, '2023-12-11 00:15:14', '2023-12-11 00:15:14', NULL),
(11, 2, 9, 'Designation Setting', 'ডেসিগনেশন সেটিং', '/admin/global_settings/general_settings/designation', 'admin_global_settings_general_settings_designation', 'fa fa-circle', 'Topbar', 'Active', 1, NULL, '2023-12-11 00:17:31', '2023-12-11 00:17:31', NULL),
(12, 3, 9, 'BCS Batch Setting', 'বিসিএস ব্যাচ সেটিং', '/admin/global_settings/general_settings/batch', 'admin_global_settings_general_settings_batch', 'fas fa-circle', 'Topbar', 'Active', 1, NULL, '2023-12-11 00:20:31', '2023-12-11 00:20:31', NULL),
(13, 4, 9, 'Department Setting', 'ডিপার্টমেন্ট সেটিং', '/admin/global_settings/general_settings/department', 'admin_global_settings_general_settings_department', 'fas fa-circle', 'Topbar', 'Active', 1, NULL, '2023-12-11 00:23:51', '2023-12-11 00:23:51', NULL),
(14, 3, 2, 'Office Type Setting', 'অফিস টাইপ সেটিং', '#', 'office_type_setting', 'fa fa-cog', 'Topbar', 'Active', 1, NULL, '2023-12-12 00:15:14', '2023-12-12 00:15:14', NULL),
(15, 1, 14, 'Office Type', 'অফিস টাইপ', '/admin/global_settings/office_type_settings/office_type', 'admin_global_settings_office_type_settings_office_type', 'fas fa-circle', 'Topbar', 'Active', 1, NULL, '2023-12-12 00:17:15', '2023-12-12 00:17:15', NULL),
(16, 4, 2, 'Office Address Settings', 'অফিস এড্ড্রেস সেটিং', '#', 'office_address_settings', 'fa fa-cog', 'Topbar', 'Active', 1, NULL, '2023-12-12 02:54:22', '2023-12-12 02:54:22', NULL),
(17, 1, 16, 'Head Office', 'হেড অফিস', '/admin/global_settings/office_address_settings/head_office', 'admin_global_settings_office_address_settings_head_office', 'fas fa-circle', 'Topbar', 'Active', 1, NULL, '2023-12-12 02:59:30', '2023-12-12 02:59:30', NULL),
(18, 2, 16, 'AGB Office', 'এজিবি অফিস', '/admin/global_settings/office_address_settings/agb_office', 'admin_global_settings_office_address_settings_agb_office', 'fas fa-circle', 'Topbar', 'Active', 1, NULL, '2023-12-12 03:00:55', '2023-12-12 03:00:55', NULL),
(19, 3, 16, 'VTC Office', 'ভিটিসি অফিস', '/admin/global_settings/office_address_settings/vtc_office', 'admin_global_settings_office_address_settings_vtc_office', 'fas fa-circle', 'Topbar', 'Active', 1, NULL, '2023-12-12 03:02:17', '2023-12-12 03:02:17', NULL),
(20, 4, 16, 'Academic Office', 'একাডেমিক অফিস', '/admin/global_settings/office_address_settings/academic_office', 'admin_global_settings_office_address_settings_academic_office', 'fas fa-circle', 'Topbar', 'Active', 1, NULL, '2023-12-12 03:03:41', '2023-12-12 03:03:41', NULL),
(21, 5, 16, 'Range Office', 'রেঞ্জ অফিস', '/admin/global_settings/office_address_settings/range_office', 'admin_global_settings_office_address_settings_range_office', 'fas fa-circle', 'Topbar', 'Active', 1, NULL, '2023-12-12 03:04:46', '2023-12-12 03:04:46', NULL),
(22, 6, 16, 'Zone Office', 'জোন অফিস', '/admin/global_settings/office_address_settings/zone_office', 'admin_global_settings_office_address_settings_zone_office', 'fas fa-circle', 'Topbar', 'Active', 1, NULL, '2023-12-12 03:06:04', '2023-12-12 03:06:04', NULL),
(23, 7, 16, 'Battalion Office', 'ব্যাটেলিয়ন অফিস', '/admin/global_settings/office_address_settings/battalion_office', 'admin_global_settings_office_address_settings_battalion_office', 'fas fa-circle', 'Topbar', 'Active', 1, NULL, '2023-12-12 03:07:34', '2023-12-12 03:07:34', NULL),
(24, 8, 16, 'District Office', 'ডিস্ট্রিক্ট অফিস', '/admin/global_settings/office_address_settings/district_office', 'admin_global_settings_office_address_settings_district_office', 'fas fa-circle', 'Topbar', 'Active', 1, NULL, '2023-12-12 03:09:13', '2023-12-12 03:09:13', NULL),
(25, 9, 16, 'Upazilla Office', 'উপজিলা অফিস', '/admin/global_settings/office_address_settings/district_office', 'admin_global_settings_office_address_settings_district_office', 'fas fa-circle', 'Topbar', 'Active', 1, NULL, '2023-12-12 03:10:18', '2023-12-12 03:10:18', NULL),
(26, 1, NULL, 'Dashboard', 'ড্যাশবোর্ড', '/admin/dashboard', 'admin_dashboard', 'ri-dashboard-line', 'Sidebar', 'Active', 1, NULL, '2023-12-13 14:33:12', '2023-12-13 14:33:12', NULL),
(27, 5, NULL, 'HR Management', 'এইচ আর ম্যানেজমেন্ট', '#', 'hr_management', 'ri-send-plane-fill', 'Sidebar', 'Active', 1, 1, '2023-12-13 14:39:59', '2024-01-21 06:57:18', NULL),
(28, 1, 27, 'HR Settings', 'এইচ আর সেটিংস', '#', 'hr_settings', 'fas fa-cog', 'Sidebar', 'Active', 1, 1, '2023-12-13 14:45:05', '2024-01-21 03:23:12', NULL),
(29, 2, 27, 'Personal Information', 'পার্সোনাল ইনফরমেশন', '#', 'personal_information', 'fas fa-users', 'Sidebar', 'Active', 1, NULL, '2023-12-13 14:50:40', '2023-12-13 14:50:40', NULL),
(30, 3, 27, 'Staff Reports', 'স্টাফ রিপোর্টস', '#', 'staff_reports', 'fas fa-chart-bar', 'Sidebar', 'Active', 1, NULL, '2023-12-13 14:51:32', '2023-12-13 14:51:32', NULL),
(31, 1, 28, 'Training Name', 'ট্রেনিং নাম', '/admin/staff_information/personal_settings/training_name', 'admin_staff_information_personal_settings_training_name', 'fas fa-circle', 'Sidebar', 'Inactive', 1, 1, '2023-12-13 15:47:04', '2023-12-13 16:00:00', NULL),
(32, 2, 28, 'Institute Name', 'ইনস্টিটিউট নাম', '/admin/staff_information/personal_settings/institute_name', 'admin_staff_information_personal_settings_institute_name', 'fas fa-circle', 'Sidebar', 'Inactive', 1, NULL, '2023-12-14 02:14:57', '2023-12-14 02:14:57', NULL),
(33, 3, 28, 'Education Name', 'এডুকেশন নাম', '/admin/staff_information/personal_settings/education_name', 'admin_staff_information_personal_settings_education_name', 'fas fa-circle', 'Sidebar', 'Inactive', 1, NULL, '2023-12-14 02:40:32', '2023-12-14 02:40:32', NULL),
(34, 4, 28, 'Blood Group', 'ব্লাড গ্রুপ', '/admin/staff_information/personal_settings/blood_group_name', 'admin_staff_information_personal_settings_blood_group_name', 'fas fa-circle', 'Sidebar', 'Active', 1, NULL, '2023-12-16 22:58:00', '2023-12-16 22:58:00', NULL),
(35, 5, 28, 'Religion', 'রিলিজিওন', '/admin/staff_information/personal_settings/religion_name', 'admin_staff_information_personal_settings_religion_name', 'fas fa-circle', 'Sidebar', 'Active', 1, NULL, '2023-12-16 23:24:19', '2023-12-16 23:24:19', NULL),
(36, 6, 28, 'Relation', 'রিলেশন', '/admin/staff_information/personal_settings/relation_name', 'admin_staff_information_personal_settings_relation_name', 'fas fa-circle', 'Sidebar', 'Inactive', 1, NULL, '2023-12-16 23:44:31', '2023-12-16 23:44:31', NULL),
(37, 1, 29, 'New Employee', 'নিউ এমপ্লয়ী', '/admin/hr_management/personal_information/employee/create', 'admin_hr_management_personal_information_employee_create', 'fas fa-circle', 'Sidebar', 'Active', 1, 1, '2023-12-17 00:13:51', '2024-01-21 06:42:09', NULL),
(38, 2, 29, 'Employee List', 'এমপ্লয়ী লিস্ট', '/admin/hr_management/personal_information/employee', 'admin_hr_management_personal_information_employee', 'fas fa-circle', 'Sidebar', 'Active', 1, 1, '2023-12-17 00:15:18', '2024-01-21 06:42:19', NULL),
(39, 2, NULL, 'Master Reports', 'মাস্টার রিপোর্টস', '#', 'master_reports', 'fas fa-chart-bar', 'Topbar', 'Active', 1, NULL, '2023-12-19 09:58:46', '2023-12-19 09:58:46', NULL),
(40, 3, NULL, 'Users', 'ব্যবহারকারী', '#', 'users', 'fas fa-users', 'Topbar', 'Active', 1, NULL, '2023-12-19 10:00:28', '2023-12-19 10:00:28', NULL),
(41, 1, 40, 'Roles', 'রোলস', '#', 'roles', 'fas fa-user', 'Topbar', 'Active', 1, 1, '2023-12-19 10:04:25', '2023-12-19 10:10:30', NULL),
(42, 2, 40, 'Users Management', 'ব্যবহারকারী ব্যবস্থাপনা', '#', 'users_management', 'fas fa-users', 'Topbar', 'Active', 1, 1, '2023-12-19 10:05:35', '2023-12-19 10:15:14', NULL),
(44, 1, 41, 'New Roles', 'নতুন রোলস', '/admin/user_management/roles/create', 'admin_user_management_roles_create', 'fas fa-circle', 'Topbar', 'Active', 1, NULL, '2023-12-19 10:12:20', '2023-12-19 10:12:20', NULL),
(45, 2, 41, 'Roles List', 'রোলস  তালিকা', '/admin/user_management/roles', 'admin_user_management_roles', 'fas fa-circle', 'Topbar', 'Active', 1, NULL, '2023-12-19 10:13:18', '2023-12-19 10:13:18', NULL),
(46, 1, 42, 'New User', 'নতুন ব্যবহারকারী', '/admin/user_management/users/create', 'admin_user_management_users_create', 'fas fa-circle', 'Topbar', 'Active', 1, NULL, '2023-12-19 10:17:10', '2023-12-19 10:17:10', NULL),
(47, 2, 42, 'Users List', 'ব্যবহারকারী তালিকা', '/admin/user_management/users', 'admin_user_management_users', 'fas fa-circle', 'Topbar', 'Active', 1, NULL, '2023-12-19 10:18:09', '2023-12-19 10:18:09', NULL),
(48, 6, NULL, 'Website/Landing Page', '-', '#', 'website_landing_page', 'fas fa-globe', 'Sidebar', 'Active', 1, NULL, '2024-01-14 02:42:56', '2024-01-14 02:42:56', NULL),
(49, 1, 48, 'Notice Management', 'নোটিশ ম্যানেজমেন্ট', '#', 'notice_management', 'fas fa-bell', 'Sidebar', 'Active', 1, 1, '2024-01-14 02:47:07', '2024-01-14 02:49:46', NULL),
(50, 1, 49, 'New Notice', 'নিউ নোটিশ', '/admin/website/notice_management/notice/create', 'admin_website_notice_management_notice_create', 'fas fa-circle', 'Sidebar', 'Active', 1, NULL, '2024-01-14 02:51:18', '2024-01-14 02:51:18', NULL),
(51, 2, 49, 'Notice List', 'নোটিশ লিস্ট', '/admin/website/notice_management/notice', 'admin_website_notice_management_notice', 'fas fa-circle', 'Sidebar', 'Active', 1, NULL, '2024-01-14 02:52:39', '2024-01-14 02:52:39', NULL),
(52, 2, 48, 'News Management', 'নিউস ম্যানেজমেন্ট', '#', 'news_management', 'fas fa-newspaper', 'Sidebar', 'Active', 1, NULL, '2024-01-15 03:36:00', '2024-01-15 03:36:00', NULL),
(53, 1, 52, 'New News', 'নিউ নিউস', '/admin/website/news_management/news/create', 'admin_website_news_management_news_create', 'fas fa-circle', 'Sidebar', 'Active', 1, NULL, '2024-01-15 03:39:19', '2024-01-15 03:39:19', NULL),
(54, 2, 52, 'News List', 'নিউস লিস্ট', '/admin/website/news_management/news', 'admin_website_news_management_news', 'fas fa-circle', 'Sidebar', 'Active', 1, NULL, '2024-01-15 03:44:06', '2024-01-15 03:44:06', NULL),
(55, 3, 48, 'Event Management', 'ইভেন্ট ম্যানেজমেন্ট', '#', 'event_management', 'fas fa-sitemap', 'Sidebar', 'Active', 1, NULL, '2024-01-15 05:55:25', '2024-01-15 05:55:25', NULL),
(56, 1, 55, 'New Event', 'নিউ ইভেন্ট', '/admin/website/event_management/event/create', 'admin_website_event_management_event_create', 'fas fa-circle', 'Sidebar', 'Active', 1, 1, '2024-01-15 05:56:43', '2024-01-15 06:31:21', NULL),
(57, 2, 55, 'Event List', 'ইভেন্ট লিস্ট', '/admin/website/event_management/event', 'admin_website_event_management_event', 'fas fa-circle', 'Sidebar', 'Active', 1, 1, '2024-01-15 05:58:05', '2024-01-15 06:31:33', NULL),
(58, 4, 48, 'Photo Management', 'ফটো ম্যানেজমেন্ট', '#', 'photo_management', 'fas fa-images', 'Sidebar', 'Active', 1, NULL, '2024-01-16 00:37:25', '2024-01-16 00:37:25', NULL),
(59, 1, 58, 'New Photo', 'নিউ ফটো', '/admin/website/photo_management/photo/create', 'admin_website_photo_management_photo_create', 'fas fa-circle', 'Sidebar', 'Active', 1, 1, '2024-01-16 00:39:59', '2024-01-16 01:00:22', NULL),
(60, 2, 58, 'Photo List', 'ফটো লিস্ট', '/admin/website/photo_management/photo', 'admin_website_photo_management_photo', 'fas fa-circle', 'Sidebar', 'Active', 1, 1, '2024-01-16 00:42:47', '2024-01-16 01:00:30', NULL),
(61, 6, 48, 'Achievement Management', 'অ্যাচিভমেন্ট ম্যানেজমেন্ট', '#', 'achievement_management', 'fas fa-trophy', 'Sidebar', 'Active', 1, 1, '2024-01-16 02:20:33', '2024-01-16 02:29:58', NULL),
(62, 1, 61, 'New Achievement', 'নিউ অ্যাচিভমেন্ট', '/admin/website/achieve_management/achieve/create', 'admin_website_achieve_management_achieve_create', 'fas fa-circle', 'Sidebar', 'Active', 1, NULL, '2024-01-16 02:22:43', '2024-01-16 02:22:43', NULL),
(63, 2, 61, 'Achievement List', 'অ্যাচিভমেন্ট লিস্ট', '/admin/website/achieve_management/achieve', 'admin_website_achieve_management_achieve', 'fas fa-circle', 'Sidebar', 'Active', 1, NULL, '2024-01-16 02:24:02', '2024-01-16 02:24:02', NULL),
(64, 7, 48, 'Ex-Cadet Activities Management', 'এক্স-ক্যাডেট একটিভিটিস ম্যানেজমেন্ট', '#', 'ex_cadet_activities_management', 'fas fa-snowboarding', 'Sidebar', 'Active', 1, 1, '2024-01-16 03:10:07', '2024-01-17 22:47:24', NULL),
(65, 1, 64, 'New Ex-Cadet Activities', 'নিউ এক্স-ক্যাডেট একটিভিটিস', '/admin/website/ex_cadet_activities_management/ex_cadet_activitie/create', 'admin_website_ex_cadet_activities_management_ex_cadet_activitie_create', 'fas fa-circle', 'Sidebar', 'Active', 1, 1, '2024-01-16 03:13:36', '2024-01-16 03:47:29', NULL),
(66, 2, 64, 'Ex-Cadet Activities List', 'এক্স-ক্যাডেট একটিভিটিস লিস্ট', '/admin/website/ex_cadet_activities_management/ex_cadet_activitie', 'admin_website_ex_cadet_activities_management_ex_cadet_activitie', 'fas fa-circle', 'Sidebar', 'Active', 1, 1, '2024-01-16 03:15:11', '2024-01-16 03:47:35', NULL),
(67, 8, 48, 'Slider Management', 'স্লাইডার ম্যানেজমেন্ট', '#', 'slider_management', 'fas fa-sliders-h', 'Sidebar', 'Active', 1, 1, '2024-01-16 04:06:11', '2024-01-16 04:17:30', NULL),
(68, 1, 67, 'New Slider', 'নিউ স্লাইডার', '/admin/website/slider_management/slider/create', 'admin_website_slider_management_slider_create', 'fas fa-circle', 'Sidebar', 'Active', 1, NULL, '2024-01-16 04:15:02', '2024-01-16 04:15:02', NULL),
(69, 2, 67, 'Slider List', 'স্লাইডার লিস্ট', '/admin/website/slider_management/slider', 'admin_website_slider_management_slider', 'fas fa-circle', 'Sidebar', 'Active', 1, NULL, '2024-01-16 04:15:53', '2024-01-16 04:15:53', NULL),
(70, 5, 48, 'Video Management', 'ভিডিও ম্যানেজমেন্ট', '#', 'video_management', 'fas fa-video', 'Sidebar', 'Active', 1, NULL, '2024-01-16 04:58:23', '2024-01-16 04:58:23', NULL),
(71, 1, 70, 'New Video', 'নিউ ভিডিও', '/admin/website/video_management/video/create', 'admin_website_video_management_video_create', 'fas fa-circle', 'Sidebar', 'Active', 1, NULL, '2024-01-16 04:59:43', '2024-01-16 04:59:43', NULL),
(72, 2, 70, 'Video List', 'ভিডিও লিস্ট', '/admin/website/video_management/video', 'admin_website_video_management_video', 'fas fa-circle', 'Sidebar', 'Active', 1, NULL, '2024-01-16 05:00:28', '2024-01-16 05:00:28', NULL),
(73, 11, 48, 'Chairman Message Management', 'চেয়ারম্যান মেসেজ ম্যানেজমেন্ট', '#', 'chairman_message_management', 'fas fa-envelope', 'Sidebar', 'Active', 1, NULL, '2024-01-17 22:57:32', '2024-01-17 22:57:32', NULL),
(74, 1, 73, 'New Message', 'নিউ মেসেজ', '/admin/website/message_management/message/create', 'admin_website_message_management_message_create', 'fas fa-circle', 'Sidebar', 'Active', 1, NULL, '2024-01-17 22:58:54', '2024-01-17 22:58:54', NULL),
(75, 2, 73, 'Message List', 'মেসেজ লিস্ট', '/admin/website/message_management/message', 'admin_website_message_management_message', 'fas fa-circle', 'Sidebar', 'Active', 1, NULL, '2024-01-17 23:00:07', '2024-01-17 23:00:07', NULL),
(76, 9, 48, 'Contact Management', 'কন্টাক্ট ম্যানেজমেন্ট', '#', 'contact_management', 'fas fa-id-card-alt', 'Sidebar', 'Active', 1, NULL, '2024-01-18 00:26:30', '2024-01-18 00:26:30', NULL),
(77, 1, 76, 'New Contact', 'নিউ কন্টাক্ট', '/admin/website/contact_management/contact/create', 'admin_website_contact_management_contact_create', 'fas fa-plus-square', 'Sidebar', 'Active', 1, NULL, '2024-01-18 00:28:30', '2024-01-18 00:28:30', NULL),
(78, 2, 76, 'Contact List', 'কন্টাক্ট লিস্ট', '/admin/website/contact_management/contact', 'admin_website_contact_management_contact', 'fas fa-th-list', 'Sidebar', 'Active', 1, NULL, '2024-01-18 00:29:51', '2024-01-18 00:29:51', NULL),
(79, 7, 28, 'Employee Category', 'এমপ্লয়ী ক্যাটাগরি', '/admin/hr_management/hr_settings/employee_category', 'admin_hr_management_hr_settings_employee_category', 'fas fa-circle', 'Sidebar', 'Active', 1, 1, '2024-01-21 03:51:56', '2024-01-21 04:06:45', NULL),
(80, 8, 28, 'Punishment Category', 'পানিশমেন্ট ক্যাটাগরি', '/admin/hr_management/hr_settings/employee_punishment_category', 'admin_hr_management_hr_settings_employee_punishment_category', 'fas fa-circle', 'Sidebar', 'Active', 1, NULL, '2024-01-21 06:24:39', '2024-01-21 06:24:39', NULL),
(81, 7, NULL, 'Accounts Management', 'একাউন্টস ম্যানেজমেন্ট', '#', 'accounts_management', 'fas fa-wallet', 'Sidebar', 'Active', 1, NULL, '2024-01-20 21:19:57', '2024-01-20 21:19:57', NULL),
(82, 1, 81, 'Collection Setup', 'কালেকশন সেটআপ', '#', 'collection_setup', 'fas fa-hand-holding-usd', 'Sidebar', 'Active', 1, NULL, '2024-01-20 21:21:15', '2024-01-20 21:21:15', NULL),
(83, 1, 82, 'Category Manage', 'ক্যাটাগরি ম্যানেজ', '/admin/account_management/collection_setup/collection_category', 'admin_account_management_collection_setup_collection_category', 'fas fa-list', 'Sidebar', 'Active', 1, 1, '2024-01-20 21:24:07', '2024-01-20 22:27:18', NULL),
(84, 2, 82, 'Head Manage', 'হেড ম্যানেজ', '/admin/account_management/collection_setup/collection_head', 'admin_account_management_collection_setup_collection_head', 'fas fa-heading', 'Sidebar', 'Active', 1, NULL, '2024-01-20 23:28:28', '2024-01-20 23:28:28', NULL),
(85, 8, NULL, 'Academic Management', 'একাডেমিক ম্যানেজমেন্ট', '#', 'academic_management', 'fas fa-graduation-cap', 'Sidebar', 'Active', 1, NULL, '2024-01-21 00:53:48', '2024-01-21 00:53:48', NULL),
(86, 1, 85, 'Academic Setup', 'একাডেমিক সেটআপ', '#', 'academic_setup', 'fas fa-cog', 'Sidebar', 'Active', 1, NULL, '2024-01-21 16:39:13', '2024-01-21 16:39:13', NULL),
(87, 3, 82, 'Class Wise Collection', 'ক্লাস কালেকশন', '/admin/account_management/collection_setup/class_wise_collection/create', 'admin_account_management_collection_setup_class_wise_collection_create', 'fas fa-hand-holding-usd', 'Sidebar', 'Active', 1, 1, '2024-01-21 18:32:35', '2024-01-24 20:04:08', NULL),
(88, 5, 82, 'Student Wise Collection', 'স্টুডেন্ট কালেকশন', '/admin/account_management/collection_setup/student_wise_collection/create', 'admin_account_management_collection_setup_student_wise_collection_create', 'fas fa-hand-holding-usd', 'Sidebar', 'Active', 1, 1, '2024-01-22 16:44:24', '2024-01-24 17:02:05', NULL),
(89, 6, 82, 'Student Wise Collection List', 'স্টুডেন্ট কালেকশন লিস্ট', '/admin/account_management/collection_setup/student_wise_collection', 'admin_account_management_collection_setup_student_wise_collection', 'fas fa-list', 'Sidebar', 'Active', 1, 1, '2024-01-23 18:42:34', '2024-01-24 17:02:32', NULL),
(90, 4, 82, 'Class Wise Collection List', 'ক্লাস কালেকশন লিস্ট', '/admin/account_management/collection_setup/class_wise_collection', 'admin_account_management_collection_setup_class_wise_collection', 'fas fa-list', 'Sidebar', 'Active', 1, NULL, '2024-01-24 20:05:31', '2024-01-24 20:05:31', NULL);

-- --------------------------------------------------------

--
-- Table structure for table `messages`
--

CREATE TABLE `messages` (
  `id` int(11) NOT NULL,
  `scope_id` int(11) NOT NULL,
  `message_date` date NOT NULL,
  `message_title` text NOT NULL,
  `message_name_of_gov_body` varchar(125) NOT NULL,
  `message_designation_of_gov_body` varchar(191) NOT NULL,
  `message_office_of_gov_body` varchar(191) NOT NULL,
  `message_description` text NOT NULL,
  `upload_file` varchar(125) DEFAULT NULL,
  `main_domain` varchar(64) DEFAULT NULL,
  `created_by` int(11) DEFAULT NULL,
  `updated_by` int(11) DEFAULT NULL,
  `created_at` timestamp NULL DEFAULT NULL,
  `updated_at` timestamp NULL DEFAULT NULL,
  `deleted_at` timestamp NULL DEFAULT NULL
) ENGINE=InnoDB DEFAULT CHARSET=utf8 COLLATE=utf8_general_ci;

--
-- Dumping data for table `messages`
--

INSERT INTO `messages` (`id`, `scope_id`, `message_date`, `message_title`, `message_name_of_gov_body`, `message_designation_of_gov_body`, `message_office_of_gov_body`, `message_description`, `upload_file`, `main_domain`, `created_by`, `updated_by`, `created_at`, `updated_at`, `deleted_at`) VALUES
(1, 13, '2024-01-18', 'fsdafasdf', 'dsfadsfasd', 'fasdfasd', 'fdsafasd', '<p>fasdfasdfasdf</p>', '/uploads/13/messages/download141705558339.png', '127.0.0.1', 1, 1, '2024-01-18 00:06:00', '2024-01-18 00:14:48', '2024-01-18 00:14:48'),
(2, 13, '2024-01-18', 'fasdfasd', 'dsfadsfasd', 'fasdfasd', 'dfasdf', '<p>dfasdfasd</p>', '/uploads/13/messages/930e2068_5058_4bc9_b4a9_d6293be36a87_1705566344.jpeg', '127.0.0.1', 1, NULL, '2024-01-18 02:25:44', '2024-01-18 02:25:44', NULL);

-- --------------------------------------------------------

--
-- Table structure for table `migrations`
--

CREATE TABLE `migrations` (
  `id` int(10) UNSIGNED NOT NULL,
  `migration` varchar(255) NOT NULL,
  `batch` int(11) NOT NULL
) ENGINE=InnoDB DEFAULT CHARSET=utf8mb4 COLLATE=utf8mb4_unicode_ci;

--
-- Dumping data for table `migrations`
--

INSERT INTO `migrations` (`id`, `migration`, `batch`) VALUES
(1, '2016_06_01_000001_create_oauth_auth_codes_table', 1),
(2, '2016_06_01_000002_create_oauth_access_tokens_table', 1),
(3, '2016_06_01_000003_create_oauth_refresh_tokens_table', 1),
(4, '2016_06_01_000004_create_oauth_clients_table', 1),
(5, '2016_06_01_000005_create_oauth_personal_access_clients_table', 1),
(6, '2022_01_01_000000_create_permissions_table', 1),
(7, '2022_01_01_000001_create_roles_table', 1),
(8, '2022_01_01_000007_create_permission_role_pivot_table', 1),
(9, '2022_01_01_0000_create_menus_table', 1),
(10, '2022_01_01_100000_create_password_resets_table', 1),
(11, '2022_01_01_171723_create_designations_table', 1),
(12, '2022_01_01_171723_create_districts_table', 1),
(13, '2022_01_01_171723_create_divisions_table', 1),
(14, '2022_01_01_171730_create_users_table', 1),
(15, '2022_01_01_171731_create_role_user_pivot_table', 1),
(16, '2022_03_01_032919_create_dump_sql_table', 1),
(17, '2022_12_03_162406_create_countries_table', 2),
(18, '2022_12_03_162407_create_divisions_table', 3),
(19, '2022_12_03_162408_create_districts_table', 4),
(20, '2014_04_02_193005_create_translations_table', 5),
(21, '2022_12_03_162409_create_offices_table', 5);

-- --------------------------------------------------------

--
-- Table structure for table `nationality_names`
--

CREATE TABLE `nationality_names` (
  `id` int(11) NOT NULL,
  `nationality_name` varchar(125) NOT NULL,
  `nationality_short_name` varchar(64) NOT NULL,
  `nationality_name_description` text DEFAULT NULL,
  `created_by` int(11) DEFAULT NULL,
  `updated_by` int(11) DEFAULT NULL,
  `created_at` timestamp NULL DEFAULT NULL,
  `updated_at` timestamp NULL DEFAULT NULL,
  `deleted_at` timestamp NULL DEFAULT NULL
) ENGINE=InnoDB DEFAULT CHARSET=utf8 COLLATE=utf8_general_ci;

--
-- Dumping data for table `nationality_names`
--

INSERT INTO `nationality_names` (`id`, `nationality_name`, `nationality_short_name`, `nationality_name_description`, `created_by`, `updated_by`, `created_at`, `updated_at`, `deleted_at`) VALUES
(1, 'Bangladeshi', 'Bangladeshi', NULL, 1, 1, '2023-12-14 01:59:51', '2023-12-16 23:50:42', NULL),
(2, 'Indian', 'Indian', NULL, 1, 1, '2023-12-14 02:02:38', '2023-12-16 23:50:52', NULL),
(3, 'Pakistan', 'Pakistan', NULL, 1, 1, '2023-12-14 02:02:59', '2023-12-16 23:51:04', NULL);

-- --------------------------------------------------------

--
-- Table structure for table `newses`
--

CREATE TABLE `newses` (
  `id` int(11) NOT NULL,
  `scope_id` int(11) NOT NULL,
  `news_date` date NOT NULL,
  `news_title` text NOT NULL,
  `news_short_name` varchar(64) DEFAULT NULL,
  `news_description` text DEFAULT NULL,
  `upload_file` varchar(125) DEFAULT NULL,
  `main_domain` varchar(64) DEFAULT NULL,
  `status_id` int(11) NOT NULL DEFAULT 1,
  `created_by` int(11) DEFAULT NULL,
  `updated_by` int(11) DEFAULT NULL,
  `created_at` timestamp NULL DEFAULT NULL,
  `updated_at` timestamp NULL DEFAULT NULL,
  `deleted_at` timestamp NULL DEFAULT NULL
) ENGINE=InnoDB DEFAULT CHARSET=utf8 COLLATE=utf8_general_ci;

--
-- Dumping data for table `newses`
--

INSERT INTO `newses` (`id`, `scope_id`, `news_date`, `news_title`, `news_short_name`, `news_description`, `upload_file`, `main_domain`, `status_id`, `created_by`, `updated_by`, `created_at`, `updated_at`, `deleted_at`) VALUES
(2, 13, '2024-01-16', 'dfsad', 'dsfasdf', '<p>dfsdfasdf</p>', '/uploads/13/newses/01_cadet_college_srs_ag_s_landing_page_14_12_2023_1705386221.pdf', 'http://127.0.0.1:8000', 1, 1, 1, '2024-01-16 00:23:41', '2024-01-16 00:25:47', NULL),
(3, 13, '2024-01-18', 'Seniority List-2023 (Principal And Vice Principal)', 'Seniority List-2023 (Principal And Vice Principal)', '<p>Seniority List-2023 (Principal And Vice Principal)</p>', '/uploads/13/newses/news.jpeg', 'http://127.0.0.1:8000', 1, 1, NULL, '2024-01-18 00:18:37', '2024-01-18 00:18:37', NULL);

-- --------------------------------------------------------

--
-- Table structure for table `notices`
--

CREATE TABLE `notices` (
  `id` int(11) NOT NULL,
  `scope_id` int(11) NOT NULL,
  `notice_date` date NOT NULL,
  `notice_title` text NOT NULL,
  `notice_short_name` varchar(64) DEFAULT NULL,
  `notice_description` text DEFAULT NULL,
  `upload_file` varchar(125) DEFAULT NULL,
  `main_domain` varchar(64) DEFAULT NULL,
  `status_id` int(11) NOT NULL DEFAULT 1,
  `created_by` int(11) DEFAULT NULL,
  `updated_by` int(11) DEFAULT NULL,
  `created_at` timestamp NULL DEFAULT NULL,
  `updated_at` timestamp NULL DEFAULT NULL,
  `deleted_at` timestamp NULL DEFAULT NULL
) ENGINE=InnoDB DEFAULT CHARSET=utf8 COLLATE=utf8_general_ci;

--
-- Dumping data for table `notices`
--

INSERT INTO `notices` (`id`, `scope_id`, `notice_date`, `notice_title`, `notice_short_name`, `notice_description`, `upload_file`, `main_domain`, `status_id`, `created_by`, `updated_by`, `created_at`, `updated_at`, `deleted_at`) VALUES
(1, 13, '2024-01-18', 'Syllabus For Written Exam-2024 Of Class 7 Admission Test', 'Syllabus For Written Exam-2024 Of Class 7 Admission Test', '<p>1</p>', '/uploads/1/notice/bcc_1705576197.jpeg', 'http://127.0.0.1:8000', 1, 1, NULL, '2024-01-18 05:09:57', '2024-01-18 05:09:57', NULL),
(2, 13, '2024-01-18', 'Cadet College Admission Circular-2024', 'Cadet College Admission Circular-2024', '<p>1</p>', '/uploads/1/notice/bcc_1705576197.jpeg', 'http://127.0.0.1:8000', 1, 1, NULL, '2024-01-18 05:09:57', '2024-01-18 05:09:57', NULL);

-- --------------------------------------------------------

--
-- Table structure for table `oauth_access_tokens`
--

CREATE TABLE `oauth_access_tokens` (
  `id` varchar(100) NOT NULL,
  `user_id` bigint(20) UNSIGNED DEFAULT NULL,
  `client_id` bigint(20) UNSIGNED NOT NULL,
  `name` varchar(255) DEFAULT NULL,
  `scopes` text DEFAULT NULL,
  `revoked` tinyint(1) NOT NULL,
  `created_at` timestamp NULL DEFAULT NULL,
  `updated_at` timestamp NULL DEFAULT NULL,
  `expires_at` datetime DEFAULT NULL
) ENGINE=InnoDB DEFAULT CHARSET=utf8mb4 COLLATE=utf8mb4_unicode_ci;

-- --------------------------------------------------------

--
-- Table structure for table `oauth_auth_codes`
--

CREATE TABLE `oauth_auth_codes` (
  `id` varchar(100) NOT NULL,
  `user_id` bigint(20) UNSIGNED NOT NULL,
  `client_id` bigint(20) UNSIGNED NOT NULL,
  `scopes` text DEFAULT NULL,
  `revoked` tinyint(1) NOT NULL,
  `expires_at` datetime DEFAULT NULL
) ENGINE=InnoDB DEFAULT CHARSET=utf8mb4 COLLATE=utf8mb4_unicode_ci;

-- --------------------------------------------------------

--
-- Table structure for table `oauth_clients`
--

CREATE TABLE `oauth_clients` (
  `id` bigint(20) UNSIGNED NOT NULL,
  `user_id` bigint(20) UNSIGNED DEFAULT NULL,
  `name` varchar(255) NOT NULL,
  `secret` varchar(100) DEFAULT NULL,
  `provider` varchar(255) DEFAULT NULL,
  `redirect` text NOT NULL,
  `personal_access_client` tinyint(1) NOT NULL,
  `password_client` tinyint(1) NOT NULL,
  `revoked` tinyint(1) NOT NULL,
  `created_at` timestamp NULL DEFAULT NULL,
  `updated_at` timestamp NULL DEFAULT NULL
) ENGINE=InnoDB DEFAULT CHARSET=utf8mb4 COLLATE=utf8mb4_unicode_ci;

-- --------------------------------------------------------

--
-- Table structure for table `oauth_personal_access_clients`
--

CREATE TABLE `oauth_personal_access_clients` (
  `id` bigint(20) UNSIGNED NOT NULL,
  `client_id` bigint(20) UNSIGNED NOT NULL,
  `created_at` timestamp NULL DEFAULT NULL,
  `updated_at` timestamp NULL DEFAULT NULL
) ENGINE=InnoDB DEFAULT CHARSET=utf8mb4 COLLATE=utf8mb4_unicode_ci;

-- --------------------------------------------------------

--
-- Table structure for table `oauth_refresh_tokens`
--

CREATE TABLE `oauth_refresh_tokens` (
  `id` varchar(100) NOT NULL,
  `access_token_id` varchar(100) NOT NULL,
  `revoked` tinyint(1) NOT NULL,
  `expires_at` datetime DEFAULT NULL
) ENGINE=InnoDB DEFAULT CHARSET=utf8mb4 COLLATE=utf8mb4_unicode_ci;

-- --------------------------------------------------------

--
-- Table structure for table `offices`
--

CREATE TABLE `offices` (
  `id` int(11) NOT NULL,
  `office_type_id` int(11) NOT NULL,
  `office_name` varchar(125) NOT NULL,
  `division_id` int(11) NOT NULL,
  `district_id` int(11) NOT NULL,
  `upazila_id` int(11) DEFAULT NULL,
  `office_address` varchar(125) NOT NULL,
  `website` varchar(64) DEFAULT NULL,
  `email` varchar(125) DEFAULT NULL,
  `phone` varchar(64) DEFAULT NULL,
  `fax` varchar(64) DEFAULT NULL,
  `mobile` varchar(32) DEFAULT NULL,
  `created_by` int(11) DEFAULT NULL,
  `updated_by` int(11) DEFAULT NULL,
  `created_at` timestamp NULL DEFAULT NULL,
  `updated_at` timestamp NULL DEFAULT NULL,
  `deleted_at` timestamp NULL DEFAULT NULL
) ENGINE=InnoDB DEFAULT CHARSET=utf8 COLLATE=utf8_general_ci;

--
-- Dumping data for table `offices`
--

INSERT INTO `offices` (`id`, `office_type_id`, `office_name`, `division_id`, `district_id`, `upazila_id`, `office_address`, `website`, `email`, `phone`, `fax`, `mobile`, `created_by`, `updated_by`, `created_at`, `updated_at`, `deleted_at`) VALUES
(1, 1, 'IT', 6, 47, 365, 'Culpa exercitationem', 'https://www.kudaxamani.org.au', 'office@gmail.com', '+1 (249) 565-4599', '+1 (346) 285-4394', 'Qui eum hic ut volup', 1, 1, '2023-12-13 04:56:57', '2023-12-19 05:16:02', NULL);

-- --------------------------------------------------------

--
-- Table structure for table `office_types`
--

CREATE TABLE `office_types` (
  `id` int(11) NOT NULL,
  `office_type_name` varchar(125) NOT NULL,
  `office_type_short_name` varchar(10) NOT NULL,
  `office_type_description` text DEFAULT NULL,
  `created_by` int(11) DEFAULT NULL,
  `updated_by` int(11) DEFAULT NULL,
  `created_at` timestamp NULL DEFAULT NULL,
  `updated_at` timestamp NULL DEFAULT NULL,
  `deleted_at` timestamp NULL DEFAULT NULL
) ENGINE=InnoDB DEFAULT CHARSET=utf8 COLLATE=utf8_general_ci;

--
-- Dumping data for table `office_types`
--

INSERT INTO `office_types` (`id`, `office_type_name`, `office_type_short_name`, `office_type_description`, `created_by`, `updated_by`, `created_at`, `updated_at`, `deleted_at`) VALUES
(1, 'Head Office', 'HQ', NULL, 1, 1, '2023-12-11 23:57:40', '2023-12-12 00:41:36', NULL),
(2, 'AGB Office', 'AGB', NULL, 1, 1, '2023-12-11 23:58:40', '2023-12-12 02:26:19', NULL),
(3, 'VTC Office', 'VTC', NULL, 1, 1, '2023-12-12 00:42:28', '2023-12-12 02:26:46', NULL),
(4, 'Academic Office', 'Aca', NULL, 1, NULL, '2023-12-12 02:27:11', '2023-12-12 02:27:11', NULL),
(5, 'Range Office', 'Range', NULL, 1, NULL, '2023-12-12 02:27:35', '2023-12-12 02:27:35', NULL),
(6, 'Zone Office', 'Zone', NULL, 1, NULL, '2023-12-12 02:27:54', '2023-12-12 02:27:54', NULL),
(7, 'Battalion Office', 'Bat', NULL, 1, 1, '2023-12-12 02:28:13', '2023-12-12 02:29:11', NULL),
(8, 'District Office', 'Dis', NULL, 1, 1, '2023-12-12 02:28:36', '2023-12-12 02:29:22', NULL),
(9, 'Upazilla Office', 'Upa', NULL, 1, 1, '2023-12-12 02:28:55', '2023-12-12 02:29:33', NULL);

-- --------------------------------------------------------

--
-- Table structure for table `password_resets`
--

CREATE TABLE `password_resets` (
  `email` varchar(255) NOT NULL,
  `token` varchar(255) NOT NULL,
  `created_at` timestamp NULL DEFAULT NULL
) ENGINE=InnoDB DEFAULT CHARSET=utf8mb4 COLLATE=utf8mb4_unicode_ci;

-- --------------------------------------------------------

--
-- Table structure for table `permissions`
--

CREATE TABLE `permissions` (
  `id` int(10) UNSIGNED NOT NULL,
  `menu_id` int(11) NOT NULL,
  `title` varchar(255) DEFAULT NULL,
  `created_by` int(11) DEFAULT NULL,
  `updated_by` int(11) DEFAULT NULL,
  `created_at` timestamp NULL DEFAULT NULL,
  `updated_at` timestamp NULL DEFAULT NULL,
  `deleted_at` timestamp NULL DEFAULT NULL
) ENGINE=InnoDB DEFAULT CHARSET=utf8mb4 COLLATE=utf8mb4_unicode_ci;

--
-- Dumping data for table `permissions`
--

INSERT INTO `permissions` (`id`, `menu_id`, `title`, `created_by`, `updated_by`, `created_at`, `updated_at`, `deleted_at`) VALUES
(1, 0, 'menu_access', NULL, NULL, '2021-12-31 23:13:30', '2021-12-31 23:13:30', NULL),
(2, 0, 'menu_create', NULL, NULL, '2021-12-31 23:13:30', '2021-12-31 23:13:30', NULL),
(3, 0, 'menu_edit', NULL, NULL, '2021-12-31 23:13:30', '2021-12-31 23:13:30', NULL),
(4, 0, 'menu_delete', NULL, NULL, '2021-12-31 23:13:30', '2021-12-31 23:13:30', NULL),
(5, 0, 'menu_show', NULL, NULL, '2021-12-31 23:13:30', '2021-12-31 23:13:30', NULL),
(6, 0, 'permission_access', NULL, NULL, '2021-12-31 23:13:30', '2021-12-31 23:13:30', NULL),
(7, 0, 'permission_create', NULL, NULL, '2021-12-31 23:13:30', '2021-12-31 23:13:30', NULL),
(8, 0, 'permission_edit', NULL, NULL, '2021-12-31 23:13:30', '2021-12-31 23:13:30', NULL),
(9, 0, 'permission_delete', NULL, NULL, '2021-12-31 23:13:30', '2021-12-31 23:13:30', NULL),
(10, 0, 'permission_show', NULL, NULL, '2021-12-31 23:13:30', '2021-12-31 23:13:30', NULL),
(11, 2, 'access_global_settings', NULL, 1, '2021-12-31 23:13:30', '2023-12-10 09:44:16', NULL),
(12, 4, 'access_user', NULL, 1, '2021-12-31 23:13:30', '2023-06-06 08:54:52', NULL),
(24, 26, 'access_admin_dashboard', NULL, 1, NULL, '2023-06-06 08:52:49', NULL),
(25, 26, 'create_admin_dashboard', NULL, 1, NULL, '2023-06-06 08:52:49', NULL),
(26, 26, 'edit_admin_dashboard', NULL, 1, NULL, '2023-06-06 08:52:49', NULL),
(27, 26, 'delete_admin_dashboard', NULL, 1, NULL, '2023-06-06 08:52:49', NULL),
(28, 26, 'show_admin_dashboard', NULL, 1, NULL, '2023-06-06 08:52:49', NULL),
(29, 5, 'access_region_area_setting', NULL, NULL, '2023-12-10 10:57:34', NULL, NULL),
(30, 6, 'access_admin_global_settings_region_area_settings_division', NULL, NULL, '2023-12-10 10:59:26', NULL, NULL),
(31, 6, 'create_admin_global_settings_region_area_settings_division', NULL, NULL, '2023-12-10 10:59:26', NULL, NULL),
(32, 6, 'edit_admin_global_settings_region_area_settings_division', NULL, NULL, '2023-12-10 10:59:26', NULL, NULL),
(33, 6, 'delete_admin_global_settings_region_area_settings_division', NULL, NULL, '2023-12-10 10:59:26', NULL, NULL),
(34, 6, 'show_admin_global_settings_region_area_settings_division', NULL, NULL, '2023-12-10 10:59:26', NULL, NULL),
(35, 7, 'access_admin_global_settings_region_area_settings_district', NULL, NULL, '2023-12-10 11:01:04', NULL, NULL),
(36, 7, 'create_admin_global_settings_region_area_settings_district', NULL, NULL, '2023-12-10 11:01:04', NULL, NULL),
(37, 7, 'edit_admin_global_settings_region_area_settings_district', NULL, NULL, '2023-12-10 11:01:04', NULL, NULL),
(39, 7, 'delete_admin_global_settings_region_area_settings_district', NULL, NULL, '2023-12-10 11:01:04', NULL, NULL),
(40, 7, 'show_admin_global_settings_region_area_settings_district', NULL, NULL, '2023-12-10 11:01:04', NULL, NULL),
(41, 8, 'access_admin_global_settings_region_area_settings_upazila', NULL, NULL, '2023-12-10 11:20:46', NULL, NULL),
(42, 8, 'create_admin_global_settings_region_area_settings_upazila', NULL, NULL, '2023-12-10 11:20:46', NULL, NULL),
(43, 8, 'edit_admin_global_settings_region_area_settings_upazila', NULL, NULL, '2023-12-10 11:20:46', NULL, NULL),
(44, 8, 'delete_admin_global_settings_region_area_settings_upazila', NULL, NULL, '2023-12-10 11:20:46', NULL, NULL),
(45, 8, 'show_admin_global_settings_region_area_settings_upazila', NULL, NULL, '2023-12-10 11:20:46', NULL, NULL),
(46, 9, 'access_general_settings', NULL, NULL, '2023-12-11 00:06:04', NULL, NULL),
(47, 10, 'access_admin_global_settings_general_settings_class', NULL, NULL, '2023-12-11 00:15:14', NULL, NULL),
(48, 10, 'create_admin_global_settings_general_settings_class', NULL, NULL, '2023-12-11 00:15:14', NULL, NULL),
(49, 10, 'edit_admin_global_settings_general_settings_class', NULL, NULL, '2023-12-11 00:15:14', NULL, NULL),
(50, 10, 'delete_admin_global_settings_general_settings_class', NULL, NULL, '2023-12-11 00:15:14', NULL, NULL),
(51, 10, 'show_admin_global_settings_general_settings_class', NULL, NULL, '2023-12-11 00:15:14', NULL, NULL),
(52, 11, 'access_admin_global_settings_general_settings_designation', NULL, NULL, '2023-12-11 00:17:32', NULL, NULL),
(53, 11, 'create_admin_global_settings_general_settings_designation', NULL, NULL, '2023-12-11 00:17:32', NULL, NULL),
(54, 11, 'edit_admin_global_settings_general_settings_designation', NULL, NULL, '2023-12-11 00:17:32', NULL, NULL),
(55, 11, 'delete_admin_global_settings_general_settings_designation', NULL, NULL, '2023-12-11 00:17:32', NULL, NULL),
(56, 11, 'show_admin_global_settings_general_settings_designation', NULL, NULL, '2023-12-11 00:17:32', NULL, NULL),
(57, 12, 'access_admin_global_settings_general_settings_batch', NULL, NULL, '2023-12-11 00:20:31', NULL, NULL),
(58, 12, 'create_admin_global_settings_general_settings_batch', NULL, NULL, '2023-12-11 00:20:31', NULL, NULL),
(59, 12, 'edit_admin_global_settings_general_settings_batch', NULL, NULL, '2023-12-11 00:20:31', NULL, NULL),
(60, 12, 'delete_admin_global_settings_general_settings_batch', NULL, NULL, '2023-12-11 00:20:31', NULL, NULL),
(61, 12, 'show_admin_global_settings_general_settings_batch', NULL, NULL, '2023-12-11 00:20:31', NULL, NULL),
(62, 13, 'access_admin_global_settings_general_settings_department', NULL, NULL, '2023-12-11 00:23:51', NULL, NULL),
(63, 13, 'create_admin_global_settings_general_settings_department', NULL, NULL, '2023-12-11 00:23:51', NULL, NULL),
(64, 13, 'edit_admin_global_settings_general_settings_department', NULL, NULL, '2023-12-11 00:23:51', NULL, NULL),
(65, 13, 'delete_admin_global_settings_general_settings_department', NULL, NULL, '2023-12-11 00:23:51', NULL, NULL),
(66, 13, 'show_admin_global_settings_general_settings_department', NULL, NULL, '2023-12-11 00:23:51', NULL, NULL),
(67, 14, 'access_office_type_setting', NULL, NULL, '2023-12-12 00:15:14', NULL, NULL),
(68, 15, 'access_admin_global_settings_office_type_settings_office_type', NULL, NULL, '2023-12-12 00:17:15', NULL, NULL),
(69, 15, 'create_admin_global_settings_office_type_settings_office_type', NULL, NULL, '2023-12-12 00:17:15', NULL, NULL),
(70, 15, 'edit_admin_global_settings_office_type_settings_office_type', NULL, NULL, '2023-12-12 00:17:15', NULL, NULL),
(71, 15, 'delete_admin_global_settings_office_type_settings_office_type', NULL, NULL, '2023-12-12 00:17:15', NULL, NULL),
(72, 15, 'show_admin_global_settings_office_type_settings_office_type', NULL, NULL, '2023-12-12 00:17:15', NULL, NULL),
(73, 16, 'access_office_address_settings', NULL, NULL, '2023-12-12 02:54:22', NULL, NULL),
(74, 17, 'access_admin_global_settings_office_address_settings_head_office', NULL, NULL, '2023-12-12 02:59:30', NULL, NULL),
(75, 17, 'create_admin_global_settings_office_address_settings_head_office', NULL, NULL, '2023-12-12 02:59:30', NULL, NULL),
(76, 17, 'edit_admin_global_settings_office_address_settings_head_office', NULL, NULL, '2023-12-12 02:59:30', NULL, NULL),
(77, 17, 'delete_admin_global_settings_office_address_settings_head_office', NULL, NULL, '2023-12-12 02:59:30', NULL, NULL),
(78, 17, 'show_admin_global_settings_office_address_settings_head_office', NULL, NULL, '2023-12-12 02:59:30', NULL, NULL),
(79, 18, 'access_admin_global_settings_office_address_settings_agb_office', NULL, NULL, '2023-12-12 03:00:55', NULL, NULL),
(80, 18, 'create_admin_global_settings_office_address_settings_agb_office', NULL, NULL, '2023-12-12 03:00:55', NULL, NULL),
(81, 18, 'edit_admin_global_settings_office_address_settings_agb_office', NULL, NULL, '2023-12-12 03:00:55', NULL, NULL),
(82, 18, 'delete_admin_global_settings_office_address_settings_agb_office', NULL, NULL, '2023-12-12 03:00:55', NULL, NULL),
(83, 18, 'show_admin_global_settings_office_address_settings_agb_office', NULL, NULL, '2023-12-12 03:00:55', NULL, NULL),
(84, 19, 'access_admin_global_settings_office_address_settings_vtc_office', NULL, NULL, '2023-12-12 03:02:17', NULL, NULL),
(85, 19, 'create_admin_global_settings_office_address_settings_vtc_office', NULL, NULL, '2023-12-12 03:02:17', NULL, NULL),
(86, 19, 'edit_admin_global_settings_office_address_settings_vtc_office', NULL, NULL, '2023-12-12 03:02:17', NULL, NULL),
(87, 19, 'delete_admin_global_settings_office_address_settings_vtc_office', NULL, NULL, '2023-12-12 03:02:17', NULL, NULL),
(88, 19, 'show_admin_global_settings_office_address_settings_vtc_office', NULL, NULL, '2023-12-12 03:02:17', NULL, NULL),
(89, 20, 'access_admin_global_settings_office_address_settings_academic_office', NULL, NULL, '2023-12-12 03:03:41', NULL, NULL),
(90, 20, 'create_admin_global_settings_office_address_settings_academic_office', NULL, NULL, '2023-12-12 03:03:41', NULL, NULL),
(91, 20, 'edit_admin_global_settings_office_address_settings_academic_office', NULL, NULL, '2023-12-12 03:03:41', NULL, NULL),
(92, 20, 'delete_admin_global_settings_office_address_settings_academic_office', NULL, NULL, '2023-12-12 03:03:41', NULL, NULL),
(93, 20, 'show_admin_global_settings_office_address_settings_academic_office', NULL, NULL, '2023-12-12 03:03:41', NULL, NULL),
(94, 21, 'access_admin_global_settings_office_address_settings_range_office', NULL, NULL, '2023-12-12 03:04:46', NULL, NULL),
(95, 21, 'create_admin_global_settings_office_address_settings_range_office', NULL, NULL, '2023-12-12 03:04:46', NULL, NULL),
(96, 21, 'edit_admin_global_settings_office_address_settings_range_office', NULL, NULL, '2023-12-12 03:04:46', NULL, NULL),
(97, 21, 'delete_admin_global_settings_office_address_settings_range_office', NULL, NULL, '2023-12-12 03:04:46', NULL, NULL),
(98, 21, 'show_admin_global_settings_office_address_settings_range_office', NULL, NULL, '2023-12-12 03:04:46', NULL, NULL),
(99, 22, 'access_admin_global_settings_office_address_settings_zone_office', NULL, NULL, '2023-12-12 03:06:04', NULL, NULL),
(100, 22, 'create_admin_global_settings_office_address_settings_zone_office', NULL, NULL, '2023-12-12 03:06:04', NULL, NULL),
(101, 22, 'edit_admin_global_settings_office_address_settings_zone_office', NULL, NULL, '2023-12-12 03:06:04', NULL, NULL),
(102, 22, 'delete_admin_global_settings_office_address_settings_zone_office', NULL, NULL, '2023-12-12 03:06:04', NULL, NULL),
(103, 22, 'show_admin_global_settings_office_address_settings_zone_office', NULL, NULL, '2023-12-12 03:06:04', NULL, NULL),
(104, 23, 'access_admin_global_settings_office_address_settings_battalion_office', NULL, NULL, '2023-12-12 03:07:34', NULL, NULL),
(105, 23, 'create_admin_global_settings_office_address_settings_battalion_office', NULL, NULL, '2023-12-12 03:07:34', NULL, NULL),
(106, 23, 'edit_admin_global_settings_office_address_settings_battalion_office', NULL, NULL, '2023-12-12 03:07:34', NULL, NULL),
(107, 23, 'delete_admin_global_settings_office_address_settings_battalion_office', NULL, NULL, '2023-12-12 03:07:34', NULL, NULL),
(108, 23, 'show_admin_global_settings_office_address_settings_battalion_office', NULL, NULL, '2023-12-12 03:07:34', NULL, NULL),
(109, 24, 'access_admin_global_settings_office_address_settings_district_office', NULL, NULL, '2023-12-12 03:09:14', NULL, NULL),
(110, 24, 'create_admin_global_settings_office_address_settings_district_office', NULL, NULL, '2023-12-12 03:09:14', NULL, NULL),
(111, 24, 'edit_admin_global_settings_office_address_settings_district_office', NULL, NULL, '2023-12-12 03:09:14', NULL, NULL),
(112, 24, 'delete_admin_global_settings_office_address_settings_district_office', NULL, NULL, '2023-12-12 03:09:14', NULL, NULL),
(113, 24, 'show_admin_global_settings_office_address_settings_district_office', NULL, NULL, '2023-12-12 03:09:14', NULL, NULL),
(114, 25, 'access_admin_global_settings_office_address_settings_district_office', NULL, NULL, '2023-12-12 03:10:18', NULL, NULL),
(115, 25, 'create_admin_global_settings_office_address_settings_district_office', NULL, NULL, '2023-12-12 03:10:18', NULL, NULL),
(116, 25, 'edit_admin_global_settings_office_address_settings_district_office', NULL, NULL, '2023-12-12 03:10:18', NULL, NULL),
(117, 25, 'delete_admin_global_settings_office_address_settings_district_office', NULL, NULL, '2023-12-12 03:10:18', NULL, NULL),
(118, 25, 'show_admin_global_settings_office_address_settings_district_office', NULL, NULL, '2023-12-12 03:10:18', NULL, NULL),
(124, 27, 'access_hr_management', NULL, 1, '2023-12-13 14:39:59', '2024-01-21 06:57:18', NULL),
(125, 28, 'access_hr_settings', NULL, 1, '2023-12-13 14:45:05', '2024-01-21 03:23:12', NULL),
(126, 29, 'access_personal_information', NULL, NULL, '2023-12-13 14:50:40', NULL, NULL),
(127, 30, 'access_staff_reports', NULL, NULL, '2023-12-13 14:51:33', NULL, NULL),
(128, 31, 'access_admin_staff_information_personal_settings_training_name', NULL, 1, '2023-12-13 15:47:04', '2023-12-13 16:00:00', NULL),
(129, 31, 'create_admin_staff_information_personal_settings_training_name', NULL, 1, '2023-12-13 15:47:04', '2023-12-13 16:00:00', NULL),
(130, 31, 'edit_admin_staff_information_personal_settings_training_name', NULL, 1, '2023-12-13 15:47:04', '2023-12-13 16:00:00', NULL),
(131, 31, 'delete_admin_staff_information_personal_settings_training_name', NULL, 1, '2023-12-13 15:47:04', '2023-12-13 16:00:00', NULL),
(132, 31, 'show_admin_staff_information_personal_settings_training_name', NULL, 1, '2023-12-13 15:47:04', '2023-12-13 16:00:00', NULL),
(133, 32, 'access_admin_staff_information_personal_settings_institute_name', NULL, NULL, '2023-12-14 02:14:58', NULL, NULL),
(134, 32, 'create_admin_staff_information_personal_settings_institute_name', NULL, NULL, '2023-12-14 02:14:58', NULL, NULL),
(135, 32, 'edit_admin_staff_information_personal_settings_institute_name', NULL, NULL, '2023-12-14 02:14:58', NULL, NULL),
(136, 32, 'delete_admin_staff_information_personal_settings_institute_name', NULL, NULL, '2023-12-14 02:14:58', NULL, NULL),
(137, 32, 'show_admin_staff_information_personal_settings_institute_name', NULL, NULL, '2023-12-14 02:14:58', NULL, NULL),
(138, 33, 'access_admin_staff_information_personal_settings_education_name', NULL, NULL, '2023-12-14 02:40:32', NULL, NULL),
(139, 33, 'create_admin_staff_information_personal_settings_education_name', NULL, NULL, '2023-12-14 02:40:32', NULL, NULL),
(140, 33, 'edit_admin_staff_information_personal_settings_education_name', NULL, NULL, '2023-12-14 02:40:32', NULL, NULL),
(141, 33, 'delete_admin_staff_information_personal_settings_education_name', NULL, NULL, '2023-12-14 02:40:32', NULL, NULL),
(142, 33, 'show_admin_staff_information_personal_settings_education_name', NULL, NULL, '2023-12-14 02:40:32', NULL, NULL),
(143, 34, 'access_admin_staff_information_personal_settings_blood_group_name', NULL, NULL, '2023-12-16 22:58:00', NULL, NULL),
(144, 34, 'create_admin_staff_information_personal_settings_blood_group_name', NULL, NULL, '2023-12-16 22:58:00', NULL, NULL),
(145, 34, 'edit_admin_staff_information_personal_settings_blood_group_name', NULL, NULL, '2023-12-16 22:58:00', NULL, NULL),
(146, 34, 'delete_admin_staff_information_personal_settings_blood_group_name', NULL, NULL, '2023-12-16 22:58:00', NULL, NULL),
(147, 34, 'show_admin_staff_information_personal_settings_blood_group_name', NULL, NULL, '2023-12-16 22:58:00', NULL, NULL),
(148, 35, 'access_admin_staff_information_personal_settings_religion_name', NULL, NULL, '2023-12-16 23:24:19', NULL, NULL),
(149, 35, 'create_admin_staff_information_personal_settings_religion_name', NULL, NULL, '2023-12-16 23:24:19', NULL, NULL),
(150, 35, 'edit_admin_staff_information_personal_settings_religion_name', NULL, NULL, '2023-12-16 23:24:19', NULL, NULL),
(151, 35, 'delete_admin_staff_information_personal_settings_religion_name', NULL, NULL, '2023-12-16 23:24:19', NULL, NULL),
(152, 35, 'show_admin_staff_information_personal_settings_religion_name', NULL, NULL, '2023-12-16 23:24:19', NULL, NULL),
(153, 36, 'access_admin_staff_information_personal_settings_relation_name', NULL, NULL, '2023-12-16 23:44:31', NULL, NULL),
(154, 36, 'create_admin_staff_information_personal_settings_relation_name', NULL, NULL, '2023-12-16 23:44:31', NULL, NULL),
(155, 36, 'edit_admin_staff_information_personal_settings_relation_name', NULL, NULL, '2023-12-16 23:44:31', NULL, NULL),
(156, 36, 'delete_admin_staff_information_personal_settings_relation_name', NULL, NULL, '2023-12-16 23:44:31', NULL, NULL),
(157, 36, 'show_admin_staff_information_personal_settings_relation_name', NULL, NULL, '2023-12-16 23:44:31', NULL, NULL),
(158, 37, 'access_admin_hr_management_personal_information_employee_create', NULL, 1, '2023-12-17 00:13:51', '2024-01-21 06:42:09', NULL),
(159, 37, 'create_admin_hr_management_personal_information_employee_create', NULL, 1, '2023-12-17 00:13:51', '2024-01-21 06:42:09', NULL),
(160, 37, 'edit_admin_hr_management_personal_information_employee_create', NULL, 1, '2023-12-17 00:13:51', '2024-01-21 06:42:09', NULL),
(161, 37, 'delete_admin_hr_management_personal_information_employee_create', NULL, 1, '2023-12-17 00:13:51', '2024-01-21 06:42:09', NULL),
(162, 37, 'show_admin_hr_management_personal_information_employee_create', NULL, 1, '2023-12-17 00:13:51', '2024-01-21 06:42:09', NULL),
(163, 38, 'access_admin_hr_management_personal_information_employee', NULL, 1, '2023-12-17 00:15:18', '2024-01-21 06:42:19', NULL),
(164, 38, 'create_admin_hr_management_personal_information_employee', NULL, 1, '2023-12-17 00:15:18', '2024-01-21 06:42:19', NULL),
(165, 38, 'edit_admin_hr_management_personal_information_employee', NULL, 1, '2023-12-17 00:15:18', '2024-01-21 06:42:19', NULL),
(166, 38, 'delete_admin_hr_management_personal_information_employee', NULL, 1, '2023-12-17 00:15:18', '2024-01-21 06:42:19', NULL),
(167, 38, 'show_admin_hr_management_personal_information_employee', NULL, 1, '2023-12-17 00:15:18', '2024-01-21 06:42:19', NULL),
(168, 39, 'access_master_reports', NULL, NULL, '2023-12-19 09:58:46', NULL, NULL),
(169, 40, 'access_users', NULL, NULL, '2023-12-19 10:00:28', NULL, NULL),
(170, 41, 'access_roles', NULL, 1, '2023-12-19 10:04:25', '2023-12-19 10:10:30', NULL),
(171, 41, 'create_roles', NULL, 1, '2023-12-19 10:04:25', '2023-12-19 10:10:30', NULL),
(172, 41, 'edit_roles', NULL, 1, '2023-12-19 10:04:25', '2023-12-19 10:10:30', NULL),
(173, 41, 'delete_roles', NULL, 1, '2023-12-19 10:04:25', '2023-12-19 10:10:30', NULL),
(174, 41, 'show_roles', NULL, 1, '2023-12-19 10:04:25', '2023-12-19 10:10:30', NULL),
(175, 42, 'access_users_management', NULL, 1, '2023-12-19 10:05:35', '2023-12-19 10:15:14', NULL),
(176, 42, 'create_users_management', NULL, 1, '2023-12-19 10:05:35', '2023-12-19 10:15:14', NULL),
(177, 42, 'edit_users_management', NULL, 1, '2023-12-19 10:05:35', '2023-12-19 10:15:14', NULL),
(178, 42, 'delete_users_management', NULL, 1, '2023-12-19 10:05:35', '2023-12-19 10:15:14', NULL),
(179, 42, 'show_users_management', NULL, 1, '2023-12-19 10:05:35', '2023-12-19 10:15:14', NULL),
(181, 43, 'create_admin_user_management_users', NULL, NULL, '2023-12-19 10:06:44', NULL, NULL),
(182, 43, 'edit_admin_user_management_users', NULL, NULL, '2023-12-19 10:06:44', NULL, NULL),
(183, 43, 'delete_admin_user_management_users', NULL, NULL, '2023-12-19 10:06:44', NULL, NULL),
(184, 43, 'show_admin_user_management_users', NULL, NULL, '2023-12-19 10:06:44', NULL, NULL),
(185, 44, 'access_admin_user_management_roles_create', NULL, NULL, '2023-12-19 10:12:20', NULL, NULL),
(186, 44, 'create_admin_user_management_roles_create', NULL, NULL, '2023-12-19 10:12:20', NULL, NULL),
(187, 44, 'edit_admin_user_management_roles_create', NULL, NULL, '2023-12-19 10:12:20', NULL, NULL),
(188, 44, 'delete_admin_user_management_roles_create', NULL, NULL, '2023-12-19 10:12:20', NULL, NULL),
(189, 44, 'show_admin_user_management_roles_create', NULL, NULL, '2023-12-19 10:12:20', NULL, NULL),
(190, 45, 'access_admin_user_management_roles', NULL, NULL, '2023-12-19 10:13:18', NULL, NULL),
(191, 45, 'create_admin_user_management_roles', NULL, NULL, '2023-12-19 10:13:18', NULL, NULL),
(192, 45, 'edit_admin_user_management_roles', NULL, NULL, '2023-12-19 10:13:18', NULL, NULL),
(193, 45, 'delete_admin_user_management_roles', NULL, NULL, '2023-12-19 10:13:18', NULL, NULL),
(194, 45, 'show_admin_user_management_roles', NULL, NULL, '2023-12-19 10:13:18', NULL, NULL),
(195, 46, 'access_admin_user_management_users_create', NULL, NULL, '2023-12-19 10:17:10', NULL, NULL),
(196, 46, 'create_admin_user_management_users_create', NULL, NULL, '2023-12-19 10:17:10', NULL, NULL),
(197, 46, 'edit_admin_user_management_users_create', NULL, NULL, '2023-12-19 10:17:10', NULL, NULL),
(198, 46, 'delete_admin_user_management_users_create', NULL, NULL, '2023-12-19 10:17:10', NULL, NULL),
(199, 46, 'show_admin_user_management_users_create', NULL, NULL, '2023-12-19 10:17:10', NULL, NULL),
(200, 47, 'access_admin_user_management_users', NULL, NULL, '2023-12-19 10:18:09', NULL, NULL),
(201, 47, 'create_admin_user_management_users', NULL, NULL, '2023-12-19 10:18:09', NULL, NULL),
(202, 47, 'edit_admin_user_management_users', NULL, NULL, '2023-12-19 10:18:09', NULL, NULL),
(203, 47, 'delete_admin_user_management_users', NULL, NULL, '2023-12-19 10:18:09', NULL, NULL),
(204, 47, 'show_admin_user_management_users', NULL, NULL, '2023-12-19 10:18:09', NULL, NULL),
(205, 48, 'access_website_landing_page', NULL, NULL, '2024-01-14 02:42:56', NULL, NULL),
(206, 49, 'access_notice_management', NULL, 1, '2024-01-14 02:47:07', '2024-01-14 02:49:46', NULL),
(207, 49, 'create_notice_management', NULL, 1, '2024-01-14 02:47:07', '2024-01-14 02:49:46', NULL),
(208, 49, 'edit_notice_management', NULL, 1, '2024-01-14 02:47:07', '2024-01-14 02:49:46', NULL),
(209, 49, 'delete_notice_management', NULL, 1, '2024-01-14 02:47:07', '2024-01-14 02:49:46', NULL),
(210, 49, 'show_notice_management', NULL, 1, '2024-01-14 02:47:07', '2024-01-14 02:49:46', NULL),
(211, 50, 'access_admin_website_notice_management_notice_create', NULL, NULL, '2024-01-14 02:51:18', NULL, NULL),
(212, 50, 'create_admin_website_notice_management_notice_create', NULL, NULL, '2024-01-14 02:51:18', NULL, NULL),
(213, 50, 'edit_admin_website_notice_management_notice_create', NULL, NULL, '2024-01-14 02:51:18', NULL, NULL),
(214, 50, 'delete_admin_website_notice_management_notice_create', NULL, NULL, '2024-01-14 02:51:18', NULL, NULL),
(215, 50, 'show_admin_website_notice_management_notice_create', NULL, NULL, '2024-01-14 02:51:18', NULL, NULL),
(216, 51, 'access_admin_website_notice_management_notice', NULL, NULL, '2024-01-14 02:52:39', NULL, NULL),
(217, 51, 'create_admin_website_notice_management_notice', NULL, NULL, '2024-01-14 02:52:39', NULL, NULL),
(218, 51, 'edit_admin_website_notice_management_notice', NULL, NULL, '2024-01-14 02:52:39', NULL, NULL),
(219, 51, 'delete_admin_website_notice_management_notice', NULL, NULL, '2024-01-14 02:52:39', NULL, NULL),
(220, 51, 'show_admin_website_notice_management_notice', NULL, NULL, '2024-01-14 02:52:39', NULL, NULL),
(221, 52, 'access_news_management', NULL, NULL, '2024-01-15 03:36:00', NULL, NULL),
(222, 53, 'access_admin_website_news_management_news_create', NULL, NULL, '2024-01-15 03:39:19', NULL, NULL),
(223, 53, 'create_admin_website_news_management_news_create', NULL, NULL, '2024-01-15 03:39:19', NULL, NULL),
(224, 53, 'edit_admin_website_news_management_news_create', NULL, NULL, '2024-01-15 03:39:19', NULL, NULL),
(225, 53, 'delete_admin_website_news_management_news_create', NULL, NULL, '2024-01-15 03:39:19', NULL, NULL),
(226, 53, 'show_admin_website_news_management_news_create', NULL, NULL, '2024-01-15 03:39:19', NULL, NULL),
(227, 54, 'access_admin_website_news_management_news', NULL, NULL, '2024-01-15 03:44:06', NULL, NULL),
(228, 54, 'create_admin_website_news_management_news', NULL, NULL, '2024-01-15 03:44:06', NULL, NULL),
(229, 54, 'edit_admin_website_news_management_news', NULL, NULL, '2024-01-15 03:44:06', NULL, NULL),
(230, 54, 'delete_admin_website_news_management_news', NULL, NULL, '2024-01-15 03:44:06', NULL, NULL),
(231, 54, 'show_admin_website_news_management_news', NULL, NULL, '2024-01-15 03:44:06', NULL, NULL),
(232, 55, 'access_event_management', NULL, NULL, '2024-01-15 05:55:25', NULL, NULL),
(233, 56, 'access_admin_website_event_management_event_create', NULL, 1, '2024-01-15 05:56:43', '2024-01-15 06:31:21', NULL),
(234, 56, 'create_admin_website_event_management_event_create', NULL, 1, '2024-01-15 05:56:43', '2024-01-15 06:31:21', NULL),
(235, 56, 'edit_admin_website_event_management_event_create', NULL, 1, '2024-01-15 05:56:43', '2024-01-15 06:31:21', NULL),
(236, 56, 'delete_admin_website_event_management_event_create', NULL, 1, '2024-01-15 05:56:43', '2024-01-15 06:31:21', NULL),
(237, 56, 'show_admin_website_event_management_event_create', NULL, 1, '2024-01-15 05:56:43', '2024-01-15 06:31:21', NULL),
(238, 57, 'access_admin_website_event_management_event', NULL, 1, '2024-01-15 05:58:05', '2024-01-15 06:31:33', NULL),
(239, 57, 'create_admin_website_event_management_event', NULL, 1, '2024-01-15 05:58:05', '2024-01-15 06:31:33', NULL),
(240, 57, 'edit_admin_website_event_management_event', NULL, 1, '2024-01-15 05:58:05', '2024-01-15 06:31:33', NULL),
(241, 57, 'delete_admin_website_event_management_event', NULL, 1, '2024-01-15 05:58:05', '2024-01-15 06:31:33', NULL),
(242, 57, 'show_admin_website_event_management_event', NULL, 1, '2024-01-15 05:58:05', '2024-01-15 06:31:33', NULL),
(243, 58, 'access_photo_management', NULL, NULL, '2024-01-16 00:37:25', NULL, NULL),
(244, 59, 'access_admin_website_photo_management_photo_create', NULL, 1, '2024-01-16 00:39:59', '2024-01-16 01:00:22', NULL),
(245, 59, 'create_admin_website_photo_management_photo_create', NULL, 1, '2024-01-16 00:39:59', '2024-01-16 01:00:22', NULL),
(246, 59, 'edit_admin_website_photo_management_photo_create', NULL, 1, '2024-01-16 00:39:59', '2024-01-16 01:00:22', NULL),
(247, 59, 'delete_admin_website_photo_management_photo_create', NULL, 1, '2024-01-16 00:39:59', '2024-01-16 01:00:22', NULL),
(248, 59, 'show_admin_website_photo_management_photo_create', NULL, 1, '2024-01-16 00:39:59', '2024-01-16 01:00:22', NULL),
(249, 60, 'access_admin_website_photo_management_photo', NULL, 1, '2024-01-16 00:42:47', '2024-01-16 01:00:30', NULL),
(250, 60, 'create_admin_website_photo_management_photo', NULL, 1, '2024-01-16 00:42:47', '2024-01-16 01:00:30', NULL),
(251, 60, 'edit_admin_website_photo_management_photo', NULL, 1, '2024-01-16 00:42:47', '2024-01-16 01:00:30', NULL),
(252, 60, 'delete_admin_website_photo_management_photo', NULL, 1, '2024-01-16 00:42:47', '2024-01-16 01:00:30', NULL),
(253, 60, 'show_admin_website_photo_management_photo', NULL, 1, '2024-01-16 00:42:47', '2024-01-16 01:00:30', NULL),
(254, 61, 'access_achievement_management', NULL, 1, '2024-01-16 02:20:33', '2024-01-16 02:29:58', NULL),
(255, 62, 'access_admin_website_achieve_management_achieve_create', NULL, 1, '2024-01-16 02:22:43', '2024-01-16 02:26:15', NULL),
(256, 62, 'create_admin_website_achieve_management_achieve_create', NULL, 1, '2024-01-16 02:22:43', '2024-01-16 02:26:15', NULL),
(257, 62, 'edit_admin_website_achieve_management_achieve_create', NULL, 1, '2024-01-16 02:22:43', '2024-01-16 02:26:15', NULL),
(258, 62, 'delete_admin_website_achieve_management_achieve_create', NULL, 1, '2024-01-16 02:22:43', '2024-01-16 02:26:15', NULL),
(259, 62, 'show_admin_website_achieve_management_achieve_create', NULL, 1, '2024-01-16 02:22:43', '2024-01-16 02:26:15', NULL),
(260, 63, 'access_admin_website_achieve_management_achieve', NULL, NULL, '2024-01-16 02:24:02', NULL, NULL),
(261, 63, 'create_admin_website_achieve_management_achieve', NULL, NULL, '2024-01-16 02:24:02', NULL, NULL),
(262, 63, 'edit_admin_website_achieve_management_achieve', NULL, NULL, '2024-01-16 02:24:02', NULL, NULL),
(263, 63, 'delete_admin_website_achieve_management_achieve', NULL, NULL, '2024-01-16 02:24:02', NULL, NULL),
(264, 63, 'show_admin_website_achieve_management_achieve', NULL, NULL, '2024-01-16 02:24:02', NULL, NULL),
(265, 64, 'access_ex_cadet_activities_management', NULL, 1, '2024-01-16 03:10:07', '2024-01-17 22:47:24', NULL),
(266, 65, 'access_admin_website_ex_cadet_activities_management_ex_cadet_activitie_create', NULL, 1, '2024-01-16 03:13:36', '2024-01-16 03:47:29', NULL),
(267, 65, 'create_admin_website_ex_cadet_activities_management_ex_cadet_activitie_create', NULL, 1, '2024-01-16 03:13:36', '2024-01-16 03:47:29', NULL),
(268, 65, 'edit_admin_website_ex_cadet_activities_management_ex_cadet_activitie_create', NULL, 1, '2024-01-16 03:13:36', '2024-01-16 03:47:29', NULL),
(269, 65, 'delete_admin_website_ex_cadet_activities_management_ex_cadet_activitie_create', NULL, 1, '2024-01-16 03:13:36', '2024-01-16 03:47:29', NULL),
(270, 65, 'show_admin_website_ex_cadet_activities_management_ex_cadet_activitie_create', NULL, 1, '2024-01-16 03:13:36', '2024-01-16 03:47:29', NULL),
(271, 66, 'access_admin_website_ex_cadet_activities_management_ex_cadet_activitie', NULL, 1, '2024-01-16 03:15:11', '2024-01-16 03:47:35', NULL),
(272, 66, 'create_admin_website_ex_cadet_activities_management_ex_cadet_activitie', NULL, 1, '2024-01-16 03:15:11', '2024-01-16 03:47:35', NULL),
(273, 66, 'edit_admin_website_ex_cadet_activities_management_ex_cadet_activitie', NULL, 1, '2024-01-16 03:15:11', '2024-01-16 03:47:35', NULL),
(274, 66, 'delete_admin_website_ex_cadet_activities_management_ex_cadet_activitie', NULL, 1, '2024-01-16 03:15:11', '2024-01-16 03:47:35', NULL),
(275, 66, 'show_admin_website_ex_cadet_activities_management_ex_cadet_activitie', NULL, 1, '2024-01-16 03:15:11', '2024-01-16 03:47:35', NULL),
(276, 67, 'access_slider_management', NULL, 1, '2024-01-16 04:06:11', '2024-01-16 04:17:30', NULL),
(277, 68, 'access_admin_website_slider_management_slider_create', NULL, NULL, '2024-01-16 04:15:02', NULL, NULL),
(278, 68, 'create_admin_website_slider_management_slider_create', NULL, NULL, '2024-01-16 04:15:02', NULL, NULL),
(279, 68, 'edit_admin_website_slider_management_slider_create', NULL, NULL, '2024-01-16 04:15:02', NULL, NULL),
(280, 68, 'delete_admin_website_slider_management_slider_create', NULL, NULL, '2024-01-16 04:15:02', NULL, NULL),
(281, 68, 'show_admin_website_slider_management_slider_create', NULL, NULL, '2024-01-16 04:15:02', NULL, NULL),
(282, 69, 'access_admin_website_slider_management_slider', NULL, NULL, '2024-01-16 04:15:53', NULL, NULL),
(283, 69, 'create_admin_website_slider_management_slider', NULL, NULL, '2024-01-16 04:15:53', NULL, NULL),
(284, 69, 'edit_admin_website_slider_management_slider', NULL, NULL, '2024-01-16 04:15:53', NULL, NULL),
(285, 69, 'delete_admin_website_slider_management_slider', NULL, NULL, '2024-01-16 04:15:53', NULL, NULL),
(286, 69, 'show_admin_website_slider_management_slider', NULL, NULL, '2024-01-16 04:15:53', NULL, NULL),
(287, 70, 'access_video_management', NULL, NULL, '2024-01-16 04:58:23', NULL, NULL),
(288, 71, 'access_admin_website_video_management_video_create', NULL, NULL, '2024-01-16 04:59:43', NULL, NULL),
(289, 71, 'create_admin_website_video_management_video_create', NULL, NULL, '2024-01-16 04:59:43', NULL, NULL),
(290, 71, 'edit_admin_website_video_management_video_create', NULL, NULL, '2024-01-16 04:59:43', NULL, NULL),
(291, 71, 'delete_admin_website_video_management_video_create', NULL, NULL, '2024-01-16 04:59:43', NULL, NULL),
(292, 71, 'show_admin_website_video_management_video_create', NULL, NULL, '2024-01-16 04:59:43', NULL, NULL),
(293, 72, 'access_admin_website_video_management_video', NULL, NULL, '2024-01-16 05:00:28', NULL, NULL),
(294, 72, 'create_admin_website_video_management_video', NULL, NULL, '2024-01-16 05:00:28', NULL, NULL),
(295, 72, 'edit_admin_website_video_management_video', NULL, NULL, '2024-01-16 05:00:28', NULL, NULL),
(296, 72, 'delete_admin_website_video_management_video', NULL, NULL, '2024-01-16 05:00:28', NULL, NULL),
(297, 72, 'show_admin_website_video_management_video', NULL, NULL, '2024-01-16 05:00:28', NULL, NULL),
(298, 73, 'access_chairman_message_management', NULL, NULL, '2024-01-17 22:57:32', NULL, NULL),
(299, 74, 'access_admin_website_message_management_message_create', NULL, NULL, '2024-01-17 22:58:54', NULL, NULL),
(300, 74, 'create_admin_website_message_management_message_create', NULL, NULL, '2024-01-17 22:58:54', NULL, NULL),
(301, 74, 'edit_admin_website_message_management_message_create', NULL, NULL, '2024-01-17 22:58:54', NULL, NULL),
(302, 74, 'delete_admin_website_message_management_message_create', NULL, NULL, '2024-01-17 22:58:54', NULL, NULL),
(303, 74, 'show_admin_website_message_management_message_create', NULL, NULL, '2024-01-17 22:58:54', NULL, NULL),
(304, 75, 'access_admin_website_message_management_message', NULL, NULL, '2024-01-17 23:00:07', NULL, NULL),
(305, 75, 'create_admin_website_message_management_message', NULL, NULL, '2024-01-17 23:00:07', NULL, NULL),
(306, 75, 'edit_admin_website_message_management_message', NULL, NULL, '2024-01-17 23:00:07', NULL, NULL),
(307, 75, 'delete_admin_website_message_management_message', NULL, NULL, '2024-01-17 23:00:07', NULL, NULL),
(308, 75, 'show_admin_website_message_management_message', NULL, NULL, '2024-01-17 23:00:07', NULL, NULL),
(309, 76, 'access_contact_management', NULL, NULL, '2024-01-18 00:26:30', NULL, NULL),
(310, 77, 'access_admin_website_contact_management_contact_create', NULL, NULL, '2024-01-18 00:28:30', NULL, NULL),
(311, 77, 'create_admin_website_contact_management_contact_create', NULL, NULL, '2024-01-18 00:28:30', NULL, NULL),
(312, 77, 'edit_admin_website_contact_management_contact_create', NULL, NULL, '2024-01-18 00:28:30', NULL, NULL),
(313, 77, 'delete_admin_website_contact_management_contact_create', NULL, NULL, '2024-01-18 00:28:30', NULL, NULL),
(314, 77, 'show_admin_website_contact_management_contact_create', NULL, NULL, '2024-01-18 00:28:30', NULL, NULL),
(315, 78, 'access_admin_website_contact_management_contact', NULL, NULL, '2024-01-18 00:29:51', NULL, NULL),
(316, 78, 'create_admin_website_contact_management_contact', NULL, NULL, '2024-01-18 00:29:51', NULL, NULL),
(317, 78, 'edit_admin_website_contact_management_contact', NULL, NULL, '2024-01-18 00:29:51', NULL, NULL),
(318, 78, 'delete_admin_website_contact_management_contact', NULL, NULL, '2024-01-18 00:29:51', NULL, NULL),
(319, 78, 'show_admin_website_contact_management_contact', NULL, NULL, '2024-01-18 00:29:51', NULL, NULL),
(320, 79, 'access_admin_hr_management_hr_settings_employee_category', NULL, 1, '2024-01-21 03:51:56', '2024-01-21 04:06:45', NULL),
(321, 79, 'create_admin_hr_management_hr_settings_employee_category', NULL, 1, '2024-01-21 03:51:56', '2024-01-21 04:06:45', NULL),
(322, 79, 'edit_admin_hr_management_hr_settings_employee_category', NULL, 1, '2024-01-21 03:51:56', '2024-01-21 04:06:45', NULL),
(323, 79, 'delete_admin_hr_management_hr_settings_employee_category', NULL, 1, '2024-01-21 03:51:56', '2024-01-21 04:06:45', NULL),
(324, 79, 'show_admin_hr_management_hr_settings_employee_category', NULL, 1, '2024-01-21 03:51:56', '2024-01-21 04:06:45', NULL),
(325, 80, 'access_admin_hr_management_hr_settings_employee_punishment_category', NULL, NULL, '2024-01-21 06:24:39', NULL, NULL),
(326, 80, 'create_admin_hr_management_hr_settings_employee_punishment_category', NULL, NULL, '2024-01-21 06:24:39', NULL, NULL),
(327, 80, 'edit_admin_hr_management_hr_settings_employee_punishment_category', NULL, NULL, '2024-01-21 06:24:39', NULL, NULL),
(328, 80, 'delete_admin_hr_management_hr_settings_employee_punishment_category', NULL, NULL, '2024-01-21 06:24:39', NULL, NULL),
(329, 80, 'show_admin_hr_management_hr_settings_employee_punishment_category', NULL, NULL, '2024-01-21 06:24:39', NULL, NULL),
(330, 81, 'access_accounts_management', NULL, NULL, '2024-01-20 21:19:57', NULL, NULL),
(331, 82, 'access_collection_setup', NULL, NULL, '2024-01-20 21:21:15', NULL, NULL),
(332, 83, 'access_admin_account_management_collection_setup_collection_category', NULL, 1, '2024-01-20 21:24:07', '2024-01-20 22:27:18', NULL),
(333, 83, 'create_admin_account_management_collection_setup_collection_category', NULL, 1, '2024-01-20 21:24:07', '2024-01-20 22:27:18', NULL),
(334, 83, 'edit_admin_account_management_collection_setup_collection_category', NULL, 1, '2024-01-20 21:24:07', '2024-01-20 22:27:18', NULL),
(335, 83, 'delete_admin_account_management_collection_setup_collection_category', NULL, 1, '2024-01-20 21:24:07', '2024-01-20 22:27:18', NULL),
(336, 83, 'show_admin_account_management_collection_setup_collection_category', NULL, 1, '2024-01-20 21:24:07', '2024-01-20 22:27:18', NULL),
(337, 84, 'access_admin_account_management_collection_setup_collection_head', NULL, NULL, '2024-01-20 23:28:28', NULL, NULL),
(338, 84, 'create_admin_account_management_collection_setup_collection_head', NULL, NULL, '2024-01-20 23:28:28', NULL, NULL),
(339, 84, 'edit_admin_account_management_collection_setup_collection_head', NULL, NULL, '2024-01-20 23:28:28', NULL, NULL),
(340, 84, 'delete_admin_account_management_collection_setup_collection_head', NULL, NULL, '2024-01-20 23:28:28', NULL, NULL),
(341, 84, 'show_admin_account_management_collection_setup_collection_head', NULL, NULL, '2024-01-20 23:28:28', NULL, NULL),
(342, 85, 'access_academic_management', NULL, NULL, '2024-01-21 00:53:48', NULL, NULL),
(343, 86, 'access_academic_setup', NULL, NULL, '2024-01-21 16:39:13', NULL, NULL),
(344, 87, 'access_admin_account_management_collection_setup_class_wise_collection_create', NULL, 1, '2024-01-21 18:32:35', '2024-01-24 20:04:08', NULL),
(345, 87, 'create_admin_account_management_collection_setup_class_wise_collection_create', NULL, 1, '2024-01-21 18:32:35', '2024-01-24 20:04:08', NULL),
(346, 87, 'edit_admin_account_management_collection_setup_class_wise_collection_create', NULL, 1, '2024-01-21 18:32:35', '2024-01-24 20:04:08', NULL),
(347, 87, 'delete_admin_account_management_collection_setup_class_wise_collection_create', NULL, 1, '2024-01-21 18:32:35', '2024-01-24 20:04:08', NULL),
(348, 87, 'show_admin_account_management_collection_setup_class_wise_collection_create', NULL, 1, '2024-01-21 18:32:35', '2024-01-24 20:04:08', NULL),
(349, 88, 'access_admin_account_management_collection_setup_student_wise_collection_create', NULL, 1, '2024-01-22 16:44:24', '2024-01-24 17:02:05', NULL),
(350, 88, 'create_admin_account_management_collection_setup_student_wise_collection_create', NULL, 1, '2024-01-22 16:44:24', '2024-01-24 17:02:05', NULL),
(351, 88, 'edit_admin_account_management_collection_setup_student_wise_collection_create', NULL, 1, '2024-01-22 16:44:24', '2024-01-24 17:02:05', NULL),
(352, 88, 'delete_admin_account_management_collection_setup_student_wise_collection_create', NULL, 1, '2024-01-22 16:44:24', '2024-01-24 17:02:05', NULL),
(353, 88, 'show_admin_account_management_collection_setup_student_wise_collection_create', NULL, 1, '2024-01-22 16:44:24', '2024-01-24 17:02:05', NULL),
(354, 89, 'access_admin_account_management_collection_setup_student_wise_collection', NULL, 1, '2024-01-23 18:42:34', '2024-01-24 17:02:32', NULL),
(355, 89, 'create_admin_account_management_collection_setup_student_wise_collection', NULL, 1, '2024-01-23 18:42:34', '2024-01-24 17:02:32', NULL),
(356, 89, 'edit_admin_account_management_collection_setup_student_wise_collection', NULL, 1, '2024-01-23 18:42:34', '2024-01-24 17:02:32', NULL),
(357, 89, 'delete_admin_account_management_collection_setup_student_wise_collection', NULL, 1, '2024-01-23 18:42:34', '2024-01-24 17:02:32', NULL),
(358, 89, 'show_admin_account_management_collection_setup_student_wise_collection', NULL, 1, '2024-01-23 18:42:34', '2024-01-24 17:02:32', NULL),
(359, 90, 'access_admin_account_management_collection_setup_class_wise_collection', NULL, NULL, '2024-01-24 20:05:31', NULL, NULL),
(360, 90, 'create_admin_account_management_collection_setup_class_wise_collection', NULL, NULL, '2024-01-24 20:05:31', NULL, NULL),
(361, 90, 'edit_admin_account_management_collection_setup_class_wise_collection', NULL, NULL, '2024-01-24 20:05:31', NULL, NULL),
(362, 90, 'delete_admin_account_management_collection_setup_class_wise_collection', NULL, NULL, '2024-01-24 20:05:31', NULL, NULL),
(363, 90, 'show_admin_account_management_collection_setup_class_wise_collection', NULL, NULL, '2024-01-24 20:05:31', NULL, NULL);

-- --------------------------------------------------------

--
-- Table structure for table `permission_role`
--

CREATE TABLE `permission_role` (
  `role_id` int(10) UNSIGNED NOT NULL,
  `permission_id` int(10) UNSIGNED NOT NULL
) ENGINE=InnoDB DEFAULT CHARSET=utf8mb4 COLLATE=utf8mb4_unicode_ci;

--
-- Dumping data for table `permission_role`
--

INSERT INTO `permission_role` (`role_id`, `permission_id`) VALUES
(1, 11),
(1, 46),
(1, 47),
(1, 48),
(1, 49),
(1, 50),
(1, 51),
(1, 52),
(1, 53),
(1, 54),
(1, 55),
(1, 56),
(1, 57),
(1, 58),
(1, 59),
(1, 60),
(1, 61),
(1, 62),
(1, 63),
(1, 64),
(1, 65),
(1, 66),
(1, 67),
(1, 68),
(1, 69),
(1, 70),
(1, 71),
(1, 72),
(1, 73),
(1, 74),
(1, 75),
(1, 76),
(1, 77),
(1, 78),
(1, 79),
(1, 80),
(1, 81),
(1, 82),
(1, 83),
(1, 84),
(1, 85),
(1, 86),
(1, 87),
(1, 88),
(1, 89),
(1, 90),
(1, 91),
(1, 92),
(1, 93),
(1, 94),
(1, 95),
(1, 96),
(1, 97),
(1, 98),
(1, 99),
(1, 100),
(1, 101),
(1, 102),
(1, 103),
(1, 104),
(1, 105),
(1, 106),
(1, 107),
(1, 108),
(1, 109),
(1, 110),
(1, 111),
(1, 112),
(1, 113),
(1, 114),
(1, 115),
(1, 116),
(1, 117),
(1, 118),
(1, 124),
(1, 126),
(1, 127),
(1, 143),
(1, 144),
(1, 145),
(1, 146),
(1, 147),
(1, 148),
(1, 149),
(1, 150),
(1, 151),
(1, 152),
(1, 158),
(1, 159),
(1, 160),
(1, 160),
(1, 161),
(1, 162),
(1, 163),
(1, 164),
(1, 165),
(1, 166),
(1, 167),
(1, 185),
(1, 186),
(1, 187),
(1, 188),
(1, 189),
(1, 190),
(1, 191),
(1, 192),
(1, 193),
(1, 194),
(1, 195),
(1, 196),
(1, 197),
(1, 198),
(1, 199),
(1, 200),
(1, 201),
(1, 202),
(1, 203),
(1, 204),
(1, 168),
(1, 169),
(1, 175),
(1, 170),
(1, 29),
(1, 30),
(1, 31),
(1, 32),
(1, 33),
(1, 34),
(1, 35),
(1, 36),
(1, 37),
(1, 39),
(1, 40),
(1, 41),
(1, 42),
(1, 43),
(1, 44),
(1, 45),
(1, 125),
(1, 24),
(1, 205),
(1, 206),
(1, 211),
(1, 216),
(1, 212),
(1, 213),
(1, 214),
(1, 215),
(1, 217),
(1, 218),
(1, 219),
(1, 220),
(3, 205),
(3, 206),
(3, 211),
(3, 212),
(3, 213),
(3, 214),
(3, 215),
(3, 216),
(3, 217),
(3, 218),
(3, 219),
(3, 220),
(3, 24),
(1, 221),
(1, 222),
(1, 223),
(1, 224),
(1, 225),
(1, 226),
(1, 227),
(1, 228),
(1, 229),
(1, 230),
(1, 231),
(1, 232),
(1, 233),
(1, 234),
(1, 235),
(1, 236),
(1, 237),
(1, 238),
(1, 239),
(1, 240),
(1, 241),
(1, 242),
(1, 243),
(1, 244),
(1, 245),
(1, 246),
(1, 247),
(1, 248),
(1, 249),
(1, 250),
(1, 251),
(1, 252),
(1, 253),
(1, 254),
(1, 255),
(1, 256),
(1, 257),
(1, 258),
(1, 259),
(1, 260),
(1, 261),
(1, 262),
(1, 263),
(1, 264),
(1, 265),
(1, 266),
(1, 267),
(1, 268),
(1, 269),
(1, 270),
(1, 271),
(1, 272),
(1, 273),
(1, 274),
(1, 275),
(1, 276),
(1, 277),
(1, 278),
(1, 279),
(1, 280),
(1, 281),
(1, 282),
(1, 283),
(1, 284),
(1, 285),
(1, 286),
(1, 287),
(1, 288),
(1, 289),
(1, 290),
(1, 291),
(1, 292),
(1, 293),
(1, 294),
(1, 295),
(1, 296),
(1, 297),
(1, 298),
(1, 299),
(1, 300),
(1, 301),
(1, 302),
(1, 303),
(1, 304),
(1, 305),
(1, 306),
(1, 307),
(1, 308),
(1, 309),
(1, 310),
(1, 311),
(1, 312),
(1, 313),
(1, 314),
(1, 315),
(1, 316),
(1, 317),
(1, 318),
(1, 319),
(1, 320),
(1, 321),
(1, 322),
(1, 323),
(1, 324),
(1, 325),
(1, 326),
(1, 327),
(1, 328),
(1, 329),
(1, 342),
(1, 343),
(1, 354),
(1, 355),
(1, 356),
(1, 357),
(1, 358),
(1, 359),
(1, 360),
(1, 361),
(1, 362),
(1, 363),
(1, 344),
(1, 349),
(1, 330),
(1, 331),
(1, 332),
(1, 333),
(1, 334),
(1, 335),
(1, 336),
(1, 337),
(1, 338),
(1, 339),
(1, 340),
(1, 341),
(1, 345),
(1, 346),
(1, 347),
(1, 348),
(1, 350),
(1, 351),
(1, 352),
(1, 353);

-- --------------------------------------------------------

--
-- Table structure for table `photos`
--

CREATE TABLE `photos` (
  `id` int(11) NOT NULL,
  `scope_id` int(11) NOT NULL,
  `photo_date` date NOT NULL,
  `photo_title` text NOT NULL,
  `photo_short_name` varchar(64) DEFAULT NULL,
  `photo_description` text DEFAULT NULL,
  `upload_file` varchar(125) DEFAULT NULL,
  `main_domain` varchar(64) DEFAULT NULL,
  `created_by` int(11) DEFAULT NULL,
  `updated_by` int(11) DEFAULT NULL,
  `created_at` timestamp NULL DEFAULT NULL,
  `updated_at` timestamp NULL DEFAULT NULL,
  `deleted_at` timestamp NULL DEFAULT NULL
) ENGINE=InnoDB DEFAULT CHARSET=utf8 COLLATE=utf8_general_ci;

--
-- Dumping data for table `photos`
--

INSERT INTO `photos` (`id`, `scope_id`, `photo_date`, `photo_title`, `photo_short_name`, `photo_description`, `upload_file`, `main_domain`, `created_by`, `updated_by`, `created_at`, `updated_at`, `deleted_at`) VALUES
(1, 1, '2024-01-25', 'dfasdfasd', NULL, '<p>dfasdfasd</p>', '/uploads/1/events/01_cadet_college_srs_ag_s_landing_page_14_12_2023.pdf', '127.0.0.1', 1, 1, '2024-01-15 23:09:20', '2024-01-16 00:06:58', '2024-01-16 00:06:58'),
(2, 13, '2024-01-16', 'dfasd', 'dsfasd', '<p>dfasd</p>', '/uploads/13/events/01_cadet_college_srs_ag_s_landing_page_14_12_2023.pdf', '127.0.0.1', 1, NULL, '2024-01-15 23:37:22', '2024-01-16 00:06:53', '2024-01-16 00:06:53'),
(3, 13, '2024-01-16', 'gdfgsdf', NULL, '<p>fgsdfgsdf</p>', '/uploads/13/events/01_cadet_college_srs_ag_s_landing_page_14_12_2023.pdf', '127.0.0.1', 1, 1, '2024-01-15 23:42:48', '2024-01-16 00:06:47', '2024-01-16 00:06:47'),
(4, 13, '2024-01-16', 'dfasdfasd', NULL, NULL, NULL, '127.0.0.1', 1, NULL, '2024-01-15 23:43:40', '2024-01-16 00:01:30', '2024-01-16 00:01:30'),
(5, 13, '2024-01-16', 'dfafasd', 'dsfsadf', '<p>asdfasdfasd</p>', NULL, '127.0.0.1', 1, NULL, '2024-01-15 23:44:52', '2024-01-16 00:01:25', '2024-01-16 00:01:25'),
(6, 13, '2024-01-16', 'dfsdfasd', 'asdfasd', '<p>asdfasdf</p>', NULL, '127.0.0.1', 1, NULL, '2024-01-15 23:45:42', '2024-01-16 00:01:17', '2024-01-16 00:01:17'),
(7, 13, '2024-01-16', 'dfasdf', 'asdfasd', '<p>dsfasdf</p>', NULL, '127.0.0.1', 1, NULL, '2024-01-15 23:46:54', '2024-01-15 23:50:09', '2024-01-15 23:50:09'),
(8, 13, '2024-01-16', 'fdsfasdfdwersdfasd34', 'asdfasdf', NULL, NULL, '127.0.0.1', 1, 1, '2024-01-15 23:49:26', '2024-01-15 23:49:57', '2024-01-15 23:49:57'),
(9, 13, '2024-01-16', 'fdsfasd', 'dsd', '<p>asdfasd</p>', '/uploads/13/events/01_cadet_college_srs_ag_s_landing_page_14_12_2023_1705385236.pdf', '127.0.0.1', 1, NULL, '2024-01-16 00:07:16', '2024-01-16 01:12:29', '2024-01-16 01:12:29'),
(10, 13, '2024-01-16', 'fdfasd', 'dsfasdfasd', '<p>dfasdfasd</p>', '/uploads/13/events/01_cadet_college_srs_ag_s_landing_page_14_12_2023_1705385275.pdf', '127.0.0.1', 1, NULL, '2024-01-16 00:07:55', '2024-01-16 00:07:55', NULL),
(11, 13, '2024-01-17', 'new photo', 'dfasdf', '<p>adfasdf</p>', '/uploads/13/photos/2bfde1c8_df15_4a98_b681_f3bccf931cf0_1705388957.jpeg', '127.0.0.1', 1, 1, '2024-01-16 01:09:17', '2024-01-16 01:12:46', NULL),
(12, 13, '2024-01-16', 'adfasd', 'dafasd', NULL, '/uploads/13/photos/d2f87966_56d4_4d0d_8f83_43d912e0ef1f_1705390719.jpeg', '127.0.0.1', 1, NULL, '2024-01-16 01:38:39', '2024-01-16 01:38:39', NULL);

-- --------------------------------------------------------

--
-- Table structure for table `relation_names`
--

CREATE TABLE `relation_names` (
  `id` int(11) NOT NULL,
  `relation_name` varchar(125) NOT NULL,
  `relation_short_name` varchar(64) NOT NULL,
  `relation_name_description` text DEFAULT NULL,
  `created_by` int(11) DEFAULT NULL,
  `updated_by` int(11) DEFAULT NULL,
  `created_at` timestamp NULL DEFAULT NULL,
  `updated_at` timestamp NULL DEFAULT NULL,
  `deleted_at` timestamp NULL DEFAULT NULL
) ENGINE=InnoDB DEFAULT CHARSET=utf8 COLLATE=utf8_general_ci;

--
-- Dumping data for table `relation_names`
--

INSERT INTO `relation_names` (`id`, `relation_name`, `relation_short_name`, `relation_name_description`, `created_by`, `updated_by`, `created_at`, `updated_at`, `deleted_at`) VALUES
(1, 'Relation Name1', 'Relation 1', NULL, 1, 1, '2023-12-14 01:59:51', '2023-12-16 23:50:42', NULL),
(2, 'Relation Name2', 'Relation 2', NULL, 1, 1, '2023-12-14 02:02:38', '2023-12-16 23:50:52', NULL),
(3, 'Relation Name3', 'Relation 3', NULL, 1, 1, '2023-12-14 02:02:59', '2023-12-16 23:51:04', NULL);

-- --------------------------------------------------------

--
-- Table structure for table `religion_names`
--

CREATE TABLE `religion_names` (
  `id` int(11) NOT NULL,
  `religion_name` varchar(125) NOT NULL,
  `religion_short_name` varchar(64) NOT NULL,
  `religion_name_description` text DEFAULT NULL,
  `created_by` int(11) DEFAULT NULL,
  `updated_by` int(11) DEFAULT NULL,
  `created_at` timestamp NULL DEFAULT NULL,
  `updated_at` timestamp NULL DEFAULT NULL,
  `deleted_at` timestamp NULL DEFAULT NULL
) ENGINE=InnoDB DEFAULT CHARSET=utf8 COLLATE=utf8_general_ci;

--
-- Dumping data for table `religion_names`
--

INSERT INTO `religion_names` (`id`, `religion_name`, `religion_short_name`, `religion_name_description`, `created_by`, `updated_by`, `created_at`, `updated_at`, `deleted_at`) VALUES
(1, 'Islam', 'Islam', NULL, 1, 1, '2023-12-14 01:59:51', '2023-12-16 23:29:11', NULL),
(2, 'Christianity', 'Christianity', NULL, 1, 1, '2023-12-14 02:02:38', '2023-12-16 23:28:16', NULL),
(3, 'Hinduism', 'Hinduism', NULL, 1, 1, '2023-12-14 02:02:59', '2023-12-16 23:28:33', NULL),
(4, 'Buddhism', 'Buddhism', NULL, NULL, NULL, NULL, NULL, NULL);

-- --------------------------------------------------------

--
-- Table structure for table `roles`
--

CREATE TABLE `roles` (
  `id` int(10) UNSIGNED NOT NULL,
  `title` varchar(255) DEFAULT NULL,
  `created_by` int(11) NOT NULL,
  `updated_by` int(11) DEFAULT NULL,
  `created_at` timestamp NULL DEFAULT NULL,
  `updated_at` timestamp NULL DEFAULT NULL,
  `deleted_at` timestamp NULL DEFAULT NULL
) ENGINE=InnoDB DEFAULT CHARSET=utf8mb4 COLLATE=utf8mb4_unicode_ci;

--
-- Dumping data for table `roles`
--

INSERT INTO `roles` (`id`, `title`, `created_by`, `updated_by`, `created_at`, `updated_at`, `deleted_at`) VALUES
(1, 'Admin', 0, NULL, '2022-01-01 07:15:46', '2023-02-19 16:05:23', NULL),
(2, 'User', 0, NULL, '2023-02-13 23:47:45', '2023-02-19 16:10:53', NULL),
(3, 'AG`s Admin', 1, NULL, '2023-12-21 03:12:12', '2023-12-21 03:12:12', NULL),
(4, 'AG`s User', 1, NULL, '2023-12-21 03:12:12', '2023-12-21 03:12:12', NULL);

-- --------------------------------------------------------

--
-- Table structure for table `role_user`
--

CREATE TABLE `role_user` (
  `user_id` int(10) UNSIGNED NOT NULL,
  `role_id` int(10) UNSIGNED NOT NULL
) ENGINE=InnoDB DEFAULT CHARSET=utf8mb4 COLLATE=utf8mb4_unicode_ci;

--
-- Dumping data for table `role_user`
--

INSERT INTO `role_user` (`user_id`, `role_id`) VALUES
(1, 1),
(3, 3),
(4, 3),
(5, 3),
(6, 3),
(7, 3);

-- --------------------------------------------------------

--
-- Table structure for table `scopes`
--

CREATE TABLE `scopes` (
  `id` int(11) NOT NULL,
  `name` varchar(30) CHARACTER SET utf8 COLLATE utf8_general_ci DEFAULT NULL,
  `short_name` varchar(64) NOT NULL,
  `location` varchar(22) CHARACTER SET utf8 COLLATE utf8_general_ci DEFAULT NULL,
  `division` varchar(10) CHARACTER SET utf8 COLLATE utf8_general_ci DEFAULT NULL,
  `area_acre` decimal(5,2) DEFAULT NULL,
  `established` int(11) DEFAULT NULL,
  `order_no` int(11) NOT NULL,
  `main_domain` varchar(32) NOT NULL,
  `logo` varchar(125) DEFAULT NULL,
  `created_by` int(11) DEFAULT NULL,
  `updated_by` int(11) DEFAULT NULL,
  `created_at` timestamp NOT NULL DEFAULT current_timestamp(),
  `updated_at` timestamp NULL DEFAULT NULL,
  `deleted_at` timestamp NULL DEFAULT NULL
) ENGINE=InnoDB DEFAULT CHARSET=utf8mb4 COLLATE=utf8mb4_general_ci;

--
-- Dumping data for table `scopes`
--

INSERT INTO `scopes` (`id`, `name`, `short_name`, `location`, `division`, `area_acre`, `established`, `order_no`, `main_domain`, `logo`, `created_by`, `updated_by`, `created_at`, `updated_at`, `deleted_at`) VALUES
(1, 'Faujdarhat Cadet College', 'fcc', 'Faujdarhat, Chattogram', 'Chattogram', 185.00, 1958, 2, 'http://127.0.0.1:8000', '/uploads/scope/fcc.png', NULL, NULL, '2024-01-14 08:30:59', NULL, NULL),
(2, 'Jhenaidah Cadet College', 'jcc', 'Jhenaidah', 'Khulna', 103.00, 1963, 3, 'http://127.0.0.1:8000', '/uploads/scope/fcc.jpeg', NULL, NULL, '2024-01-14 08:30:59', NULL, NULL),
(3, 'Mirzapur Cadet College', 'mcc', 'Mirzapur, Tangail', 'Dhaka', 95.00, 1963, 4, 'http://127.0.0.1:8000', NULL, NULL, NULL, '2024-01-14 08:30:59', NULL, NULL),
(4, 'Rajshahi Cadet College', 'rcc', 'Sardah, Rajshahi', 'Rajshahi', 110.00, 1965, 5, 'http://127.0.0.1:8000', NULL, NULL, NULL, '2024-01-14 08:30:59', NULL, NULL),
(5, 'Sylhet Cadet College', 'scc', 'Sylhet', 'Sylhet', 52.37, 1978, 6, 'http://127.0.0.1:8000', NULL, NULL, NULL, '2024-01-14 08:30:59', NULL, NULL),
(6, 'Rangpur Cadet College', 'racc', 'Alamnagar, Rangpur', 'Rangpur', 37.00, 1979, 7, 'http://127.0.0.1:8000', NULL, NULL, NULL, '2024-01-14 08:30:59', NULL, NULL),
(7, 'Barisal Cadet College', 'bcc', 'Rahmatpur, Barisal', 'Barisal', 50.00, 1981, 8, 'http://127.0.0.1:8000', NULL, NULL, NULL, '2024-01-14 08:30:59', NULL, NULL),
(8, 'Pabna Cadet College', 'pcc', 'Pabna', 'Rajshahi', 38.00, 1981, 9, 'http://127.0.0.1:8000', NULL, NULL, NULL, '2024-01-14 08:30:59', NULL, NULL),
(9, 'Mymensingh Girls Cadet College', 'mgcc', 'Mymensingh', 'Mymensingh', 23.00, 1983, 10, 'http://127.0.0.1:8000', NULL, NULL, NULL, '2024-01-14 08:30:59', NULL, NULL),
(10, 'Comilla Cadet College', 'ccc', 'Kotbari, Cumilla', 'Chattogram', 52.00, 1983, 11, 'http://127.0.0.1:8000', NULL, NULL, NULL, '2024-01-14 08:30:59', NULL, NULL),
(11, 'Feni Girls Cadet College', 'fgcc', 'Feni', 'Chattogram', 49.50, 2006, 12, 'http://127.0.0.1:8000', NULL, NULL, NULL, '2024-01-14 08:30:59', NULL, NULL),
(12, 'Joypurhat Girls Cadet College', 'jgcc', 'Joypurhat', 'Rajshahi', 57.00, 2006, 13, 'http://127.0.0.1:8000', NULL, NULL, NULL, '2024-01-14 08:30:59', NULL, NULL),
(13, 'AG\'s Landing Page', 'ag', '-', '-', 0.00, 0, 1, 'http://127.0.0.1:8000', '/uploads/scope/ag.png', NULL, NULL, '2024-01-14 08:30:59', NULL, NULL);

-- --------------------------------------------------------

--
-- Table structure for table `sliders`
--

CREATE TABLE `sliders` (
  `id` int(11) NOT NULL,
  `scope_id` int(11) NOT NULL,
  `slider_date` date NOT NULL,
  `slider_title` text NOT NULL,
  `slider_short_name` varchar(64) DEFAULT NULL,
  `slider_description` text DEFAULT NULL,
  `upload_file` varchar(125) DEFAULT NULL,
  `main_domain` varchar(64) DEFAULT NULL,
  `status_id` int(11) NOT NULL DEFAULT 1,
  `created_by` int(11) DEFAULT NULL,
  `updated_by` int(11) DEFAULT NULL,
  `created_at` timestamp NULL DEFAULT NULL,
  `updated_at` timestamp NULL DEFAULT NULL,
  `deleted_at` timestamp NULL DEFAULT NULL
) ENGINE=InnoDB DEFAULT CHARSET=utf8 COLLATE=utf8_general_ci;

--
-- Dumping data for table `sliders`
--

INSERT INTO `sliders` (`id`, `scope_id`, `slider_date`, `slider_title`, `slider_short_name`, `slider_description`, `upload_file`, `main_domain`, `status_id`, `created_by`, `updated_by`, `created_at`, `updated_at`, `deleted_at`) VALUES
(1, 13, '2024-01-25', 'Bangladesh Cadet Colledge Admission Circular - 2024', NULL, '<p>Lorem Ipsum is simply dummy text of the printing and typesetting industry. Lorem Ipsum has been the industry\'s standard dummy text ever since the 1500s, when an unknown printer took a galley of type and scrambled it to make a type specimen book. It has survived not only five centuries, but also the leap into electronic typesetting, remaining essentially unchanged. It was popularised in the 1960s with the release of Letraset sheets containing Lorem Ipsum passages, and more recently with desktop publishing software like Aldus PageMaker including versions of Lorem Ipsum.</p>', '/uploads/1/sliders/1.jpg', 'http://127.0.0.1:8000', 1, 1, 1, '2024-01-15 23:09:20', '2024-01-16 00:06:58', '2024-01-16 00:06:58'),
(2, 13, '2024-01-16', 'Bangladesh Cadet Colledge Admission Circular - 2024', 'dsfasd', '<p>dfasd</p>', '/uploads/1/sliders/2.jpg', 'http://127.0.0.1:8000', 1, 1, NULL, '2024-01-15 23:37:22', '2024-01-16 00:06:53', '2024-01-16 00:06:53'),
(3, 13, '2024-01-16', 'Bangladesh Cadet Colledge Admission Circular - 2024', NULL, '<p>fgsdfgsdf</p>', '/uploads/1/sliders/3.jpg', 'http://127.0.0.1:8000', 1, 1, 1, '2024-01-15 23:42:48', '2024-01-16 00:06:47', '2024-01-16 00:06:47');

-- --------------------------------------------------------

--
-- Table structure for table `statuses`
--

CREATE TABLE `statuses` (
  `id` int(11) NOT NULL,
  `name` varchar(25) NOT NULL,
  `created_by` int(11) DEFAULT NULL,
  `updated_by` int(11) DEFAULT NULL,
  `created_at` timestamp NULL DEFAULT NULL,
  `updated_at` timestamp NULL DEFAULT NULL,
  `deleted_at` timestamp NULL DEFAULT NULL
) ENGINE=InnoDB DEFAULT CHARSET=utf8 COLLATE=utf8_general_ci;

--
-- Dumping data for table `statuses`
--

INSERT INTO `statuses` (`id`, `name`, `created_by`, `updated_by`, `created_at`, `updated_at`, `deleted_at`) VALUES
(1, 'Active', NULL, NULL, NULL, NULL, NULL),
(2, 'Inactive', NULL, NULL, NULL, NULL, NULL);

-- --------------------------------------------------------

--
-- Table structure for table `student_wise_collections`
--

CREATE TABLE `student_wise_collections` (
  `id` int(11) NOT NULL,
  `scope_id` int(11) NOT NULL,
  `academic_class_id` int(11) NOT NULL,
  `academic_group_id` int(11) DEFAULT NULL,
  `academic_section_id` tinyint(4) DEFAULT NULL,
  `cadet_id` tinyint(4) NOT NULL,
  `year` varchar(50) DEFAULT NULL,
  `created_by` int(11) DEFAULT NULL,
  `updated_by` int(11) DEFAULT NULL,
  `created_at` timestamp NULL DEFAULT NULL,
  `updated_at` timestamp NULL DEFAULT NULL,
  `deleted_at` timestamp NULL DEFAULT NULL
) ENGINE=InnoDB DEFAULT CHARSET=utf8 COLLATE=utf8_general_ci;

--
-- Dumping data for table `student_wise_collections`
--

INSERT INTO `student_wise_collections` (`id`, `scope_id`, `academic_class_id`, `academic_group_id`, `academic_section_id`, `cadet_id`, `year`, `created_by`, `updated_by`, `created_at`, `updated_at`, `deleted_at`) VALUES
(1, 1, 1, NULL, NULL, 1, '2024', 1, NULL, '2024-01-24 05:08:30', '2024-01-24 06:04:36', '2024-01-24 06:04:36'),
(2, 1, 1, NULL, NULL, 2, '2024', 1, NULL, '2024-01-24 05:14:04', '2024-01-24 05:14:04', NULL),
(3, 1, 1, NULL, NULL, 5, '2024', 1, NULL, '2024-01-24 05:40:40', '2024-01-24 05:40:40', NULL),
(4, 1, 1, NULL, NULL, 6, '2024', 1, NULL, '2024-01-24 05:41:25', '2024-01-24 05:41:25', NULL),
(5, 1, 1, NULL, NULL, 1, '2024', 1, NULL, '2024-01-24 06:04:54', '2024-01-24 06:04:54', NULL);

-- --------------------------------------------------------

--
-- Table structure for table `training_names`
--

CREATE TABLE `training_names` (
  `id` int(11) NOT NULL,
  `training_name` varchar(125) NOT NULL,
  `training_short_name` varchar(64) NOT NULL,
  `training_name_description` text DEFAULT NULL,
  `created_by` int(11) DEFAULT NULL,
  `updated_by` int(11) DEFAULT NULL,
  `created_at` timestamp NULL DEFAULT NULL,
  `updated_at` timestamp NULL DEFAULT NULL,
  `deleted_at` timestamp NULL DEFAULT NULL
) ENGINE=InnoDB DEFAULT CHARSET=utf8 COLLATE=utf8_general_ci;

--
-- Dumping data for table `training_names`
--

INSERT INTO `training_names` (`id`, `training_name`, `training_short_name`, `training_name_description`, `created_by`, `updated_by`, `created_at`, `updated_at`, `deleted_at`) VALUES
(1, 'Training Name1', 'Training1', NULL, 1, 1, '2023-12-14 01:59:51', '2023-12-14 02:01:04', NULL),
(2, 'Training Name2', 'Training2', NULL, 1, NULL, '2023-12-14 02:02:38', '2023-12-14 02:02:38', NULL),
(3, 'Training Name3', 'Training3', NULL, 1, NULL, '2023-12-14 02:02:59', '2023-12-14 02:02:59', NULL);

-- --------------------------------------------------------

--
-- Table structure for table `training_types`
--

CREATE TABLE `training_types` (
  `id` int(11) NOT NULL,
  `training_type_name` varchar(125) NOT NULL,
  `created_by` int(11) DEFAULT NULL,
  `updated_by` int(11) DEFAULT NULL,
  `created_at` timestamp NULL DEFAULT NULL,
  `updated_at` timestamp NULL DEFAULT NULL,
  `deleted_at` timestamp NULL DEFAULT NULL
) ENGINE=InnoDB DEFAULT CHARSET=utf8 COLLATE=utf8_general_ci;

--
-- Dumping data for table `training_types`
--

INSERT INTO `training_types` (`id`, `training_type_name`, `created_by`, `updated_by`, `created_at`, `updated_at`, `deleted_at`) VALUES
(1, 'Domestic Training', 1, 1, '2023-12-14 01:59:51', '2023-12-14 02:01:04', NULL),
(2, 'Foreign Training', 1, NULL, '2023-12-14 02:02:38', '2023-12-14 02:02:38', NULL),
(3, 'Ansar VDP', 1, NULL, '2023-12-14 02:02:59', '2023-12-14 02:02:59', NULL);

-- --------------------------------------------------------

--
-- Table structure for table `upazilas`
--

CREATE TABLE `upazilas` (
  `id` int(11) NOT NULL,
  `division_id` int(11) NOT NULL,
  `district_id` int(11) NOT NULL,
  `upazila_name` varchar(64) NOT NULL,
  `upazila_bn_name` varchar(64) NOT NULL,
  `url` varchar(50) NOT NULL,
  `created_by` int(11) DEFAULT NULL,
  `updated_by` int(11) DEFAULT NULL,
  `created_at` timestamp NULL DEFAULT NULL,
  `updated_at` timestamp NULL DEFAULT NULL,
  `deleted_at` timestamp NULL DEFAULT NULL
) ENGINE=InnoDB DEFAULT CHARSET=utf8 COLLATE=utf8_general_ci;

--
-- Dumping data for table `upazilas`
--

INSERT INTO `upazilas` (`id`, `division_id`, `district_id`, `upazila_name`, `upazila_bn_name`, `url`, `created_by`, `updated_by`, `created_at`, `updated_at`, `deleted_at`) VALUES
(1, 1, 1, 'Debidwar', 'দেবিদ্বার', 'debidwar.comilla.gov.bd', NULL, NULL, NULL, NULL, NULL),
(2, 1, 1, 'Barura', 'বরুড়া', 'barura.comilla.gov.bd', NULL, NULL, NULL, NULL, NULL),
(3, 1, 1, 'Brahmanpara', 'ব্রাহ্মণপাড়া', 'brahmanpara.comilla.gov.bd', NULL, NULL, NULL, NULL, NULL),
(4, 1, 1, 'Chandina', 'চান্দিনা', 'chandina.comilla.gov.bd', NULL, NULL, NULL, NULL, NULL),
(5, 1, 1, 'Chauddagram', 'চৌদ্দগ্রাম', 'chauddagram.comilla.gov.bd', NULL, NULL, NULL, NULL, NULL),
(6, 1, 1, 'Daudkandi', 'দাউদকান্দি', 'daudkandi.comilla.gov.bd', NULL, NULL, NULL, NULL, NULL),
(7, 1, 1, 'Homna', 'হোমনা', 'homna.comilla.gov.bd', NULL, NULL, NULL, NULL, NULL),
(8, 1, 1, 'Laksam', 'লাকসাম', 'laksam.comilla.gov.bd', NULL, NULL, NULL, NULL, NULL),
(9, 1, 1, 'Muradnagar', 'মুরাদনগর', 'muradnagar.comilla.gov.bd', NULL, NULL, NULL, NULL, NULL),
(10, 1, 1, 'Nangalkot', 'নাঙ্গলকোট', 'nangalkot.comilla.gov.bd', NULL, NULL, NULL, NULL, NULL),
(11, 1, 1, 'Comilla Sadar', 'কুমিল্লা সদর', 'comillasadar.comilla.gov.bd', NULL, NULL, NULL, NULL, NULL),
(12, 1, 1, 'Meghna', 'মেঘনা', 'meghna.comilla.gov.bd', NULL, NULL, NULL, NULL, NULL),
(13, 1, 1, 'Monohargonj', 'মনোহরগঞ্জ', 'monohargonj.comilla.gov.bd', NULL, NULL, NULL, NULL, NULL),
(14, 1, 1, 'Sadarsouth', 'সদর দক্ষিণ', 'sadarsouth.comilla.gov.bd', NULL, NULL, NULL, NULL, NULL),
(15, 1, 1, 'Titas', 'তিতাস', 'titas.comilla.gov.bd', NULL, NULL, NULL, NULL, NULL),
(16, 1, 1, 'Burichang', 'বুড়িচং', 'burichang.comilla.gov.bd', NULL, NULL, NULL, NULL, NULL),
(17, 1, 1, 'Lalmai', 'লালমাই', 'lalmai.comilla.gov.bd', NULL, NULL, NULL, NULL, NULL),
(18, 1, 2, 'Chhagalnaiya', 'ছাগলনাইয়া', 'chhagalnaiya.feni.gov.bd', NULL, NULL, NULL, NULL, NULL),
(19, 1, 2, 'Feni Sadar', 'ফেনী সদর', 'sadar.feni.gov.bd', NULL, NULL, NULL, NULL, NULL),
(20, 1, 2, 'Sonagazi', 'সোনাগাজী', 'sonagazi.feni.gov.bd', NULL, NULL, NULL, NULL, NULL),
(21, 1, 2, 'Fulgazi', 'ফুলগাজী', 'fulgazi.feni.gov.bd', NULL, NULL, NULL, NULL, NULL),
(22, 1, 2, 'Parshuram', 'পরশুরাম', 'parshuram.feni.gov.bd', NULL, NULL, NULL, NULL, NULL),
(23, 1, 2, 'Daganbhuiyan', 'দাগনভূঞা', 'daganbhuiyan.feni.gov.bd', NULL, NULL, NULL, NULL, NULL),
(24, 1, 3, 'Brahmanbaria Sadar', 'ব্রাহ্মণবাড়িয়া সদর', 'sadar.brahmanbaria.gov.bd', NULL, NULL, NULL, NULL, NULL),
(25, 1, 3, 'Kasba', 'কসবা', 'kasba.brahmanbaria.gov.bd', NULL, NULL, NULL, NULL, NULL),
(26, 1, 3, 'Nasirnagar', 'নাসিরনগর', 'nasirnagar.brahmanbaria.gov.bd', NULL, NULL, NULL, NULL, NULL),
(27, 1, 3, 'Sarail', 'সরাইল', 'sarail.brahmanbaria.gov.bd', NULL, NULL, NULL, NULL, NULL),
(28, 1, 3, 'Ashuganj', 'আশুগঞ্জ', 'ashuganj.brahmanbaria.gov.bd', NULL, NULL, NULL, NULL, NULL),
(29, 1, 3, 'Akhaura', 'আখাউড়া', 'akhaura.brahmanbaria.gov.bd', NULL, NULL, NULL, NULL, NULL),
(30, 1, 3, 'Nabinagar', 'নবীনগর', 'nabinagar.brahmanbaria.gov.bd', NULL, NULL, NULL, NULL, NULL),
(31, 1, 3, 'Bancharampur', 'বাঞ্ছারামপুর', 'bancharampur.brahmanbaria.gov.bd', NULL, NULL, NULL, NULL, NULL),
(32, 1, 3, 'Bijoynagar', 'বিজয়নগর', 'bijoynagar.brahmanbaria.gov.bd    ', NULL, NULL, NULL, NULL, NULL),
(33, 1, 4, 'Rangamati Sadar', 'রাঙ্গামাটি সদর', 'sadar.rangamati.gov.bd', NULL, NULL, NULL, NULL, NULL),
(34, 1, 4, 'Kaptai', 'কাপ্তাই', 'kaptai.rangamati.gov.bd', NULL, NULL, NULL, NULL, NULL),
(35, 1, 4, 'Kawkhali', 'কাউখালী', 'kawkhali.rangamati.gov.bd', NULL, NULL, NULL, NULL, NULL),
(36, 1, 4, 'Baghaichari', 'বাঘাইছড়ি', 'baghaichari.rangamati.gov.bd', NULL, NULL, NULL, NULL, NULL),
(37, 1, 4, 'Barkal', 'বরকল', 'barkal.rangamati.gov.bd', NULL, NULL, NULL, NULL, NULL),
(38, 1, 4, 'Langadu', 'লংগদু', 'langadu.rangamati.gov.bd', NULL, NULL, NULL, NULL, NULL),
(39, 1, 4, 'Rajasthali', 'রাজস্থলী', 'rajasthali.rangamati.gov.bd', NULL, NULL, NULL, NULL, NULL),
(40, 1, 4, 'Belaichari', 'বিলাইছড়ি', 'belaichari.rangamati.gov.bd', NULL, NULL, NULL, NULL, NULL),
(41, 1, 4, 'Juraichari', 'জুরাছড়ি', 'juraichari.rangamati.gov.bd', NULL, NULL, NULL, NULL, NULL),
(42, 1, 4, 'Naniarchar', 'নানিয়ারচর', 'naniarchar.rangamati.gov.bd', NULL, NULL, NULL, NULL, NULL),
(43, 1, 5, 'Noakhali Sadar', 'নোয়াখালী সদর', 'sadar.noakhali.gov.bd', NULL, NULL, NULL, NULL, NULL),
(44, 1, 5, 'Companiganj', 'কোম্পানীগঞ্জ', 'companiganj.noakhali.gov.bd', NULL, NULL, NULL, NULL, NULL),
(45, 1, 5, 'Begumganj', 'বেগমগঞ্জ', 'begumganj.noakhali.gov.bd', NULL, NULL, NULL, NULL, NULL),
(46, 1, 5, 'Hatia', 'হাতিয়া', 'hatia.noakhali.gov.bd', NULL, NULL, NULL, NULL, NULL),
(47, 1, 5, 'Subarnachar', 'সুবর্ণচর', 'subarnachar.noakhali.gov.bd', NULL, NULL, NULL, NULL, NULL),
(48, 1, 5, 'Kabirhat', 'কবিরহাট', 'kabirhat.noakhali.gov.bd', NULL, NULL, NULL, NULL, NULL),
(49, 1, 5, 'Senbug', 'সেনবাগ', 'senbug.noakhali.gov.bd', NULL, NULL, NULL, NULL, NULL),
(50, 1, 5, 'Chatkhil', 'চাটখিল', 'chatkhil.noakhali.gov.bd', NULL, NULL, NULL, NULL, NULL),
(51, 1, 5, 'Sonaimori', 'সোনাইমুড়ী', 'sonaimori.noakhali.gov.bd', NULL, NULL, NULL, NULL, NULL),
(52, 1, 6, 'Haimchar', 'হাইমচর', 'haimchar.chandpur.gov.bd', NULL, NULL, NULL, NULL, NULL),
(53, 1, 6, 'Kachua', 'কচুয়া', 'kachua.chandpur.gov.bd', NULL, NULL, NULL, NULL, NULL),
(54, 1, 6, 'Shahrasti', 'শাহরাস্তি	', 'shahrasti.chandpur.gov.bd', NULL, NULL, NULL, NULL, NULL),
(55, 1, 6, 'Chandpur Sadar', 'চাঁদপুর সদর', 'sadar.chandpur.gov.bd', NULL, NULL, NULL, NULL, NULL),
(56, 1, 6, 'Matlab South', 'মতলব দক্ষিণ', 'matlabsouth.chandpur.gov.bd', NULL, NULL, NULL, NULL, NULL),
(57, 1, 6, 'Hajiganj', 'হাজীগঞ্জ', 'hajiganj.chandpur.gov.bd', NULL, NULL, NULL, NULL, NULL),
(58, 1, 6, 'Matlab North', 'মতলব উত্তর', 'matlabnorth.chandpur.gov.bd', NULL, NULL, NULL, NULL, NULL),
(59, 1, 6, 'Faridgonj', 'ফরিদগঞ্জ', 'faridgonj.chandpur.gov.bd', NULL, NULL, NULL, NULL, NULL),
(60, 1, 7, 'Lakshmipur Sadar', 'লক্ষ্মীপুর সদর', 'sadar.lakshmipur.gov.bd', NULL, NULL, NULL, NULL, NULL),
(61, 1, 7, 'Kamalnagar', 'কমলনগর', 'kamalnagar.lakshmipur.gov.bd', NULL, NULL, NULL, NULL, NULL),
(62, 1, 7, 'Raipur', 'রায়পুর', 'raipur.lakshmipur.gov.bd', NULL, NULL, NULL, NULL, NULL),
(63, 1, 7, 'Ramgati', 'রামগতি', 'ramgati.lakshmipur.gov.bd', NULL, NULL, NULL, NULL, NULL),
(64, 1, 7, 'Ramganj', 'রামগঞ্জ', 'ramganj.lakshmipur.gov.bd', NULL, NULL, NULL, NULL, NULL),
(65, 1, 8, 'Rangunia', 'রাঙ্গুনিয়া', 'rangunia.chittagong.gov.bd', NULL, NULL, NULL, NULL, NULL),
(66, 1, 8, 'Sitakunda', 'সীতাকুন্ড', 'sitakunda.chittagong.gov.bd', NULL, NULL, NULL, NULL, NULL),
(67, 1, 8, 'Mirsharai', 'মীরসরাই', 'mirsharai.chittagong.gov.bd', NULL, NULL, NULL, NULL, NULL),
(68, 1, 8, 'Patiya', 'পটিয়া', 'patiya.chittagong.gov.bd', NULL, NULL, NULL, NULL, NULL),
(69, 1, 8, 'Sandwip', 'সন্দ্বীপ', 'sandwip.chittagong.gov.bd', NULL, NULL, NULL, NULL, NULL),
(70, 1, 8, 'Banshkhali', 'বাঁশখালী', 'banshkhali.chittagong.gov.bd', NULL, NULL, NULL, NULL, NULL),
(71, 1, 8, 'Boalkhali', 'বোয়ালখালী', 'boalkhali.chittagong.gov.bd', NULL, NULL, NULL, NULL, NULL),
(72, 1, 8, 'Anwara', 'আনোয়ারা', 'anwara.chittagong.gov.bd', NULL, NULL, NULL, NULL, NULL),
(73, 1, 8, 'Chandanaish', 'চন্দনাইশ', 'chandanaish.chittagong.gov.bd', NULL, NULL, NULL, NULL, NULL),
(74, 1, 8, 'Satkania', 'সাতকানিয়া', 'satkania.chittagong.gov.bd', NULL, NULL, NULL, NULL, NULL),
(75, 1, 8, 'Lohagara', 'লোহাগাড়া', 'lohagara.chittagong.gov.bd', NULL, NULL, NULL, NULL, NULL),
(76, 1, 8, 'Hathazari', 'হাটহাজারী', 'hathazari.chittagong.gov.bd', NULL, NULL, NULL, NULL, NULL),
(77, 1, 8, 'Fatikchhari', 'ফটিকছড়ি', 'fatikchhari.chittagong.gov.bd', NULL, NULL, NULL, NULL, NULL),
(78, 1, 8, 'Raozan', 'রাউজান', 'raozan.chittagong.gov.bd', NULL, NULL, NULL, NULL, NULL),
(79, 1, 8, 'Karnafuli', 'কর্ণফুলী', 'karnafuli.chittagong.gov.bd', NULL, NULL, NULL, NULL, NULL),
(80, 1, 9, 'Coxsbazar Sadar', 'কক্সবাজার সদর', 'sadar.coxsbazar.gov.bd', NULL, NULL, NULL, NULL, NULL),
(81, 1, 9, 'Chakaria', 'চকরিয়া', 'chakaria.coxsbazar.gov.bd', NULL, NULL, NULL, NULL, NULL),
(82, 1, 9, 'Kutubdia', 'কুতুবদিয়া', 'kutubdia.coxsbazar.gov.bd', NULL, NULL, NULL, NULL, NULL),
(83, 1, 9, 'Ukhiya', 'উখিয়া', 'ukhiya.coxsbazar.gov.bd', NULL, NULL, NULL, NULL, NULL),
(84, 1, 9, 'Moheshkhali', 'মহেশখালী', 'moheshkhali.coxsbazar.gov.bd', NULL, NULL, NULL, NULL, NULL),
(85, 1, 9, 'Pekua', 'পেকুয়া', 'pekua.coxsbazar.gov.bd', NULL, NULL, NULL, NULL, NULL),
(86, 1, 9, 'Ramu', 'রামু', 'ramu.coxsbazar.gov.bd', NULL, NULL, NULL, NULL, NULL),
(87, 1, 9, 'Teknaf', 'টেকনাফ', 'teknaf.coxsbazar.gov.bd', NULL, NULL, NULL, NULL, NULL),
(88, 1, 10, 'Khagrachhari Sadar', 'খাগড়াছড়ি সদর', 'sadar.khagrachhari.gov.bd', NULL, NULL, NULL, NULL, NULL),
(89, 1, 10, 'Dighinala', 'দিঘীনালা', 'dighinala.khagrachhari.gov.bd', NULL, NULL, NULL, NULL, NULL),
(90, 1, 10, 'Panchari', 'পানছড়ি', 'panchari.khagrachhari.gov.bd', NULL, NULL, NULL, NULL, NULL),
(91, 1, 10, 'Laxmichhari', 'লক্ষীছড়ি', 'laxmichhari.khagrachhari.gov.bd', NULL, NULL, NULL, NULL, NULL),
(92, 1, 10, 'Mohalchari', 'মহালছড়ি', 'mohalchari.khagrachhari.gov.bd', NULL, NULL, NULL, NULL, NULL),
(93, 1, 10, 'Manikchari', 'মানিকছড়ি', 'manikchari.khagrachhari.gov.bd', NULL, NULL, NULL, NULL, NULL),
(94, 1, 10, 'Ramgarh', 'রামগড়', 'ramgarh.khagrachhari.gov.bd', NULL, NULL, NULL, NULL, NULL),
(95, 1, 10, 'Matiranga', 'মাটিরাঙ্গা', 'matiranga.khagrachhari.gov.bd', NULL, NULL, NULL, NULL, NULL),
(96, 1, 10, 'Guimara', 'গুইমারা', 'guimara.khagrachhari.gov.bd', NULL, NULL, NULL, NULL, NULL),
(97, 1, 11, 'Bandarban Sadar', 'বান্দরবান সদর', 'sadar.bandarban.gov.bd', NULL, NULL, NULL, NULL, NULL),
(98, 1, 11, 'Alikadam', 'আলীকদম', 'alikadam.bandarban.gov.bd', NULL, NULL, NULL, NULL, NULL),
(99, 1, 11, 'Naikhongchhari', 'নাইক্ষ্যংছড়ি', 'naikhongchhari.bandarban.gov.bd', NULL, NULL, NULL, NULL, NULL),
(100, 1, 11, 'Rowangchhari', 'রোয়াংছড়ি', 'rowangchhari.bandarban.gov.bd', NULL, NULL, NULL, NULL, NULL),
(101, 1, 11, 'Lama', 'লামা', 'lama.bandarban.gov.bd', NULL, NULL, NULL, NULL, NULL),
(102, 1, 11, 'Ruma', 'রুমা', 'ruma.bandarban.gov.bd', NULL, NULL, NULL, NULL, NULL),
(103, 1, 11, 'Thanchi', 'থানচি', 'thanchi.bandarban.gov.bd', NULL, NULL, NULL, NULL, NULL),
(104, 2, 12, 'Belkuchi', 'বেলকুচি', 'belkuchi.sirajganj.gov.bd', NULL, NULL, NULL, NULL, NULL),
(105, 2, 12, 'Chauhali', 'চৌহালি', 'chauhali.sirajganj.gov.bd', NULL, NULL, NULL, NULL, NULL),
(106, 2, 12, 'Kamarkhand', 'কামারখন্দ', 'kamarkhand.sirajganj.gov.bd', NULL, NULL, NULL, NULL, NULL),
(107, 2, 12, 'Kazipur', 'কাজীপুর', 'kazipur.sirajganj.gov.bd', NULL, NULL, NULL, NULL, NULL),
(108, 2, 12, 'Raigonj', 'রায়গঞ্জ', 'raigonj.sirajganj.gov.bd', NULL, NULL, NULL, NULL, NULL),
(109, 2, 12, 'Shahjadpur', 'শাহজাদপুর', 'shahjadpur.sirajganj.gov.bd', NULL, NULL, NULL, NULL, NULL),
(110, 2, 12, 'Sirajganj Sadar', 'সিরাজগঞ্জ সদর', 'sirajganjsadar.sirajganj.gov.bd', NULL, NULL, NULL, NULL, NULL),
(111, 2, 12, 'Tarash', 'তাড়াশ', 'tarash.sirajganj.gov.bd', NULL, NULL, NULL, NULL, NULL),
(112, 2, 12, 'Ullapara', 'উল্লাপাড়া', 'ullapara.sirajganj.gov.bd', NULL, NULL, NULL, NULL, NULL),
(113, 2, 13, 'Sujanagar', 'সুজানগর', 'sujanagar.pabna.gov.bd', NULL, NULL, NULL, NULL, NULL),
(114, 2, 13, 'Ishurdi', 'ঈশ্বরদী', 'ishurdi.pabna.gov.bd', NULL, NULL, NULL, NULL, NULL),
(115, 2, 13, 'Bhangura', 'ভাঙ্গুড়া', 'bhangura.pabna.gov.bd', NULL, NULL, NULL, NULL, NULL),
(116, 2, 13, 'Pabna Sadar', 'পাবনা সদর', 'pabnasadar.pabna.gov.bd', NULL, NULL, NULL, NULL, NULL),
(117, 2, 13, 'Bera', 'বেড়া', 'bera.pabna.gov.bd', NULL, NULL, NULL, NULL, NULL),
(118, 2, 13, 'Atghoria', 'আটঘরিয়া', 'atghoria.pabna.gov.bd', NULL, NULL, NULL, NULL, NULL),
(119, 2, 13, 'Chatmohar', 'চাটমোহর', 'chatmohar.pabna.gov.bd', NULL, NULL, NULL, NULL, NULL),
(120, 2, 13, 'Santhia', 'সাঁথিয়া', 'santhia.pabna.gov.bd', NULL, NULL, NULL, NULL, NULL),
(121, 2, 13, 'Faridpur', 'ফরিদপুর', 'faridpur.pabna.gov.bd', NULL, NULL, NULL, NULL, NULL),
(122, 2, 14, 'Kahaloo', 'কাহালু', 'kahaloo.bogra.gov.bd', NULL, NULL, NULL, NULL, NULL),
(123, 2, 14, 'Bogra Sadar', 'বগুড়া সদর', 'sadar.bogra.gov.bd', NULL, NULL, NULL, NULL, NULL),
(124, 2, 14, 'Shariakandi', 'সারিয়াকান্দি', 'shariakandi.bogra.gov.bd', NULL, NULL, NULL, NULL, NULL),
(125, 2, 14, 'Shajahanpur', 'শাজাহানপুর', 'shajahanpur.bogra.gov.bd', NULL, NULL, NULL, NULL, NULL),
(126, 2, 14, 'Dupchanchia', 'দুপচাচিঁয়া', 'dupchanchia.bogra.gov.bd', NULL, NULL, NULL, NULL, NULL),
(127, 2, 14, 'Adamdighi', 'আদমদিঘি', 'adamdighi.bogra.gov.bd', NULL, NULL, NULL, NULL, NULL),
(128, 2, 14, 'Nondigram', 'নন্দিগ্রাম', 'nondigram.bogra.gov.bd', NULL, NULL, NULL, NULL, NULL),
(129, 2, 14, 'Sonatala', 'সোনাতলা', 'sonatala.bogra.gov.bd', NULL, NULL, NULL, NULL, NULL),
(130, 2, 14, 'Dhunot', 'ধুনট', 'dhunot.bogra.gov.bd', NULL, NULL, NULL, NULL, NULL),
(131, 2, 14, 'Gabtali', 'গাবতলী', 'gabtali.bogra.gov.bd', NULL, NULL, NULL, NULL, NULL),
(132, 2, 14, 'Sherpur', 'শেরপুর', 'sherpur.bogra.gov.bd', NULL, NULL, NULL, NULL, NULL),
(133, 2, 14, 'Shibganj', 'শিবগঞ্জ', 'shibganj.bogra.gov.bd', NULL, NULL, NULL, NULL, NULL),
(134, 2, 15, 'Paba', 'পবা', 'paba.rajshahi.gov.bd', NULL, NULL, NULL, NULL, NULL),
(135, 2, 15, 'Durgapur', 'দুর্গাপুর', 'durgapur.rajshahi.gov.bd', NULL, NULL, NULL, NULL, NULL),
(136, 2, 15, 'Mohonpur', 'মোহনপুর', 'mohonpur.rajshahi.gov.bd', NULL, NULL, NULL, NULL, NULL),
(137, 2, 15, 'Charghat', 'চারঘাট', 'charghat.rajshahi.gov.bd', NULL, NULL, NULL, NULL, NULL),
(138, 2, 15, 'Puthia', 'পুঠিয়া', 'puthia.rajshahi.gov.bd', NULL, NULL, NULL, NULL, NULL),
(139, 2, 15, 'Bagha', 'বাঘা', 'bagha.rajshahi.gov.bd', NULL, NULL, NULL, NULL, NULL),
(140, 2, 15, 'Godagari', 'গোদাগাড়ী', 'godagari.rajshahi.gov.bd', NULL, NULL, NULL, NULL, NULL),
(141, 2, 15, 'Tanore', 'তানোর', 'tanore.rajshahi.gov.bd', NULL, NULL, NULL, NULL, NULL),
(142, 2, 15, 'Bagmara', 'বাগমারা', 'bagmara.rajshahi.gov.bd', NULL, NULL, NULL, NULL, NULL),
(143, 2, 16, 'Natore Sadar', 'নাটোর সদর', 'natoresadar.natore.gov.bd', NULL, NULL, NULL, NULL, NULL),
(144, 2, 16, 'Singra', 'সিংড়া', 'singra.natore.gov.bd', NULL, NULL, NULL, NULL, NULL),
(145, 2, 16, 'Baraigram', 'বড়াইগ্রাম', 'baraigram.natore.gov.bd', NULL, NULL, NULL, NULL, NULL),
(146, 2, 16, 'Bagatipara', 'বাগাতিপাড়া', 'bagatipara.natore.gov.bd', NULL, NULL, NULL, NULL, NULL),
(147, 2, 16, 'Lalpur', 'লালপুর', 'lalpur.natore.gov.bd', NULL, NULL, NULL, NULL, NULL),
(148, 2, 16, 'Gurudaspur', 'গুরুদাসপুর', 'gurudaspur.natore.gov.bd', NULL, NULL, NULL, NULL, NULL),
(149, 2, 16, 'Naldanga', 'নলডাঙ্গা', 'naldanga.natore.gov.bd', NULL, NULL, NULL, NULL, NULL),
(150, 2, 17, 'Akkelpur', 'আক্কেলপুর', 'akkelpur.joypurhat.gov.bd', NULL, NULL, NULL, NULL, NULL),
(151, 2, 17, 'Kalai', 'কালাই', 'kalai.joypurhat.gov.bd', NULL, NULL, NULL, NULL, NULL),
(152, 2, 17, 'Khetlal', 'ক্ষেতলাল', 'khetlal.joypurhat.gov.bd', NULL, NULL, NULL, NULL, NULL),
(153, 2, 17, 'Panchbibi', 'পাঁচবিবি', 'panchbibi.joypurhat.gov.bd', NULL, NULL, NULL, NULL, NULL),
(154, 2, 17, 'Joypurhat Sadar', 'জয়পুরহাট সদর', 'joypurhatsadar.joypurhat.gov.bd', NULL, NULL, NULL, NULL, NULL),
(155, 2, 18, 'Chapainawabganj Sadar', 'চাঁপাইনবাবগঞ্জ সদর', 'chapainawabganjsadar.chapainawabganj.gov.bd', NULL, NULL, NULL, NULL, NULL),
(156, 2, 18, 'Gomostapur', 'গোমস্তাপুর', 'gomostapur.chapainawabganj.gov.bd', NULL, NULL, NULL, NULL, NULL),
(157, 2, 18, 'Nachol', 'নাচোল', 'nachol.chapainawabganj.gov.bd', NULL, NULL, NULL, NULL, NULL),
(158, 2, 18, 'Bholahat', 'ভোলাহাট', 'bholahat.chapainawabganj.gov.bd', NULL, NULL, NULL, NULL, NULL),
(159, 2, 18, 'Shibganj', 'শিবগঞ্জ', 'shibganj.chapainawabganj.gov.bd', NULL, NULL, NULL, NULL, NULL),
(160, 2, 19, 'Mohadevpur', 'মহাদেবপুর', 'mohadevpur.naogaon.gov.bd', NULL, NULL, NULL, NULL, NULL),
(161, 2, 19, 'Badalgachi', 'বদলগাছী', 'badalgachi.naogaon.gov.bd', NULL, NULL, NULL, NULL, NULL),
(162, 2, 19, 'Patnitala', 'পত্নিতলা', 'patnitala.naogaon.gov.bd', NULL, NULL, NULL, NULL, NULL),
(163, 2, 19, 'Dhamoirhat', 'ধামইরহাট', 'dhamoirhat.naogaon.gov.bd', NULL, NULL, NULL, NULL, NULL),
(164, 2, 19, 'Niamatpur', 'নিয়ামতপুর', 'niamatpur.naogaon.gov.bd', NULL, NULL, NULL, NULL, NULL),
(165, 2, 19, 'Manda', 'মান্দা', 'manda.naogaon.gov.bd', NULL, NULL, NULL, NULL, NULL),
(166, 2, 19, 'Atrai', 'আত্রাই', 'atrai.naogaon.gov.bd', NULL, NULL, NULL, NULL, NULL),
(167, 2, 19, 'Raninagar', 'রাণীনগর', 'raninagar.naogaon.gov.bd', NULL, NULL, NULL, NULL, NULL),
(168, 2, 19, 'Naogaon Sadar', 'নওগাঁ সদর', 'naogaonsadar.naogaon.gov.bd', NULL, NULL, NULL, NULL, NULL),
(169, 2, 19, 'Porsha', 'পোরশা', 'porsha.naogaon.gov.bd', NULL, NULL, NULL, NULL, NULL),
(170, 2, 19, 'Sapahar', 'সাপাহার', 'sapahar.naogaon.gov.bd', NULL, NULL, NULL, NULL, NULL),
(171, 3, 20, 'Manirampur', 'মণিরামপুর', 'manirampur.jessore.gov.bd', NULL, NULL, NULL, NULL, NULL),
(172, 3, 20, 'Abhaynagar', 'অভয়নগর', 'abhaynagar.jessore.gov.bd', NULL, NULL, NULL, NULL, NULL),
(173, 3, 20, 'Bagherpara', 'বাঘারপাড়া', 'bagherpara.jessore.gov.bd', NULL, NULL, NULL, NULL, NULL),
(174, 3, 20, 'Chougachha', 'চৌগাছা', 'chougachha.jessore.gov.bd', NULL, NULL, NULL, NULL, NULL),
(175, 3, 20, 'Jhikargacha', 'ঝিকরগাছা', 'jhikargacha.jessore.gov.bd', NULL, NULL, NULL, NULL, NULL),
(176, 3, 20, 'Keshabpur', 'কেশবপুর', 'keshabpur.jessore.gov.bd', NULL, NULL, NULL, NULL, NULL),
(177, 3, 20, 'Jessore Sadar', 'যশোর সদর', 'sadar.jessore.gov.bd', NULL, NULL, NULL, NULL, NULL),
(178, 3, 20, 'Sharsha', 'শার্শা', 'sharsha.jessore.gov.bd', NULL, NULL, NULL, NULL, NULL),
(179, 3, 21, 'Assasuni', 'আশাশুনি', 'assasuni.satkhira.gov.bd', NULL, NULL, NULL, NULL, NULL),
(180, 3, 21, 'Debhata', 'দেবহাটা', 'debhata.satkhira.gov.bd', NULL, NULL, NULL, NULL, NULL),
(181, 3, 21, 'Kalaroa', 'কলারোয়া', 'kalaroa.satkhira.gov.bd', NULL, NULL, NULL, NULL, NULL),
(182, 3, 21, 'Satkhira Sadar', 'সাতক্ষীরা সদর', 'satkhirasadar.satkhira.gov.bd', NULL, NULL, NULL, NULL, NULL),
(183, 3, 21, 'Shyamnagar', 'শ্যামনগর', 'shyamnagar.satkhira.gov.bd', NULL, NULL, NULL, NULL, NULL),
(184, 3, 21, 'Tala', 'তালা', 'tala.satkhira.gov.bd', NULL, NULL, NULL, NULL, NULL),
(185, 3, 21, 'Kaliganj', 'কালিগঞ্জ', 'kaliganj.satkhira.gov.bd', NULL, NULL, NULL, NULL, NULL),
(186, 3, 22, 'Mujibnagar', 'মুজিবনগর', 'mujibnagar.meherpur.gov.bd', NULL, NULL, NULL, NULL, NULL),
(187, 3, 22, 'Meherpur Sadar', 'মেহেরপুর সদর', 'meherpursadar.meherpur.gov.bd', NULL, NULL, NULL, NULL, NULL),
(188, 3, 22, 'Gangni', 'গাংনী', 'gangni.meherpur.gov.bd', NULL, NULL, NULL, NULL, NULL),
(189, 3, 23, 'Narail Sadar', 'নড়াইল সদর', 'narailsadar.narail.gov.bd', NULL, NULL, NULL, NULL, NULL),
(190, 3, 23, 'Lohagara', 'লোহাগড়া', 'lohagara.narail.gov.bd', NULL, NULL, NULL, NULL, NULL),
(191, 3, 23, 'Kalia', 'কালিয়া', 'kalia.narail.gov.bd', NULL, NULL, NULL, NULL, NULL),
(192, 3, 24, 'Chuadanga Sadar', 'চুয়াডাঙ্গা সদর', 'chuadangasadar.chuadanga.gov.bd', NULL, NULL, NULL, NULL, NULL),
(193, 3, 24, 'Alamdanga', 'আলমডাঙ্গা', 'alamdanga.chuadanga.gov.bd', NULL, NULL, NULL, NULL, NULL),
(194, 3, 24, 'Damurhuda', 'দামুড়হুদা', 'damurhuda.chuadanga.gov.bd', NULL, NULL, NULL, NULL, NULL),
(195, 3, 24, 'Jibannagar', 'জীবননগর', 'jibannagar.chuadanga.gov.bd', NULL, NULL, NULL, NULL, NULL),
(196, 3, 25, 'Kushtia Sadar', 'কুষ্টিয়া সদর', 'kushtiasadar.kushtia.gov.bd', NULL, NULL, NULL, NULL, NULL),
(197, 3, 25, 'Kumarkhali', 'কুমারখালী', 'kumarkhali.kushtia.gov.bd', NULL, NULL, NULL, NULL, NULL),
(198, 3, 25, 'Khoksa', 'খোকসা', 'khoksa.kushtia.gov.bd', NULL, NULL, NULL, NULL, NULL),
(199, 3, 25, 'Mirpur', 'মিরপুর', 'mirpurkushtia.kushtia.gov.bd', NULL, NULL, NULL, NULL, NULL),
(200, 3, 25, 'Daulatpur', 'দৌলতপুর', 'daulatpur.kushtia.gov.bd', NULL, NULL, NULL, NULL, NULL),
(201, 3, 25, 'Bheramara', 'ভেড়ামারা', 'bheramara.kushtia.gov.bd', NULL, NULL, NULL, NULL, NULL),
(202, 3, 26, 'Shalikha', 'শালিখা', 'shalikha.magura.gov.bd', NULL, NULL, NULL, NULL, NULL),
(203, 3, 26, 'Sreepur', 'শ্রীপুর', 'sreepur.magura.gov.bd', NULL, NULL, NULL, NULL, NULL),
(204, 3, 26, 'Magura Sadar', 'মাগুরা সদর', 'magurasadar.magura.gov.bd', NULL, NULL, NULL, NULL, NULL),
(205, 3, 26, 'Mohammadpur', 'মহম্মদপুর', 'mohammadpur.magura.gov.bd', NULL, NULL, NULL, NULL, NULL),
(206, 3, 27, 'Paikgasa', 'পাইকগাছা', 'paikgasa.khulna.gov.bd', NULL, NULL, NULL, NULL, NULL),
(207, 3, 27, 'Fultola', 'ফুলতলা', 'fultola.khulna.gov.bd', NULL, NULL, NULL, NULL, NULL),
(208, 3, 27, 'Digholia', 'দিঘলিয়া', 'digholia.khulna.gov.bd', NULL, NULL, NULL, NULL, NULL),
(209, 3, 27, 'Rupsha', 'রূপসা', 'rupsha.khulna.gov.bd', NULL, NULL, NULL, NULL, NULL),
(210, 3, 27, 'Terokhada', 'তেরখাদা', 'terokhada.khulna.gov.bd', NULL, NULL, NULL, NULL, NULL),
(211, 3, 27, 'Dumuria', 'ডুমুরিয়া', 'dumuria.khulna.gov.bd', NULL, NULL, NULL, NULL, NULL),
(212, 3, 27, 'Botiaghata', 'বটিয়াঘাটা', 'botiaghata.khulna.gov.bd', NULL, NULL, NULL, NULL, NULL),
(213, 3, 27, 'Dakop', 'দাকোপ', 'dakop.khulna.gov.bd', NULL, NULL, NULL, NULL, NULL),
(214, 3, 27, 'Koyra', 'কয়রা', 'koyra.khulna.gov.bd', NULL, NULL, NULL, NULL, NULL),
(215, 3, 28, 'Fakirhat', 'ফকিরহাট', 'fakirhat.bagerhat.gov.bd', NULL, NULL, NULL, NULL, NULL),
(216, 3, 28, 'Bagerhat Sadar', 'বাগেরহাট সদর', 'sadar.bagerhat.gov.bd', NULL, NULL, NULL, NULL, NULL),
(217, 3, 28, 'Mollahat', 'মোল্লাহাট', 'mollahat.bagerhat.gov.bd', NULL, NULL, NULL, NULL, NULL),
(218, 3, 28, 'Sarankhola', 'শরণখোলা', 'sarankhola.bagerhat.gov.bd', NULL, NULL, NULL, NULL, NULL),
(219, 3, 28, 'Rampal', 'রামপাল', 'rampal.bagerhat.gov.bd', NULL, NULL, NULL, NULL, NULL),
(220, 3, 28, 'Morrelganj', 'মোড়েলগঞ্জ', 'morrelganj.bagerhat.gov.bd', NULL, NULL, NULL, NULL, NULL),
(221, 3, 28, 'Kachua', 'কচুয়া', 'kachua.bagerhat.gov.bd', NULL, NULL, NULL, NULL, NULL),
(222, 3, 28, 'Mongla', 'মোংলা', 'mongla.bagerhat.gov.bd', NULL, NULL, NULL, NULL, NULL),
(223, 3, 28, 'Chitalmari', 'চিতলমারী', 'chitalmari.bagerhat.gov.bd', NULL, NULL, NULL, NULL, NULL),
(224, 3, 29, 'Jhenaidah Sadar', 'ঝিনাইদহ সদর', 'sadar.jhenaidah.gov.bd', NULL, NULL, NULL, NULL, NULL),
(225, 3, 29, 'Shailkupa', 'শৈলকুপা', 'shailkupa.jhenaidah.gov.bd', NULL, NULL, NULL, NULL, NULL),
(226, 3, 29, 'Harinakundu', 'হরিণাকুন্ডু', 'harinakundu.jhenaidah.gov.bd', NULL, NULL, NULL, NULL, NULL),
(227, 3, 29, 'Kaliganj', 'কালীগঞ্জ', 'kaliganj.jhenaidah.gov.bd', NULL, NULL, NULL, NULL, NULL),
(228, 3, 29, 'Kotchandpur', 'কোটচাঁদপুর', 'kotchandpur.jhenaidah.gov.bd', NULL, NULL, NULL, NULL, NULL),
(229, 3, 29, 'Moheshpur', 'মহেশপুর', 'moheshpur.jhenaidah.gov.bd', NULL, NULL, NULL, NULL, NULL),
(230, 4, 30, 'Jhalakathi Sadar', 'ঝালকাঠি সদর', 'sadar.jhalakathi.gov.bd', NULL, NULL, NULL, NULL, NULL),
(231, 4, 30, 'Kathalia', 'কাঠালিয়া', 'kathalia.jhalakathi.gov.bd', NULL, NULL, NULL, NULL, NULL),
(232, 4, 30, 'Nalchity', 'নলছিটি', 'nalchity.jhalakathi.gov.bd', NULL, NULL, NULL, NULL, NULL),
(233, 4, 30, 'Rajapur', 'রাজাপুর', 'rajapur.jhalakathi.gov.bd', NULL, NULL, NULL, NULL, NULL),
(234, 4, 31, 'Bauphal', 'বাউফল', 'bauphal.patuakhali.gov.bd', NULL, NULL, NULL, NULL, NULL),
(235, 4, 31, 'Patuakhali Sadar', 'পটুয়াখালী সদর', 'sadar.patuakhali.gov.bd', NULL, NULL, NULL, NULL, NULL),
(236, 4, 31, 'Dumki', 'দুমকি', 'dumki.patuakhali.gov.bd', NULL, NULL, NULL, NULL, NULL),
(237, 4, 31, 'Dashmina', 'দশমিনা', 'dashmina.patuakhali.gov.bd', NULL, NULL, NULL, NULL, NULL),
(238, 4, 31, 'Kalapara', 'কলাপাড়া', 'kalapara.patuakhali.gov.bd', NULL, NULL, NULL, NULL, NULL),
(239, 4, 31, 'Mirzaganj', 'মির্জাগঞ্জ', 'mirzaganj.patuakhali.gov.bd', NULL, NULL, NULL, NULL, NULL),
(240, 4, 31, 'Galachipa', 'গলাচিপা', 'galachipa.patuakhali.gov.bd', NULL, NULL, NULL, NULL, NULL),
(241, 4, 31, 'Rangabali', 'রাঙ্গাবালী', 'rangabali.patuakhali.gov.bd', NULL, NULL, NULL, NULL, NULL),
(242, 4, 32, 'Pirojpur Sadar', 'পিরোজপুর সদর', 'sadar.pirojpur.gov.bd', NULL, NULL, NULL, NULL, NULL),
(243, 4, 32, 'Nazirpur', 'নাজিরপুর', 'nazirpur.pirojpur.gov.bd', NULL, NULL, NULL, NULL, NULL),
(244, 4, 32, 'Kawkhali', 'কাউখালী', 'kawkhali.pirojpur.gov.bd', NULL, NULL, NULL, NULL, NULL),
(245, 4, 32, 'Zianagar', 'জিয়ানগর', 'zianagar.pirojpur.gov.bd', NULL, NULL, NULL, NULL, NULL),
(246, 4, 32, 'Bhandaria', 'ভান্ডারিয়া', 'bhandaria.pirojpur.gov.bd', NULL, NULL, NULL, NULL, NULL),
(247, 4, 32, 'Mathbaria', 'মঠবাড়ীয়া', 'mathbaria.pirojpur.gov.bd', NULL, NULL, NULL, NULL, NULL),
(248, 4, 32, 'Nesarabad', 'নেছারাবাদ', 'nesarabad.pirojpur.gov.bd', NULL, NULL, NULL, NULL, NULL),
(249, 4, 33, 'Barisal Sadar', 'বরিশাল সদর', 'barisalsadar.barisal.gov.bd', NULL, NULL, NULL, NULL, NULL),
(250, 4, 33, 'Bakerganj', 'বাকেরগঞ্জ', 'bakerganj.barisal.gov.bd', NULL, NULL, NULL, NULL, NULL),
(251, 4, 33, 'Babuganj', 'বাবুগঞ্জ', 'babuganj.barisal.gov.bd', NULL, NULL, NULL, NULL, NULL),
(252, 4, 33, 'Wazirpur', 'উজিরপুর', 'wazirpur.barisal.gov.bd', NULL, NULL, NULL, NULL, NULL),
(253, 4, 33, 'Banaripara', 'বানারীপাড়া', 'banaripara.barisal.gov.bd', NULL, NULL, NULL, NULL, NULL),
(254, 4, 33, 'Gournadi', 'গৌরনদী', 'gournadi.barisal.gov.bd', NULL, NULL, NULL, NULL, NULL),
(255, 4, 33, 'Agailjhara', 'আগৈলঝাড়া', 'agailjhara.barisal.gov.bd', NULL, NULL, NULL, NULL, NULL),
(256, 4, 33, 'Mehendiganj', 'মেহেন্দিগঞ্জ', 'mehendiganj.barisal.gov.bd', NULL, NULL, NULL, NULL, NULL),
(257, 4, 33, 'Muladi', 'মুলাদী', 'muladi.barisal.gov.bd', NULL, NULL, NULL, NULL, NULL),
(258, 4, 33, 'Hizla', 'হিজলা', 'hizla.barisal.gov.bd', NULL, NULL, NULL, NULL, NULL),
(259, 4, 34, 'Bhola Sadar', 'ভোলা সদর', 'sadar.bhola.gov.bd', NULL, NULL, NULL, NULL, NULL),
(260, 4, 34, 'Borhan Sddin', 'বোরহান উদ্দিন', 'borhanuddin.bhola.gov.bd', NULL, NULL, NULL, NULL, NULL),
(261, 4, 34, 'Charfesson', 'চরফ্যাশন', 'charfesson.bhola.gov.bd', NULL, NULL, NULL, NULL, NULL),
(262, 4, 34, 'Doulatkhan', 'দৌলতখান', 'doulatkhan.bhola.gov.bd', NULL, NULL, NULL, NULL, NULL),
(263, 4, 34, 'Monpura', 'মনপুরা', 'monpura.bhola.gov.bd', NULL, NULL, NULL, NULL, NULL),
(264, 4, 34, 'Tazumuddin', 'তজুমদ্দিন', 'tazumuddin.bhola.gov.bd', NULL, NULL, NULL, NULL, NULL),
(265, 4, 34, 'Lalmohan', 'লালমোহন', 'lalmohan.bhola.gov.bd', NULL, NULL, NULL, NULL, NULL),
(266, 4, 35, 'Amtali', 'আমতলী', 'amtali.barguna.gov.bd', NULL, NULL, NULL, NULL, NULL),
(267, 4, 35, 'Barguna Sadar', 'বরগুনা সদর', 'sadar.barguna.gov.bd', NULL, NULL, NULL, NULL, NULL),
(268, 4, 35, 'Betagi', 'বেতাগী', 'betagi.barguna.gov.bd', NULL, NULL, NULL, NULL, NULL),
(269, 4, 35, 'Bamna', 'বামনা', 'bamna.barguna.gov.bd', NULL, NULL, NULL, NULL, NULL),
(270, 4, 35, 'Pathorghata', 'পাথরঘাটা', 'pathorghata.barguna.gov.bd', NULL, NULL, NULL, NULL, NULL),
(271, 4, 35, 'Taltali', 'তালতলি', 'taltali.barguna.gov.bd', NULL, NULL, NULL, NULL, NULL),
(272, 5, 36, 'Balaganj', 'বালাগঞ্জ', 'balaganj.sylhet.gov.bd', NULL, NULL, NULL, NULL, NULL),
(273, 5, 36, 'Beanibazar', 'বিয়ানীবাজার', 'beanibazar.sylhet.gov.bd', NULL, NULL, NULL, NULL, NULL),
(274, 5, 36, 'Bishwanath', 'বিশ্বনাথ', 'bishwanath.sylhet.gov.bd', NULL, NULL, NULL, NULL, NULL),
(275, 5, 36, 'Companiganj', 'কোম্পানীগঞ্জ', 'companiganj.sylhet.gov.bd', NULL, NULL, NULL, NULL, NULL),
(276, 5, 36, 'Fenchuganj', 'ফেঞ্চুগঞ্জ', 'fenchuganj.sylhet.gov.bd', NULL, NULL, NULL, NULL, NULL),
(277, 5, 36, 'Golapganj', 'গোলাপগঞ্জ', 'golapganj.sylhet.gov.bd', NULL, NULL, NULL, NULL, NULL),
(278, 5, 36, 'Gowainghat', 'গোয়াইনঘাট', 'gowainghat.sylhet.gov.bd', NULL, NULL, NULL, NULL, NULL),
(279, 5, 36, 'Jaintiapur', 'জৈন্তাপুর', 'jaintiapur.sylhet.gov.bd', NULL, NULL, NULL, NULL, NULL),
(280, 5, 36, 'Kanaighat', 'কানাইঘাট', 'kanaighat.sylhet.gov.bd', NULL, NULL, NULL, NULL, NULL),
(281, 5, 36, 'Sylhet Sadar', 'সিলেট সদর', 'sylhetsadar.sylhet.gov.bd', NULL, NULL, NULL, NULL, NULL),
(282, 5, 36, 'Zakiganj', 'জকিগঞ্জ', 'zakiganj.sylhet.gov.bd', NULL, NULL, NULL, NULL, NULL),
(283, 5, 36, 'Dakshinsurma', 'দক্ষিণ সুরমা', 'dakshinsurma.sylhet.gov.bd', NULL, NULL, NULL, NULL, NULL),
(284, 5, 36, 'Osmaninagar', 'ওসমানী নগর', 'osmaninagar.sylhet.gov.bd', NULL, NULL, NULL, NULL, NULL),
(285, 5, 37, 'Barlekha', 'বড়লেখা', 'barlekha.moulvibazar.gov.bd', NULL, NULL, NULL, NULL, NULL),
(286, 5, 37, 'Kamolganj', 'কমলগঞ্জ', 'kamolganj.moulvibazar.gov.bd', NULL, NULL, NULL, NULL, NULL),
(287, 5, 37, 'Kulaura', 'কুলাউড়া', 'kulaura.moulvibazar.gov.bd', NULL, NULL, NULL, NULL, NULL),
(288, 5, 37, 'Moulvibazar Sadar', 'মৌলভীবাজার সদর', 'moulvibazarsadar.moulvibazar.gov.bd', NULL, NULL, NULL, NULL, NULL),
(289, 5, 37, 'Rajnagar', 'রাজনগর', 'rajnagar.moulvibazar.gov.bd', NULL, NULL, NULL, NULL, NULL),
(290, 5, 37, 'Sreemangal', 'শ্রীমঙ্গল', 'sreemangal.moulvibazar.gov.bd', NULL, NULL, NULL, NULL, NULL),
(291, 5, 37, 'Juri', 'জুড়ী', 'juri.moulvibazar.gov.bd', NULL, NULL, NULL, NULL, NULL),
(292, 5, 38, 'Nabiganj', 'নবীগঞ্জ', 'nabiganj.habiganj.gov.bd', NULL, NULL, NULL, NULL, NULL),
(293, 5, 38, 'Bahubal', 'বাহুবল', 'bahubal.habiganj.gov.bd', NULL, NULL, NULL, NULL, NULL),
(294, 5, 38, 'Ajmiriganj', 'আজমিরীগঞ্জ', 'ajmiriganj.habiganj.gov.bd', NULL, NULL, NULL, NULL, NULL),
(295, 5, 38, 'Baniachong', 'বানিয়াচং', 'baniachong.habiganj.gov.bd', NULL, NULL, NULL, NULL, NULL),
(296, 5, 38, 'Lakhai', 'লাখাই', 'lakhai.habiganj.gov.bd', NULL, NULL, NULL, NULL, NULL),
(297, 5, 38, 'Chunarughat', 'চুনারুঘাট', 'chunarughat.habiganj.gov.bd', NULL, NULL, NULL, NULL, NULL),
(298, 5, 38, 'Habiganj Sadar', 'হবিগঞ্জ সদর', 'habiganjsadar.habiganj.gov.bd', NULL, NULL, NULL, NULL, NULL),
(299, 5, 38, 'Madhabpur', 'মাধবপুর', 'madhabpur.habiganj.gov.bd', NULL, NULL, NULL, NULL, NULL),
(300, 5, 39, 'Sunamganj Sadar', 'সুনামগঞ্জ সদর', 'sadar.sunamganj.gov.bd', NULL, NULL, NULL, NULL, NULL),
(301, 5, 39, 'South Sunamganj', 'দক্ষিণ সুনামগঞ্জ', 'southsunamganj.sunamganj.gov.bd', NULL, NULL, NULL, NULL, NULL),
(302, 5, 39, 'Bishwambarpur', 'বিশ্বম্ভরপুর', 'bishwambarpur.sunamganj.gov.bd', NULL, NULL, NULL, NULL, NULL),
(303, 5, 39, 'Chhatak', 'ছাতক', 'chhatak.sunamganj.gov.bd', NULL, NULL, NULL, NULL, NULL),
(304, 5, 39, 'Jagannathpur', 'জগন্নাথপুর', 'jagannathpur.sunamganj.gov.bd', NULL, NULL, NULL, NULL, NULL),
(305, 5, 39, 'Dowarabazar', 'দোয়ারাবাজার', 'dowarabazar.sunamganj.gov.bd', NULL, NULL, NULL, NULL, NULL),
(306, 5, 39, 'Tahirpur', 'তাহিরপুর', 'tahirpur.sunamganj.gov.bd', NULL, NULL, NULL, NULL, NULL),
(307, 5, 39, 'Dharmapasha', 'ধর্মপাশা', 'dharmapasha.sunamganj.gov.bd', NULL, NULL, NULL, NULL, NULL),
(308, 5, 39, 'Jamalganj', 'জামালগঞ্জ', 'jamalganj.sunamganj.gov.bd', NULL, NULL, NULL, NULL, NULL),
(309, 5, 39, 'Shalla', 'শাল্লা', 'shalla.sunamganj.gov.bd', NULL, NULL, NULL, NULL, NULL),
(310, 5, 39, 'Derai', 'দিরাই', 'derai.sunamganj.gov.bd', NULL, NULL, NULL, NULL, NULL),
(311, 6, 40, 'Belabo', 'বেলাবো', 'belabo.narsingdi.gov.bd', NULL, NULL, NULL, NULL, NULL),
(312, 6, 40, 'Monohardi', 'মনোহরদী', 'monohardi.narsingdi.gov.bd', NULL, NULL, NULL, NULL, NULL),
(313, 6, 40, 'Narsingdi Sadar', 'নরসিংদী সদর', 'narsingdisadar.narsingdi.gov.bd', NULL, NULL, NULL, NULL, NULL),
(314, 6, 40, 'Palash', 'পলাশ', 'palash.narsingdi.gov.bd', NULL, NULL, NULL, NULL, NULL),
(315, 6, 40, 'Raipura', 'রায়পুরা', 'raipura.narsingdi.gov.bd', NULL, NULL, NULL, NULL, NULL),
(316, 6, 40, 'Shibpur', 'শিবপুর', 'shibpur.narsingdi.gov.bd', NULL, NULL, NULL, NULL, NULL),
(317, 6, 41, 'Kaliganj', 'কালীগঞ্জ', 'kaliganj.gazipur.gov.bd', NULL, NULL, NULL, NULL, NULL),
(318, 6, 41, 'Kaliakair', 'কালিয়াকৈর', 'kaliakair.gazipur.gov.bd', NULL, NULL, NULL, NULL, NULL),
(319, 6, 41, 'Kapasia', 'কাপাসিয়া', 'kapasia.gazipur.gov.bd', NULL, NULL, NULL, NULL, NULL),
(320, 6, 41, 'Gazipur Sadar', 'গাজীপুর সদর', 'sadar.gazipur.gov.bd', NULL, NULL, NULL, NULL, NULL),
(321, 6, 41, 'Sreepur', 'শ্রীপুর', 'sreepur.gazipur.gov.bd', NULL, NULL, NULL, NULL, NULL),
(322, 6, 42, 'Shariatpur Sadar', 'শরিয়তপুর সদর', 'sadar.shariatpur.gov.bd', NULL, NULL, NULL, NULL, NULL),
(323, 6, 42, 'Naria', 'নড়িয়া', 'naria.shariatpur.gov.bd', NULL, NULL, NULL, NULL, NULL),
(324, 6, 42, 'Zajira', 'জাজিরা', 'zajira.shariatpur.gov.bd', NULL, NULL, NULL, NULL, NULL),
(325, 6, 42, 'Gosairhat', 'গোসাইরহাট', 'gosairhat.shariatpur.gov.bd', NULL, NULL, NULL, NULL, NULL),
(326, 6, 42, 'Bhedarganj', 'ভেদরগঞ্জ', 'bhedarganj.shariatpur.gov.bd', NULL, NULL, NULL, NULL, NULL),
(327, 6, 42, 'Damudya', 'ডামুড্যা', 'damudya.shariatpur.gov.bd', NULL, NULL, NULL, NULL, NULL),
(328, 6, 43, 'Araihazar', 'আড়াইহাজার', 'araihazar.narayanganj.gov.bd', NULL, NULL, NULL, NULL, NULL),
(329, 6, 43, 'Bandar', 'বন্দর', 'bandar.narayanganj.gov.bd', NULL, NULL, NULL, NULL, NULL),
(330, 6, 43, 'Narayanganj Sadar', 'নারায়নগঞ্জ সদর', 'narayanganjsadar.narayanganj.gov.bd', NULL, NULL, NULL, NULL, NULL),
(331, 6, 43, 'Rupganj', 'রূপগঞ্জ', 'rupganj.narayanganj.gov.bd', NULL, NULL, NULL, NULL, NULL),
(332, 6, 43, 'Sonargaon', 'সোনারগাঁ', 'sonargaon.narayanganj.gov.bd', NULL, NULL, NULL, NULL, NULL),
(333, 6, 44, 'Basail', 'বাসাইল', 'basail.tangail.gov.bd', NULL, NULL, NULL, NULL, NULL),
(334, 6, 44, 'Bhuapur', 'ভুয়াপুর', 'bhuapur.tangail.gov.bd', NULL, NULL, NULL, NULL, NULL),
(335, 6, 44, 'Delduar', 'দেলদুয়ার', 'delduar.tangail.gov.bd', NULL, NULL, NULL, NULL, NULL),
(336, 6, 44, 'Ghatail', 'ঘাটাইল', 'ghatail.tangail.gov.bd', NULL, NULL, NULL, NULL, NULL),
(337, 6, 44, 'Gopalpur', 'গোপালপুর', 'gopalpur.tangail.gov.bd', NULL, NULL, NULL, NULL, NULL),
(338, 6, 44, 'Madhupur', 'মধুপুর', 'madhupur.tangail.gov.bd', NULL, NULL, NULL, NULL, NULL),
(339, 6, 44, 'Mirzapur', 'মির্জাপুর', 'mirzapur.tangail.gov.bd', NULL, NULL, NULL, NULL, NULL),
(340, 6, 44, 'Nagarpur', 'নাগরপুর', 'nagarpur.tangail.gov.bd', NULL, NULL, NULL, NULL, NULL),
(341, 6, 44, 'Sakhipur', 'সখিপুর', 'sakhipur.tangail.gov.bd', NULL, NULL, NULL, NULL, NULL),
(342, 6, 44, 'Tangail Sadar', 'টাঙ্গাইল সদর', 'tangailsadar.tangail.gov.bd', NULL, NULL, NULL, NULL, NULL),
(343, 6, 44, 'Kalihati', 'কালিহাতী', 'kalihati.tangail.gov.bd', NULL, NULL, NULL, NULL, NULL),
(344, 6, 44, 'Dhanbari', 'ধনবাড়ী', 'dhanbari.tangail.gov.bd', NULL, NULL, NULL, NULL, NULL),
(345, 6, 45, 'Itna', 'ইটনা', 'itna.kishoreganj.gov.bd', NULL, NULL, NULL, NULL, NULL),
(346, 6, 45, 'Katiadi', 'কটিয়াদী', 'katiadi.kishoreganj.gov.bd', NULL, NULL, NULL, NULL, NULL),
(347, 6, 45, 'Bhairab', 'ভৈরব', 'bhairab.kishoreganj.gov.bd', NULL, NULL, NULL, NULL, NULL),
(348, 6, 45, 'Tarail', 'তাড়াইল', 'tarail.kishoreganj.gov.bd', NULL, NULL, NULL, NULL, NULL),
(349, 6, 45, 'Hossainpur', 'হোসেনপুর', 'hossainpur.kishoreganj.gov.bd', NULL, NULL, NULL, NULL, NULL),
(350, 6, 45, 'Pakundia', 'পাকুন্দিয়া', 'pakundia.kishoreganj.gov.bd', NULL, NULL, NULL, NULL, NULL),
(351, 6, 45, 'Kuliarchar', 'কুলিয়ারচর', 'kuliarchar.kishoreganj.gov.bd', NULL, NULL, NULL, NULL, NULL),
(352, 6, 45, 'Kishoreganj Sadar', 'কিশোরগঞ্জ সদর', 'kishoreganjsadar.kishoreganj.gov.bd', NULL, NULL, NULL, NULL, NULL),
(353, 6, 45, 'Karimgonj', 'করিমগঞ্জ', 'karimgonj.kishoreganj.gov.bd', NULL, NULL, NULL, NULL, NULL),
(354, 6, 45, 'Bajitpur', 'বাজিতপুর', 'bajitpur.kishoreganj.gov.bd', NULL, NULL, NULL, NULL, NULL),
(355, 6, 45, 'Austagram', 'অষ্টগ্রাম', 'austagram.kishoreganj.gov.bd', NULL, NULL, NULL, NULL, NULL),
(356, 6, 45, 'Mithamoin', 'মিঠামইন', 'mithamoin.kishoreganj.gov.bd', NULL, NULL, NULL, NULL, NULL),
(357, 6, 45, 'Nikli', 'নিকলী', 'nikli.kishoreganj.gov.bd', NULL, NULL, NULL, NULL, NULL),
(358, 6, 46, 'Harirampur', 'হরিরামপুর', 'harirampur.manikganj.gov.bd', NULL, NULL, NULL, NULL, NULL),
(359, 6, 46, 'Saturia', 'সাটুরিয়া', 'saturia.manikganj.gov.bd', NULL, NULL, NULL, NULL, NULL),
(360, 6, 46, 'Manikganj Sadar', 'মানিকগঞ্জ সদর', 'sadar.manikganj.gov.bd', NULL, NULL, NULL, NULL, NULL),
(361, 6, 46, 'Gior', 'ঘিওর', 'gior.manikganj.gov.bd', NULL, NULL, NULL, NULL, NULL),
(362, 6, 46, 'Shibaloy', 'শিবালয়', 'shibaloy.manikganj.gov.bd', NULL, NULL, NULL, NULL, NULL),
(363, 6, 46, 'Doulatpur', 'দৌলতপুর', 'doulatpur.manikganj.gov.bd', NULL, NULL, NULL, NULL, NULL),
(364, 6, 46, 'Singiar', 'সিংগাইর', 'singiar.manikganj.gov.bd', NULL, NULL, NULL, NULL, NULL),
(365, 6, 47, 'Savar', 'সাভার', 'savar.dhaka.gov.bd', NULL, NULL, NULL, NULL, NULL),
(366, 6, 47, 'Dhamrai', 'ধামরাই', 'dhamrai.dhaka.gov.bd', NULL, NULL, NULL, NULL, NULL),
(367, 6, 47, 'Keraniganj', 'কেরাণীগঞ্জ', 'keraniganj.dhaka.gov.bd', NULL, NULL, NULL, NULL, NULL),
(368, 6, 47, 'Nawabganj', 'নবাবগঞ্জ', 'nawabganj.dhaka.gov.bd', NULL, NULL, NULL, NULL, NULL),
(369, 6, 47, 'Dohar', 'দোহার', 'dohar.dhaka.gov.bd', NULL, NULL, NULL, NULL, NULL),
(370, 6, 48, 'Munshiganj Sadar', 'মুন্সিগঞ্জ সদর', 'sadar.munshiganj.gov.bd', NULL, NULL, NULL, NULL, NULL),
(371, 6, 48, 'Sreenagar', 'শ্রীনগর', 'sreenagar.munshiganj.gov.bd', NULL, NULL, NULL, NULL, NULL),
(372, 6, 48, 'Sirajdikhan', 'সিরাজদিখান', 'sirajdikhan.munshiganj.gov.bd', NULL, NULL, NULL, NULL, NULL),
(373, 6, 48, 'Louhajanj', 'লৌহজং', 'louhajanj.munshiganj.gov.bd', NULL, NULL, NULL, NULL, NULL),
(374, 6, 48, 'Gajaria', 'গজারিয়া', 'gajaria.munshiganj.gov.bd', NULL, NULL, NULL, NULL, NULL),
(375, 6, 48, 'Tongibari', 'টংগীবাড়ি', 'tongibari.munshiganj.gov.bd', NULL, NULL, NULL, NULL, NULL),
(376, 6, 49, 'Rajbari Sadar', 'রাজবাড়ী সদর', 'sadar.rajbari.gov.bd', NULL, NULL, NULL, NULL, NULL),
(377, 6, 49, 'Goalanda', 'গোয়ালন্দ', 'goalanda.rajbari.gov.bd', NULL, NULL, NULL, NULL, NULL),
(378, 6, 49, 'Pangsa', 'পাংশা', 'pangsa.rajbari.gov.bd', NULL, NULL, NULL, NULL, NULL),
(379, 6, 49, 'Baliakandi', 'বালিয়াকান্দি', 'baliakandi.rajbari.gov.bd', NULL, NULL, NULL, NULL, NULL),
(380, 6, 49, 'Kalukhali', 'কালুখালী', 'kalukhali.rajbari.gov.bd', NULL, NULL, NULL, NULL, NULL),
(381, 6, 50, 'Madaripur Sadar', 'মাদারীপুর সদর', 'sadar.madaripur.gov.bd', NULL, NULL, NULL, NULL, NULL),
(382, 6, 50, 'Shibchar', 'শিবচর', 'shibchar.madaripur.gov.bd', NULL, NULL, NULL, NULL, NULL),
(383, 6, 50, 'Kalkini', 'কালকিনি', 'kalkini.madaripur.gov.bd', NULL, NULL, NULL, NULL, NULL),
(384, 6, 50, 'Rajoir', 'রাজৈর', 'rajoir.madaripur.gov.bd', NULL, NULL, NULL, NULL, NULL),
(385, 6, 51, 'Gopalganj Sadar', 'গোপালগঞ্জ সদর', 'sadar.gopalganj.gov.bd', NULL, NULL, NULL, NULL, NULL),
(386, 6, 51, 'Kashiani', 'কাশিয়ানী', 'kashiani.gopalganj.gov.bd', NULL, NULL, NULL, NULL, NULL),
(387, 6, 51, 'Tungipara', 'টুংগীপাড়া', 'tungipara.gopalganj.gov.bd', NULL, NULL, NULL, NULL, NULL),
(388, 6, 51, 'Kotalipara', 'কোটালীপাড়া', 'kotalipara.gopalganj.gov.bd', NULL, NULL, NULL, NULL, NULL),
(389, 6, 51, 'Muksudpur', 'মুকসুদপুর', 'muksudpur.gopalganj.gov.bd', NULL, NULL, NULL, NULL, NULL),
(390, 6, 52, 'Faridpur Sadar', 'ফরিদপুর সদর', 'sadar.faridpur.gov.bd', NULL, NULL, NULL, NULL, NULL),
(391, 6, 52, 'Alfadanga', 'আলফাডাঙ্গা', 'alfadanga.faridpur.gov.bd', NULL, NULL, NULL, NULL, NULL),
(392, 6, 52, 'Boalmari', 'বোয়ালমারী', 'boalmari.faridpur.gov.bd', NULL, NULL, NULL, NULL, NULL),
(393, 6, 52, 'Sadarpur', 'সদরপুর', 'sadarpur.faridpur.gov.bd', NULL, NULL, NULL, NULL, NULL),
(394, 6, 52, 'Nagarkanda', 'নগরকান্দা', 'nagarkanda.faridpur.gov.bd', NULL, NULL, NULL, NULL, NULL),
(395, 6, 52, 'Bhanga', 'ভাঙ্গা', 'bhanga.faridpur.gov.bd', NULL, NULL, NULL, NULL, NULL),
(396, 6, 52, 'Charbhadrasan', 'চরভদ্রাসন', 'charbhadrasan.faridpur.gov.bd', NULL, NULL, NULL, NULL, NULL),
(397, 6, 52, 'Madhukhali', 'মধুখালী', 'madhukhali.faridpur.gov.bd', NULL, NULL, NULL, NULL, NULL),
(398, 6, 52, 'Saltha', 'সালথা', 'saltha.faridpur.gov.bd', NULL, NULL, NULL, NULL, NULL),
(399, 7, 53, 'Panchagarh Sadar', 'পঞ্চগড় সদর', 'panchagarhsadar.panchagarh.gov.bd', NULL, NULL, NULL, NULL, NULL),
(400, 7, 53, 'Debiganj', 'দেবীগঞ্জ', 'debiganj.panchagarh.gov.bd', NULL, NULL, NULL, NULL, NULL),
(401, 7, 53, 'Boda', 'বোদা', 'boda.panchagarh.gov.bd', NULL, NULL, NULL, NULL, NULL),
(402, 7, 53, 'Atwari', 'আটোয়ারী', 'atwari.panchagarh.gov.bd', NULL, NULL, NULL, NULL, NULL),
(403, 7, 53, 'Tetulia', 'তেতুলিয়া', 'tetulia.panchagarh.gov.bd', NULL, NULL, NULL, NULL, NULL),
(404, 7, 54, 'Nawabganj', 'নবাবগঞ্জ', 'nawabganj.dinajpur.gov.bd', NULL, NULL, NULL, NULL, NULL),
(405, 7, 54, 'Birganj', 'বীরগঞ্জ', 'birganj.dinajpur.gov.bd', NULL, NULL, NULL, NULL, NULL),
(406, 7, 54, 'Ghoraghat', 'ঘোড়াঘাট', 'ghoraghat.dinajpur.gov.bd', NULL, NULL, NULL, NULL, NULL),
(407, 7, 54, 'Birampur', 'বিরামপুর', 'birampur.dinajpur.gov.bd', NULL, NULL, NULL, NULL, NULL),
(408, 7, 54, 'Parbatipur', 'পার্বতীপুর', 'parbatipur.dinajpur.gov.bd', NULL, NULL, NULL, NULL, NULL),
(409, 7, 54, 'Bochaganj', 'বোচাগঞ্জ', 'bochaganj.dinajpur.gov.bd', NULL, NULL, NULL, NULL, NULL),
(410, 7, 54, 'Kaharol', 'কাহারোল', 'kaharol.dinajpur.gov.bd', NULL, NULL, NULL, NULL, NULL),
(411, 7, 54, 'Fulbari', 'ফুলবাড়ী', 'fulbari.dinajpur.gov.bd', NULL, NULL, NULL, NULL, NULL),
(412, 7, 54, 'Dinajpur Sadar', 'দিনাজপুর সদর', 'dinajpursadar.dinajpur.gov.bd', NULL, NULL, NULL, NULL, NULL),
(413, 7, 54, 'Hakimpur', 'হাকিমপুর', 'hakimpur.dinajpur.gov.bd', NULL, NULL, NULL, NULL, NULL),
(414, 7, 54, 'Khansama', 'খানসামা', 'khansama.dinajpur.gov.bd', NULL, NULL, NULL, NULL, NULL),
(415, 7, 54, 'Birol', 'বিরল', 'birol.dinajpur.gov.bd', NULL, NULL, NULL, NULL, NULL),
(416, 7, 54, 'Chirirbandar', 'চিরিরবন্দর', 'chirirbandar.dinajpur.gov.bd', NULL, NULL, NULL, NULL, NULL),
(417, 7, 55, 'Lalmonirhat Sadar', 'লালমনিরহাট সদর', 'sadar.lalmonirhat.gov.bd', NULL, NULL, NULL, NULL, NULL),
(418, 7, 55, 'Kaliganj', 'কালীগঞ্জ', 'kaliganj.lalmonirhat.gov.bd', NULL, NULL, NULL, NULL, NULL),
(419, 7, 55, 'Hatibandha', 'হাতীবান্ধা', 'hatibandha.lalmonirhat.gov.bd', NULL, NULL, NULL, NULL, NULL),
(420, 7, 55, 'Patgram', 'পাটগ্রাম', 'patgram.lalmonirhat.gov.bd', NULL, NULL, NULL, NULL, NULL),
(421, 7, 55, 'Aditmari', 'আদিতমারী', 'aditmari.lalmonirhat.gov.bd', NULL, NULL, NULL, NULL, NULL),
(422, 7, 56, 'Syedpur', 'সৈয়দপুর', 'syedpur.nilphamari.gov.bd', NULL, NULL, NULL, NULL, NULL),
(423, 7, 56, 'Domar', 'ডোমার', 'domar.nilphamari.gov.bd', NULL, NULL, NULL, NULL, NULL),
(424, 7, 56, 'Dimla', 'ডিমলা', 'dimla.nilphamari.gov.bd', NULL, NULL, NULL, NULL, NULL),
(425, 7, 56, 'Jaldhaka', 'জলঢাকা', 'jaldhaka.nilphamari.gov.bd', NULL, NULL, NULL, NULL, NULL),
(426, 7, 56, 'Kishorganj', 'কিশোরগঞ্জ', 'kishorganj.nilphamari.gov.bd', NULL, NULL, NULL, NULL, NULL),
(427, 7, 56, 'Nilphamari Sadar', 'নীলফামারী সদর', 'nilphamarisadar.nilphamari.gov.bd', NULL, NULL, NULL, NULL, NULL),
(428, 7, 57, 'Sadullapur', 'সাদুল্লাপুর', 'sadullapur.gaibandha.gov.bd', NULL, NULL, NULL, NULL, NULL),
(429, 7, 57, 'Gaibandha Sadar', 'গাইবান্ধা সদর', 'gaibandhasadar.gaibandha.gov.bd', NULL, NULL, NULL, NULL, NULL),
(430, 7, 57, 'Palashbari', 'পলাশবাড়ী', 'palashbari.gaibandha.gov.bd', NULL, NULL, NULL, NULL, NULL),
(431, 7, 57, 'Saghata', 'সাঘাটা', 'saghata.gaibandha.gov.bd', NULL, NULL, NULL, NULL, NULL),
(432, 7, 57, 'Gobindaganj', 'গোবিন্দগঞ্জ', 'gobindaganj.gaibandha.gov.bd', NULL, NULL, NULL, NULL, NULL),
(433, 7, 57, 'Sundarganj', 'সুন্দরগঞ্জ', 'sundarganj.gaibandha.gov.bd', NULL, NULL, NULL, NULL, NULL),
(434, 7, 57, 'Phulchari', 'ফুলছড়ি', 'phulchari.gaibandha.gov.bd', NULL, NULL, NULL, NULL, NULL),
(435, 7, 58, 'Thakurgaon Sadar', 'ঠাকুরগাঁও সদর', 'thakurgaonsadar.thakurgaon.gov.bd', NULL, NULL, NULL, NULL, NULL),
(436, 7, 58, 'Pirganj', 'পীরগঞ্জ', 'pirganj.thakurgaon.gov.bd', NULL, NULL, NULL, NULL, NULL),
(437, 7, 58, 'Ranisankail', 'রাণীশংকৈল', 'ranisankail.thakurgaon.gov.bd', NULL, NULL, NULL, NULL, NULL),
(438, 7, 58, 'Haripur', 'হরিপুর', 'haripur.thakurgaon.gov.bd', NULL, NULL, NULL, NULL, NULL),
(439, 7, 58, 'Baliadangi', 'বালিয়াডাঙ্গী', 'baliadangi.thakurgaon.gov.bd', NULL, NULL, NULL, NULL, NULL),
(440, 7, 59, 'Rangpur Sadar', 'রংপুর সদর', 'rangpursadar.rangpur.gov.bd', NULL, NULL, NULL, NULL, NULL),
(441, 7, 59, 'Gangachara', 'গংগাচড়া', 'gangachara.rangpur.gov.bd', NULL, NULL, NULL, NULL, NULL),
(442, 7, 59, 'Taragonj', 'তারাগঞ্জ', 'taragonj.rangpur.gov.bd', NULL, NULL, NULL, NULL, NULL),
(443, 7, 59, 'Badargonj', 'বদরগঞ্জ', 'badargonj.rangpur.gov.bd', NULL, NULL, NULL, NULL, NULL),
(444, 7, 59, 'Mithapukur', 'মিঠাপুকুর', 'mithapukur.rangpur.gov.bd', NULL, NULL, NULL, NULL, NULL),
(445, 7, 59, 'Pirgonj', 'পীরগঞ্জ', 'pirgonj.rangpur.gov.bd', NULL, NULL, NULL, NULL, NULL),
(446, 7, 59, 'Kaunia', 'কাউনিয়া', 'kaunia.rangpur.gov.bd', NULL, NULL, NULL, NULL, NULL),
(447, 7, 59, 'Pirgacha', 'পীরগাছা', 'pirgacha.rangpur.gov.bd', NULL, NULL, NULL, NULL, NULL),
(448, 7, 60, 'Kurigram Sadar', 'কুড়িগ্রাম সদর', 'kurigramsadar.kurigram.gov.bd', NULL, NULL, NULL, NULL, NULL),
(449, 7, 60, 'Nageshwari', 'নাগেশ্বরী', 'nageshwari.kurigram.gov.bd', NULL, NULL, NULL, NULL, NULL),
(450, 7, 60, 'Bhurungamari', 'ভুরুঙ্গামারী', 'bhurungamari.kurigram.gov.bd', NULL, NULL, NULL, NULL, NULL),
(451, 7, 60, 'Phulbari', 'ফুলবাড়ী', 'phulbari.kurigram.gov.bd', NULL, NULL, NULL, NULL, NULL),
(452, 7, 60, 'Rajarhat', 'রাজারহাট', 'rajarhat.kurigram.gov.bd', NULL, NULL, NULL, NULL, NULL),
(453, 7, 60, 'Ulipur', 'উলিপুর', 'ulipur.kurigram.gov.bd', NULL, NULL, NULL, NULL, NULL),
(454, 7, 60, 'Chilmari', 'চিলমারী', 'chilmari.kurigram.gov.bd', NULL, NULL, NULL, NULL, NULL),
(455, 7, 60, 'Rowmari', 'রৌমারী', 'rowmari.kurigram.gov.bd', NULL, NULL, NULL, NULL, NULL),
(456, 7, 60, 'Charrajibpur', 'চর রাজিবপুর', 'charrajibpur.kurigram.gov.bd', NULL, NULL, NULL, NULL, NULL),
(457, 8, 61, 'Sherpur Sadar', 'শেরপুর সদর', 'sherpursadar.sherpur.gov.bd', NULL, NULL, NULL, NULL, NULL),
(458, 8, 61, 'Nalitabari', 'নালিতাবাড়ী', 'nalitabari.sherpur.gov.bd', NULL, NULL, NULL, NULL, NULL),
(459, 8, 61, 'Sreebordi', 'শ্রীবরদী', 'sreebordi.sherpur.gov.bd', NULL, NULL, NULL, NULL, NULL),
(460, 8, 61, 'Nokla', 'নকলা', 'nokla.sherpur.gov.bd', NULL, NULL, NULL, NULL, NULL),
(461, 8, 61, 'Jhenaigati', 'ঝিনাইগাতী', 'jhenaigati.sherpur.gov.bd', NULL, NULL, NULL, NULL, NULL),
(462, 8, 62, 'Fulbaria', 'ফুলবাড়ীয়া', 'fulbaria.mymensingh.gov.bd', NULL, NULL, NULL, NULL, NULL),
(463, 8, 62, 'Trishal', 'ত্রিশাল', 'trishal.mymensingh.gov.bd', NULL, NULL, NULL, NULL, NULL),
(464, 8, 62, 'Bhaluka', 'ভালুকা', 'bhaluka.mymensingh.gov.bd', NULL, NULL, NULL, NULL, NULL),
(465, 8, 62, 'Muktagacha', 'মুক্তাগাছা', 'muktagacha.mymensingh.gov.bd', NULL, NULL, NULL, NULL, NULL),
(466, 8, 62, 'Mymensingh Sadar', 'ময়মনসিংহ সদর', 'mymensinghsadar.mymensingh.gov.bd', NULL, NULL, NULL, NULL, NULL),
(467, 8, 62, 'Dhobaura', 'ধোবাউড়া', 'dhobaura.mymensingh.gov.bd', NULL, NULL, NULL, NULL, NULL),
(468, 8, 62, 'Phulpur', 'ফুলপুর', 'phulpur.mymensingh.gov.bd', NULL, NULL, NULL, NULL, NULL),
(469, 8, 62, 'Haluaghat', 'হালুয়াঘাট', 'haluaghat.mymensingh.gov.bd', NULL, NULL, NULL, NULL, NULL),
(470, 8, 62, 'Gouripur', 'গৌরীপুর', 'gouripur.mymensingh.gov.bd', NULL, NULL, NULL, NULL, NULL),
(471, 8, 62, 'Gafargaon', 'গফরগাঁও', 'gafargaon.mymensingh.gov.bd', NULL, NULL, NULL, NULL, NULL),
(472, 8, 62, 'Iswarganj', 'ঈশ্বরগঞ্জ', 'iswarganj.mymensingh.gov.bd', NULL, NULL, NULL, NULL, NULL),
(473, 8, 62, 'Nandail', 'নান্দাইল', 'nandail.mymensingh.gov.bd', NULL, NULL, NULL, NULL, NULL),
(474, 8, 62, 'Tarakanda', 'তারাকান্দা', 'tarakanda.mymensingh.gov.bd', NULL, NULL, NULL, NULL, NULL),
(475, 8, 63, 'Jamalpur Sadar', 'জামালপুর সদর', 'jamalpursadar.jamalpur.gov.bd', NULL, NULL, NULL, NULL, NULL),
(476, 8, 63, 'Melandah', 'মেলান্দহ', 'melandah.jamalpur.gov.bd', NULL, NULL, NULL, NULL, NULL),
(477, 8, 63, 'Islampur', 'ইসলামপুর', 'islampur.jamalpur.gov.bd', NULL, NULL, NULL, NULL, NULL),
(478, 8, 63, 'Dewangonj', 'দেওয়ানগঞ্জ', 'dewangonj.jamalpur.gov.bd', NULL, NULL, NULL, NULL, NULL),
(479, 8, 63, 'Sarishabari', 'সরিষাবাড়ী', 'sarishabari.jamalpur.gov.bd', NULL, NULL, NULL, NULL, NULL),
(480, 8, 63, 'Madarganj', 'মাদারগঞ্জ', 'madarganj.jamalpur.gov.bd', NULL, NULL, NULL, NULL, NULL),
(481, 8, 63, 'Bokshiganj', 'বকশীগঞ্জ', 'bokshiganj.jamalpur.gov.bd', NULL, NULL, NULL, NULL, NULL),
(482, 8, 64, 'Barhatta', 'বারহাট্টা', 'barhatta.netrokona.gov.bd', NULL, NULL, NULL, NULL, NULL),
(483, 8, 64, 'Durgapur', 'দুর্গাপুর', 'durgapur.netrokona.gov.bd', NULL, NULL, NULL, NULL, NULL),
(484, 8, 64, 'Kendua', 'কেন্দুয়া', 'kendua.netrokona.gov.bd', NULL, NULL, NULL, NULL, NULL),
(485, 8, 64, 'Atpara', 'আটপাড়া', 'atpara.netrokona.gov.bd', NULL, NULL, NULL, NULL, NULL),
(486, 8, 64, 'Madan', 'মদন', 'madan.netrokona.gov.bd', NULL, NULL, NULL, NULL, NULL),
(487, 8, 64, 'Khaliajuri', 'খালিয়াজুরী', 'khaliajuri.netrokona.gov.bd', NULL, NULL, NULL, NULL, NULL),
(488, 8, 64, 'Kalmakanda', 'কলমাকান্দা', 'kalmakanda.netrokona.gov.bd', NULL, NULL, NULL, NULL, NULL),
(489, 8, 64, 'Mohongonj', 'মোহনগঞ্জ', 'mohongonj.netrokona.gov.bd', NULL, NULL, NULL, NULL, NULL),
(490, 8, 64, 'Purbadhala', 'পূর্বধলা', 'purbadhala.netrokona.gov.bd', NULL, NULL, NULL, NULL, NULL),
(491, 8, 64, 'Netrokona Sadar', 'নেত্রকোণা সদর', 'netrokonasadar.netrokona.gov.bd', NULL, NULL, NULL, NULL, NULL),
(492, 1, 9, 'Eidgaon', 'ঈদগাঁও', 'null', NULL, NULL, NULL, NULL, NULL),
(493, 5, 39, 'Madhyanagar', 'মধ্যনগর', 'null', NULL, NULL, NULL, NULL, NULL),
(494, 6, 50, 'Dasar', 'ডাসার', 'null', NULL, NULL, NULL, NULL, NULL);

-- --------------------------------------------------------

--
-- Table structure for table `videos`
--

CREATE TABLE `videos` (
  `id` int(11) NOT NULL,
  `scope_id` int(11) NOT NULL,
  `video_date` date NOT NULL,
  `video_title` text NOT NULL,
  `video_short_name` varchar(64) DEFAULT NULL,
  `video_description` text DEFAULT NULL,
  `upload_file` varchar(125) DEFAULT NULL,
  `video_url` text DEFAULT NULL,
  `main_domain` varchar(64) DEFAULT NULL,
  `created_by` int(11) DEFAULT NULL,
  `updated_by` int(11) DEFAULT NULL,
  `created_at` timestamp NULL DEFAULT NULL,
  `updated_at` timestamp NULL DEFAULT NULL,
  `deleted_at` timestamp NULL DEFAULT NULL
) ENGINE=InnoDB DEFAULT CHARSET=utf8 COLLATE=utf8_general_ci;

--
-- Dumping data for table `videos`
--

INSERT INTO `videos` (`id`, `scope_id`, `video_date`, `video_title`, `video_short_name`, `video_description`, `upload_file`, `video_url`, `main_domain`, `created_by`, `updated_by`, `created_at`, `updated_at`, `deleted_at`) VALUES
(1, 13, '2024-01-16', 'dsfsadfd', NULL, NULL, NULL, NULL, '127.0.0.1', 1, 1, '2024-01-16 05:28:57', '2024-01-16 05:50:17', NULL),
(2, 13, '2024-01-16', 'fgfdsadfgs', NULL, NULL, '/uploads/13/videos/shorts_mahadev_movie_shooting_in_nellore_atmakur_1705405798.mp4', NULL, '127.0.0.1', 1, 1, '2024-01-16 05:46:13', '2024-01-16 05:49:58', NULL);

--
-- Indexes for dumped tables
--

--
-- Indexes for table `academic_classes`
--
ALTER TABLE `academic_classes`
  ADD PRIMARY KEY (`id`);

--
-- Indexes for table `academic_groups`
--
ALTER TABLE `academic_groups`
  ADD PRIMARY KEY (`id`);

--
-- Indexes for table `academic_sections`
--
ALTER TABLE `academic_sections`
  ADD PRIMARY KEY (`id`);

--
-- Indexes for table `achieves`
--
ALTER TABLE `achieves`
  ADD PRIMARY KEY (`id`);

--
-- Indexes for table `batchs`
--
ALTER TABLE `batchs`
  ADD PRIMARY KEY (`id`);

--
-- Indexes for table `blood_group_names`
--
ALTER TABLE `blood_group_names`
  ADD PRIMARY KEY (`id`);

--
-- Indexes for table `cadet_infos`
--
ALTER TABLE `cadet_infos`
  ADD PRIMARY KEY (`id`);

--
-- Indexes for table `classes`
--
ALTER TABLE `classes`
  ADD PRIMARY KEY (`id`);

--
-- Indexes for table `class_wise_collections`
--
ALTER TABLE `class_wise_collections`
  ADD PRIMARY KEY (`id`);

--
-- Indexes for table `class_wise_collection_details`
--
ALTER TABLE `class_wise_collection_details`
  ADD PRIMARY KEY (`id`);

--
-- Indexes for table `collection_categories`
--
ALTER TABLE `collection_categories`
  ADD PRIMARY KEY (`id`);

--
-- Indexes for table `collection_heads`
--
ALTER TABLE `collection_heads`
  ADD PRIMARY KEY (`id`);

--
-- Indexes for table `company`
--
ALTER TABLE `company`
  ADD PRIMARY KEY (`id`);

--
-- Indexes for table `contacts`
--
ALTER TABLE `contacts`
  ADD PRIMARY KEY (`id`);

--
-- Indexes for table `countries`
--
ALTER TABLE `countries`
  ADD PRIMARY KEY (`id`);

--
-- Indexes for table `degree_names`
--
ALTER TABLE `degree_names`
  ADD PRIMARY KEY (`id`);

--
-- Indexes for table `departments`
--
ALTER TABLE `departments`
  ADD PRIMARY KEY (`id`);

--
-- Indexes for table `designations`
--
ALTER TABLE `designations`
  ADD PRIMARY KEY (`id`);

--
-- Indexes for table `designation_fors`
--
ALTER TABLE `designation_fors`
  ADD PRIMARY KEY (`id`);

--
-- Indexes for table `districts`
--
ALTER TABLE `districts`
  ADD PRIMARY KEY (`id`),
  ADD KEY `division_id` (`division_id`);

--
-- Indexes for table `divisions`
--
ALTER TABLE `divisions`
  ADD PRIMARY KEY (`id`);

--
-- Indexes for table `education_names`
--
ALTER TABLE `education_names`
  ADD PRIMARY KEY (`id`);

--
-- Indexes for table `employee_address_informations`
--
ALTER TABLE `employee_address_informations`
  ADD PRIMARY KEY (`id`);

--
-- Indexes for table `employee_basic_informations`
--
ALTER TABLE `employee_basic_informations`
  ADD PRIMARY KEY (`id`);

--
-- Indexes for table `employee_categories`
--
ALTER TABLE `employee_categories`
  ADD PRIMARY KEY (`id`);

--
-- Indexes for table `employee_document_informations`
--
ALTER TABLE `employee_document_informations`
  ADD PRIMARY KEY (`id`);

--
-- Indexes for table `employee_education_informations`
--
ALTER TABLE `employee_education_informations`
  ADD PRIMARY KEY (`id`);

--
-- Indexes for table `employee_family_informations`
--
ALTER TABLE `employee_family_informations`
  ADD PRIMARY KEY (`id`);

--
-- Indexes for table `employee_personal_informations`
--
ALTER TABLE `employee_personal_informations`
  ADD PRIMARY KEY (`id`);

--
-- Indexes for table `employee_punishment_categories`
--
ALTER TABLE `employee_punishment_categories`
  ADD PRIMARY KEY (`id`);

--
-- Indexes for table `employee_training_tour_visit`
--
ALTER TABLE `employee_training_tour_visit`
  ADD PRIMARY KEY (`id`);

--
-- Indexes for table `events`
--
ALTER TABLE `events`
  ADD PRIMARY KEY (`id`);

--
-- Indexes for table `ex_cadet_activities`
--
ALTER TABLE `ex_cadet_activities`
  ADD PRIMARY KEY (`id`);

--
-- Indexes for table `institute_names`
--
ALTER TABLE `institute_names`
  ADD PRIMARY KEY (`id`);

--
-- Indexes for table `items`
--
ALTER TABLE `items`
  ADD PRIMARY KEY (`id`);

--
-- Indexes for table `ltm_translations`
--
ALTER TABLE `ltm_translations`
  ADD PRIMARY KEY (`id`);

--
-- Indexes for table `medical_categories`
--
ALTER TABLE `medical_categories`
  ADD PRIMARY KEY (`id`);

--
-- Indexes for table `menus`
--
ALTER TABLE `menus`
  ADD PRIMARY KEY (`id`);

--
-- Indexes for table `messages`
--
ALTER TABLE `messages`
  ADD PRIMARY KEY (`id`);

--
-- Indexes for table `migrations`
--
ALTER TABLE `migrations`
  ADD PRIMARY KEY (`id`);

--
-- Indexes for table `nationality_names`
--
ALTER TABLE `nationality_names`
  ADD PRIMARY KEY (`id`);

--
-- Indexes for table `newses`
--
ALTER TABLE `newses`
  ADD PRIMARY KEY (`id`);

--
-- Indexes for table `notices`
--
ALTER TABLE `notices`
  ADD PRIMARY KEY (`id`);

--
-- Indexes for table `oauth_access_tokens`
--
ALTER TABLE `oauth_access_tokens`
  ADD PRIMARY KEY (`id`),
  ADD KEY `oauth_access_tokens_user_id_index` (`user_id`);

--
-- Indexes for table `oauth_auth_codes`
--
ALTER TABLE `oauth_auth_codes`
  ADD PRIMARY KEY (`id`),
  ADD KEY `oauth_auth_codes_user_id_index` (`user_id`);

--
-- Indexes for table `oauth_clients`
--
ALTER TABLE `oauth_clients`
  ADD PRIMARY KEY (`id`),
  ADD KEY `oauth_clients_user_id_index` (`user_id`);

--
-- Indexes for table `oauth_personal_access_clients`
--
ALTER TABLE `oauth_personal_access_clients`
  ADD PRIMARY KEY (`id`);

--
-- Indexes for table `oauth_refresh_tokens`
--
ALTER TABLE `oauth_refresh_tokens`
  ADD PRIMARY KEY (`id`),
  ADD KEY `oauth_refresh_tokens_access_token_id_index` (`access_token_id`);

--
-- Indexes for table `offices`
--
ALTER TABLE `offices`
  ADD PRIMARY KEY (`id`);

--
-- Indexes for table `office_types`
--
ALTER TABLE `office_types`
  ADD PRIMARY KEY (`id`);

--
-- Indexes for table `password_resets`
--
ALTER TABLE `password_resets`
  ADD KEY `password_resets_email_index` (`email`);

--
-- Indexes for table `permissions`
--
ALTER TABLE `permissions`
  ADD PRIMARY KEY (`id`);

--
-- Indexes for table `permission_role`
--
ALTER TABLE `permission_role`
  ADD KEY `role_id_fk_334959` (`role_id`),
  ADD KEY `permission_id_fk_334959` (`permission_id`);

--
-- Indexes for table `photos`
--
ALTER TABLE `photos`
  ADD PRIMARY KEY (`id`);

--
-- Indexes for table `relation_names`
--
ALTER TABLE `relation_names`
  ADD PRIMARY KEY (`id`);

--
-- Indexes for table `religion_names`
--
ALTER TABLE `religion_names`
  ADD PRIMARY KEY (`id`);

--
-- Indexes for table `roles`
--
ALTER TABLE `roles`
  ADD PRIMARY KEY (`id`);

--
-- Indexes for table `role_user`
--
ALTER TABLE `role_user`
  ADD KEY `user_id_fk_334968` (`user_id`),
  ADD KEY `role_id_fk_334968` (`role_id`);

--
-- Indexes for table `scopes`
--
ALTER TABLE `scopes`
  ADD PRIMARY KEY (`id`);

--
-- Indexes for table `sliders`
--
ALTER TABLE `sliders`
  ADD PRIMARY KEY (`id`);

--
-- Indexes for table `statuses`
--
ALTER TABLE `statuses`
  ADD PRIMARY KEY (`id`);

--
-- Indexes for table `student_wise_collections`
--
ALTER TABLE `student_wise_collections`
  ADD PRIMARY KEY (`id`);

--
-- Indexes for table `training_names`
--
ALTER TABLE `training_names`
  ADD PRIMARY KEY (`id`);

--
-- Indexes for table `training_types`
--
ALTER TABLE `training_types`
  ADD PRIMARY KEY (`id`);

--
-- Indexes for table `upazilas`
--
ALTER TABLE `upazilas`
  ADD PRIMARY KEY (`id`),
  ADD KEY `district_id` (`district_id`);

--
-- Indexes for table `videos`
--
ALTER TABLE `videos`
  ADD PRIMARY KEY (`id`);

--
-- AUTO_INCREMENT for dumped tables
--

--
-- AUTO_INCREMENT for table `academic_classes`
--
ALTER TABLE `academic_classes`
  MODIFY `id` int(11) NOT NULL AUTO_INCREMENT, AUTO_INCREMENT=4;

--
-- AUTO_INCREMENT for table `academic_groups`
--
ALTER TABLE `academic_groups`
  MODIFY `id` int(11) NOT NULL AUTO_INCREMENT, AUTO_INCREMENT=2;

--
-- AUTO_INCREMENT for table `academic_sections`
--
ALTER TABLE `academic_sections`
  MODIFY `id` int(11) NOT NULL AUTO_INCREMENT, AUTO_INCREMENT=4;

--
-- AUTO_INCREMENT for table `achieves`
--
ALTER TABLE `achieves`
  MODIFY `id` int(11) NOT NULL AUTO_INCREMENT, AUTO_INCREMENT=14;

--
-- AUTO_INCREMENT for table `batchs`
--
ALTER TABLE `batchs`
  MODIFY `id` int(11) NOT NULL AUTO_INCREMENT, AUTO_INCREMENT=3;

--
-- AUTO_INCREMENT for table `blood_group_names`
--
ALTER TABLE `blood_group_names`
  MODIFY `id` int(11) NOT NULL AUTO_INCREMENT, AUTO_INCREMENT=9;

--
-- AUTO_INCREMENT for table `cadet_infos`
--
ALTER TABLE `cadet_infos`
  MODIFY `id` int(11) NOT NULL AUTO_INCREMENT, AUTO_INCREMENT=7;

--
-- AUTO_INCREMENT for table `classes`
--
ALTER TABLE `classes`
  MODIFY `id` int(11) NOT NULL AUTO_INCREMENT, AUTO_INCREMENT=5;

--
-- AUTO_INCREMENT for table `class_wise_collections`
--
ALTER TABLE `class_wise_collections`
  MODIFY `id` int(11) NOT NULL AUTO_INCREMENT, AUTO_INCREMENT=3;

--
-- AUTO_INCREMENT for table `class_wise_collection_details`
--
ALTER TABLE `class_wise_collection_details`
  MODIFY `id` int(11) NOT NULL AUTO_INCREMENT, AUTO_INCREMENT=24;

--
-- AUTO_INCREMENT for table `collection_categories`
--
ALTER TABLE `collection_categories`
  MODIFY `id` int(11) NOT NULL AUTO_INCREMENT, AUTO_INCREMENT=3;

--
-- AUTO_INCREMENT for table `collection_heads`
--
ALTER TABLE `collection_heads`
  MODIFY `id` int(11) NOT NULL AUTO_INCREMENT, AUTO_INCREMENT=8;

--
-- AUTO_INCREMENT for table `company`
--
ALTER TABLE `company`
  MODIFY `id` bigint(20) UNSIGNED NOT NULL AUTO_INCREMENT, AUTO_INCREMENT=2;

--
-- AUTO_INCREMENT for table `contacts`
--
ALTER TABLE `contacts`
  MODIFY `id` int(11) NOT NULL AUTO_INCREMENT, AUTO_INCREMENT=2;

--
-- AUTO_INCREMENT for table `countries`
--
ALTER TABLE `countries`
  MODIFY `id` int(11) NOT NULL AUTO_INCREMENT, AUTO_INCREMENT=240;

--
-- AUTO_INCREMENT for table `degree_names`
--
ALTER TABLE `degree_names`
  MODIFY `id` int(11) NOT NULL AUTO_INCREMENT, AUTO_INCREMENT=4;

--
-- AUTO_INCREMENT for table `departments`
--
ALTER TABLE `departments`
  MODIFY `id` int(11) NOT NULL AUTO_INCREMENT, AUTO_INCREMENT=3;

--
-- AUTO_INCREMENT for table `designations`
--
ALTER TABLE `designations`
  MODIFY `id` bigint(20) UNSIGNED NOT NULL AUTO_INCREMENT, AUTO_INCREMENT=7;

--
-- AUTO_INCREMENT for table `designation_fors`
--
ALTER TABLE `designation_fors`
  MODIFY `id` bigint(20) UNSIGNED NOT NULL AUTO_INCREMENT, AUTO_INCREMENT=6;

--
-- AUTO_INCREMENT for table `districts`
--
ALTER TABLE `districts`
  MODIFY `id` int(11) NOT NULL AUTO_INCREMENT, AUTO_INCREMENT=65;

--
-- AUTO_INCREMENT for table `divisions`
--
ALTER TABLE `divisions`
  MODIFY `id` int(11) NOT NULL AUTO_INCREMENT, AUTO_INCREMENT=10;

--
-- AUTO_INCREMENT for table `education_names`
--
ALTER TABLE `education_names`
  MODIFY `id` int(11) NOT NULL AUTO_INCREMENT, AUTO_INCREMENT=4;

--
-- AUTO_INCREMENT for table `employee_address_informations`
--
ALTER TABLE `employee_address_informations`
  MODIFY `id` int(10) UNSIGNED NOT NULL AUTO_INCREMENT, AUTO_INCREMENT=2;

--
-- AUTO_INCREMENT for table `employee_basic_informations`
--
ALTER TABLE `employee_basic_informations`
  MODIFY `id` int(10) UNSIGNED NOT NULL AUTO_INCREMENT, AUTO_INCREMENT=7;

--
-- AUTO_INCREMENT for table `employee_categories`
--
ALTER TABLE `employee_categories`
  MODIFY `id` int(11) NOT NULL AUTO_INCREMENT, AUTO_INCREMENT=3;

--
-- AUTO_INCREMENT for table `employee_document_informations`
--
ALTER TABLE `employee_document_informations`
  MODIFY `id` int(10) UNSIGNED NOT NULL AUTO_INCREMENT, AUTO_INCREMENT=6;

--
-- AUTO_INCREMENT for table `employee_education_informations`
--
ALTER TABLE `employee_education_informations`
  MODIFY `id` int(10) UNSIGNED NOT NULL AUTO_INCREMENT, AUTO_INCREMENT=6;

--
-- AUTO_INCREMENT for table `employee_family_informations`
--
ALTER TABLE `employee_family_informations`
  MODIFY `id` int(10) UNSIGNED NOT NULL AUTO_INCREMENT, AUTO_INCREMENT=6;

--
-- AUTO_INCREMENT for table `employee_personal_informations`
--
ALTER TABLE `employee_personal_informations`
  MODIFY `id` int(10) UNSIGNED NOT NULL AUTO_INCREMENT, AUTO_INCREMENT=4;

--
-- AUTO_INCREMENT for table `employee_punishment_categories`
--
ALTER TABLE `employee_punishment_categories`
  MODIFY `id` int(11) NOT NULL AUTO_INCREMENT, AUTO_INCREMENT=9;

--
-- AUTO_INCREMENT for table `employee_training_tour_visit`
--
ALTER TABLE `employee_training_tour_visit`
  MODIFY `id` int(10) UNSIGNED NOT NULL AUTO_INCREMENT, AUTO_INCREMENT=3;

--
-- AUTO_INCREMENT for table `events`
--
ALTER TABLE `events`
  MODIFY `id` int(11) NOT NULL AUTO_INCREMENT, AUTO_INCREMENT=11;

--
-- AUTO_INCREMENT for table `ex_cadet_activities`
--
ALTER TABLE `ex_cadet_activities`
  MODIFY `id` int(11) NOT NULL AUTO_INCREMENT, AUTO_INCREMENT=14;

--
-- AUTO_INCREMENT for table `institute_names`
--
ALTER TABLE `institute_names`
  MODIFY `id` int(11) NOT NULL AUTO_INCREMENT, AUTO_INCREMENT=4;

--
-- AUTO_INCREMENT for table `items`
--
ALTER TABLE `items`
  MODIFY `id` bigint(20) UNSIGNED NOT NULL AUTO_INCREMENT, AUTO_INCREMENT=7;

--
-- AUTO_INCREMENT for table `ltm_translations`
--
ALTER TABLE `ltm_translations`
  MODIFY `id` bigint(20) NOT NULL AUTO_INCREMENT, AUTO_INCREMENT=1404;

--
-- AUTO_INCREMENT for table `medical_categories`
--
ALTER TABLE `medical_categories`
  MODIFY `id` int(11) NOT NULL AUTO_INCREMENT, AUTO_INCREMENT=3;

--
-- AUTO_INCREMENT for table `menus`
--
ALTER TABLE `menus`
  MODIFY `id` bigint(20) UNSIGNED NOT NULL AUTO_INCREMENT, AUTO_INCREMENT=91;

--
-- AUTO_INCREMENT for table `messages`
--
ALTER TABLE `messages`
  MODIFY `id` int(11) NOT NULL AUTO_INCREMENT, AUTO_INCREMENT=3;

--
-- AUTO_INCREMENT for table `migrations`
--
ALTER TABLE `migrations`
  MODIFY `id` int(10) UNSIGNED NOT NULL AUTO_INCREMENT, AUTO_INCREMENT=22;

--
-- AUTO_INCREMENT for table `nationality_names`
--
ALTER TABLE `nationality_names`
  MODIFY `id` int(11) NOT NULL AUTO_INCREMENT, AUTO_INCREMENT=4;

--
-- AUTO_INCREMENT for table `newses`
--
ALTER TABLE `newses`
  MODIFY `id` int(11) NOT NULL AUTO_INCREMENT, AUTO_INCREMENT=4;

--
-- AUTO_INCREMENT for table `notices`
--
ALTER TABLE `notices`
  MODIFY `id` int(11) NOT NULL AUTO_INCREMENT, AUTO_INCREMENT=3;

--
-- AUTO_INCREMENT for table `oauth_clients`
--
ALTER TABLE `oauth_clients`
  MODIFY `id` bigint(20) UNSIGNED NOT NULL AUTO_INCREMENT;

--
-- AUTO_INCREMENT for table `oauth_personal_access_clients`
--
ALTER TABLE `oauth_personal_access_clients`
  MODIFY `id` bigint(20) UNSIGNED NOT NULL AUTO_INCREMENT;

--
-- AUTO_INCREMENT for table `offices`
--
ALTER TABLE `offices`
  MODIFY `id` int(11) NOT NULL AUTO_INCREMENT, AUTO_INCREMENT=2;

--
-- AUTO_INCREMENT for table `office_types`
--
ALTER TABLE `office_types`
  MODIFY `id` int(11) NOT NULL AUTO_INCREMENT, AUTO_INCREMENT=10;

--
-- AUTO_INCREMENT for table `permissions`
--
ALTER TABLE `permissions`
  MODIFY `id` int(10) UNSIGNED NOT NULL AUTO_INCREMENT, AUTO_INCREMENT=364;

--
-- AUTO_INCREMENT for table `photos`
--
ALTER TABLE `photos`
  MODIFY `id` int(11) NOT NULL AUTO_INCREMENT, AUTO_INCREMENT=13;

--
-- AUTO_INCREMENT for table `relation_names`
--
ALTER TABLE `relation_names`
  MODIFY `id` int(11) NOT NULL AUTO_INCREMENT, AUTO_INCREMENT=4;

--
-- AUTO_INCREMENT for table `religion_names`
--
ALTER TABLE `religion_names`
  MODIFY `id` int(11) NOT NULL AUTO_INCREMENT, AUTO_INCREMENT=5;

--
-- AUTO_INCREMENT for table `roles`
--
ALTER TABLE `roles`
  MODIFY `id` int(10) UNSIGNED NOT NULL AUTO_INCREMENT, AUTO_INCREMENT=5;

--
-- AUTO_INCREMENT for table `scopes`
--
ALTER TABLE `scopes`
  MODIFY `id` int(11) NOT NULL AUTO_INCREMENT, AUTO_INCREMENT=14;

--
-- AUTO_INCREMENT for table `sliders`
--
ALTER TABLE `sliders`
  MODIFY `id` int(11) NOT NULL AUTO_INCREMENT, AUTO_INCREMENT=4;

--
-- AUTO_INCREMENT for table `statuses`
--
ALTER TABLE `statuses`
  MODIFY `id` int(11) NOT NULL AUTO_INCREMENT, AUTO_INCREMENT=3;

--
-- AUTO_INCREMENT for table `student_wise_collections`
--
ALTER TABLE `student_wise_collections`
  MODIFY `id` int(11) NOT NULL AUTO_INCREMENT, AUTO_INCREMENT=6;

--
-- AUTO_INCREMENT for table `training_names`
--
ALTER TABLE `training_names`
  MODIFY `id` int(11) NOT NULL AUTO_INCREMENT, AUTO_INCREMENT=4;

--
-- AUTO_INCREMENT for table `training_types`
--
ALTER TABLE `training_types`
  MODIFY `id` int(11) NOT NULL AUTO_INCREMENT, AUTO_INCREMENT=4;

--
-- AUTO_INCREMENT for table `upazilas`
--
ALTER TABLE `upazilas`
  MODIFY `id` int(11) NOT NULL AUTO_INCREMENT, AUTO_INCREMENT=495;

--
-- AUTO_INCREMENT for table `videos`
--
ALTER TABLE `videos`
  MODIFY `id` int(11) NOT NULL AUTO_INCREMENT, AUTO_INCREMENT=3;

--
-- Constraints for dumped tables
--

--
-- Constraints for table `districts`
--
ALTER TABLE `districts`
  ADD CONSTRAINT `districts_ibfk_2` FOREIGN KEY (`division_id`) REFERENCES `divisions` (`id`) ON DELETE CASCADE ON UPDATE CASCADE;

--
-- Constraints for table `permission_role`
--
ALTER TABLE `permission_role`
  ADD CONSTRAINT `permission_id_fk_334959` FOREIGN KEY (`permission_id`) REFERENCES `permissions` (`id`) ON DELETE CASCADE,
  ADD CONSTRAINT `role_id_fk_334959` FOREIGN KEY (`role_id`) REFERENCES `roles` (`id`) ON DELETE CASCADE;

--
-- Constraints for table `role_user`
--
ALTER TABLE `role_user`
  ADD CONSTRAINT `role_id_fk_334968` FOREIGN KEY (`role_id`) REFERENCES `roles` (`id`) ON DELETE CASCADE,
  ADD CONSTRAINT `user_id_fk_334968` FOREIGN KEY (`user_id`) REFERENCES `users` (`id`) ON DELETE CASCADE;

--
-- Constraints for table `upazilas`
--
ALTER TABLE `upazilas`
  ADD CONSTRAINT `upazilas_ibfk_2` FOREIGN KEY (`district_id`) REFERENCES `districts` (`id`) ON DELETE CASCADE ON UPDATE CASCADE;
COMMIT;

